{"id":285,"date":"2023-01-12T10:05:51","date_gmt":"2023-01-12T10:05:51","guid":{"rendered":"https:\/\/livinghome.vn\/thiet-bi\/?post_type=product&#038;p=285"},"modified":"2024-11-29T14:21:08","modified_gmt":"2024-11-29T07:21:08","slug":"bep-tu-dmestik-ml-921-dki-73cm-2-tu-mat-kinh-kanger","status":"publish","type":"product","link":"https:\/\/livinghome.vn\/thiet-bi\/bep-tu-dmestik-ml-921-dki-73cm-2-tu-mat-kinh-kanger\/","title":{"rendered":"B\u1ebfp T\u1eeb Dmestik ML 921 DKI, 73cm, 2 T\u1eeb, M\u1eb7t K\u00ednh Kanger"},"content":{"rendered":"<h2>B\u1ebfp t\u1eeb Dmestik ML 921 DKI &#8211; Made in Malaysia<\/h2>\n<p>M\u1eb7t k\u00ednh Kanger, 9 m\u1ee9c ch\u1ec9nh nhi\u1ec7t cao c\u1ea5p ch\u1ecbu l\u1ef1c, ch\u1ecbu nhi\u1ec7t, ch\u1ed1ng tr\u1ea7y x\u01b0\u1edbc cao<\/p>\n<figure id=\"attachment_16959\" aria-describedby=\"caption-attachment-16959\" style=\"width: 1200px\" class=\"wp-caption alignnone\"><img loading=\"lazy\" decoding=\"async\" class=\"size-full wp-image-16959\" src=\"https:\/\/livinghome.vn\/thiet-bi\/wp-content\/uploads\/san-pham\/bep-tu\/bep-tu-dmestik\/dmestik-ml-921-dki-1.jpg\" alt=\"B\u1ebfp T\u1eeb Dmestik ML 921 DKI, 73cm, 2 T\u1eeb, M\u1eb7t K\u00ednh Kanger\" width=\"1200\" height=\"800\" title=\"\" srcset=\"https:\/\/livinghome.vn\/thiet-bi\/wp-content\/uploads\/san-pham\/bep-tu\/bep-tu-dmestik\/dmestik-ml-921-dki-1.jpg 1200w, https:\/\/livinghome.vn\/thiet-bi\/wp-content\/uploads\/san-pham\/bep-tu\/bep-tu-dmestik\/dmestik-ml-921-dki-1-600x400.jpg 600w, https:\/\/livinghome.vn\/thiet-bi\/wp-content\/uploads\/san-pham\/bep-tu\/bep-tu-dmestik\/dmestik-ml-921-dki-1-768x512.jpg 768w\" sizes=\"auto, (max-width: 1200px) 100vw, 1200px\" \/><figcaption id=\"caption-attachment-16959\" class=\"wp-caption-text\">B\u1ebfp T\u1eeb Dmestik ML 921 DKI, 73cm, 2 T\u1eeb, M\u1eb7t K\u00ednh Kanger<\/figcaption><\/figure>\n<h3>Gi\u1eddi thi\u1ec7u s\u1ea3n ph\u1ea9m<\/h3>\n<ul>\n<li>Ph\u00e2n lo\u1ea1i : <a href=\"https:\/\/livinghome.vn\/thiet-bi\/bep-tu\/\"><strong>B\u1ebfp t\u1eeb<\/strong><\/a> 2 v\u00f9ng n\u1ea5u<\/li>\n<li>M\u1eb7t k\u00ednh Kanger ch\u1ecbu l\u1ef1c, ch\u1ecbu nhi\u1ec7t, ch\u1ed1ng tr\u1ea7y x\u01b0\u1edbc cao\u00a0v\u00e1t 4 m\u1eb7t<\/li>\n<li>B\u1ea3ng \u0111i\u1ec1u khi\u1ec3n c\u1ea3m \u1ee9ng d\u1ea1ng tr\u01b0\u1ee3t slider<\/li>\n<li>T\u1ef1 \u0111\u1ed9ng nh\u1eadn di\u1ec7n n\u1ed3i v\u00e0 k\u00edch c\u1ee1 n\u1ed3i<\/li>\n<li>9 m\u1ee9c \u0111i\u1ec1u ch\u1ec9nh nhi\u1ec7t + booster<\/li>\n<li>C\u00f4ng ngh\u1ec7 inverter ti\u1ebft ki\u1ec7m \u0111i\u1ec7n<\/li>\n<li>Ch\u1ee9c n\u0103ng chi\u00ean x\u00e0o, \u1ee7 \u1ea5m<\/li>\n<li>Kh\u00f3a an to\u00e0n cho tr\u1ebb em<\/li>\n<li>Ch\u1ee9c n\u0103ng h\u1eb9n gi\u1edd n\u1ea5u tr\u00ean t\u1eebng b\u1ebfp<\/li>\n<li>Ch\u1ee9c n\u0103ng c\u1ea3nh b\u00e1o ch\u1ed1ng tr\u00e0n<\/li>\n<li>C\u1ea3nh b\u00e1o nhi\u1ec7t d\u01b0 tr\u00ean m\u1eb7t b\u1ebfp sau n\u1ea5u<\/li>\n<li>T\u1ef1 \u0111\u1ed9ng t\u1eaft b\u1ebfp khi qu\u00e1 nhi\u1ec7t, qu\u00e1 \u00e1p<\/li>\n<li>Kh\u00f4ng chia s\u1ebb c\u00f4ng su\u1ea5t<\/li>\n<\/ul>\n<p>C\u00f4ng ngh\u1ec7 inverter ti\u00ean ti\u1ebfn t\u00edch h\u1ee3p v\u00e0o c\u00e1c s\u1ea3n ph\u1ea9m <strong><a href=\"https:\/\/livinghome.vn\/thiet-bi\/bep-tu-dmestik\/\">B\u1ebfp t\u1eeb Dmestik<\/a><\/strong> ML 921 DKI gi\u00fap cho b\u1ebfp \u0111i\u1ec7n t\u1eeb ti\u1ebft ki\u1ec7m n\u0103ng l\u01b0\u1ee3ng h\u01a1n, th\u00e2n thi\u1ec7n h\u01a1n v\u00e0 th\u00f4ng minh h\u01a1n bao gi\u1edd h\u1ebft. C\u00e1c ch\u1ee9c n\u0103ng chi\u00ean x\u00e0o, \u1ee7 \u1ea5m khi\u1ebfn cho vi\u1ec7c b\u1ebfp n\u00fac tr\u1edf n\u00ean d\u1ec5 d\u00e0ng v\u00e0 nhanh ch\u00f3ng h\u01a1n. Ngo\u00e0i ra ch\u1ee9c n\u0103ng h\u1eb9n gi\u1edd t\u1eebng v\u00f9ng n\u1ea5u l\u00ean \u0111\u1ebfn 99 ph\u00fat gi\u00fap \u00edch r\u1ea5t nhi\u1ec1u cho vi\u1ec7c n\u1ea5u n\u01b0\u1edbng c\u1ee7a b\u1ea1n.<\/p>\n<h3>Th\u00f4ng s\u1ed1 k\u1ef9 thu\u1eadt<\/h3>\n<ul>\n<li>K\u00edch th\u01b0\u1edbc b\u1ec1 m\u1eb7t: 730mm x 430mm<\/li>\n<li>K\u00edch th\u01b0\u1edbc kho\u00e9t \u0111\u00e1: 690mm x 390mm<\/li>\n<li>T\u1ed5ng c\u00f4ng xu\u1ea5t t\u1ed1i \u0111a: 4.8kw<\/li>\n<li>B\u1ebfp tr\u00e1i: 2.0kw, booster 2.4kw.\u00a0\u00a0\u00d8220<\/li>\n<li>B\u1ebfp ph\u1ea3i: 2.0kw, booster 2.4kw.\u00a0\u00a0\u00d8220<\/li>\n<li>V\u00f9ng n\u1ea5u: 2 t\u1eeb<\/li>\n<li>Xu\u1ea5t x\u1ee9: Malaysia<\/li>\n<li>B\u1ea3o h\u00e0nh: ch\u00ednh h\u00e3ng 3 n\u0103m<\/li>\n<\/ul>\n","protected":false},"excerpt":{"rendered":"<h3>B\u1ebfp t\u1eeb Dmestik ML921 DKI Nh\u1eadp Kh\u1ea9u<\/h3>\n<ul>\n<li>9 m\u1ee9c \u0111i\u1ec1u ch\u1ec9nh nhi\u1ec7t + booster<\/li>\n<li>C\u00f4ng ngh\u1ec7 inverter ti\u1ebft ki\u1ec7m \u0111i\u1ec7n<\/li>\n<li>Kh\u00f3a an to\u00e0n cho tr\u1ebb em<\/li>\n<li>K\u00edch th\u01b0\u1edbc b\u1ec1 m\u1eb7t: 730mm x 430mm<\/li>\n<li>T\u1ed5ng c\u00f4ng xu\u1ea5t t\u1ed1i \u0111a: 4.8kw<\/li>\n<\/ul>\n","protected":false},"featured_media":16958,"comment_status":"open","ping_status":"closed","template":"","meta":[],"product_brand":[],"product_cat":[713,794,745,813,712,796,799,810,816,807,75,795,72],"product_tag":[76,77,168,738,74],"class_list":{"0":"post-285","1":"product","2":"type-product","3":"status-publish","4":"has-post-thumbnail","6":"product_cat-bep-tu-dmestik","7":"product_cat-bep-2-tu","8":"product_cat-bep-dien-tu","9":"product_cat-bep-dien-tu-chung-cu","10":"product_cat-bep-dien-tu-dmestik","11":"product_cat-bep-dien-tu-doi","12":"product_cat-bep-dien-tu-hinh-chu-nhat","13":"product_cat-bep-dien-tu-malaysia","14":"product_cat-bep-dien-tu-thoi-trang","15":"product_cat-bep-dien-tu-tiet-kiem-dien","16":"product_cat-bep-tu","17":"product_cat-bep-tu-doi","18":"product_cat-thuong-hieu-dmestik","19":"product_tag-bep-tu","20":"product_tag-bep-tu-2-vung-nau","21":"product_tag-bep-tu-am","22":"product_tag-bep-tu-dmestik","23":"product_tag-dmestik","25":"first","26":"instock","27":"sale","28":"shipping-taxable","29":"purchasable","30":"product-type-simple"},"_links":{"self":[{"href":"https:\/\/livinghome.vn\/thiet-bi\/wp-json\/wp\/v2\/product\/285","targetHints":{"allow":["GET"]}}],"collection":[{"href":"https:\/\/livinghome.vn\/thiet-bi\/wp-json\/wp\/v2\/product"}],"about":[{"href":"https:\/\/livinghome.vn\/thiet-bi\/wp-json\/wp\/v2\/types\/product"}],"replies":[{"embeddable":true,"href":"https:\/\/livinghome.vn\/thiet-bi\/wp-json\/wp\/v2\/comments?post=285"}],"wp:featuredmedia":[{"embeddable":true,"href":"https:\/\/livinghome.vn\/thiet-bi\/wp-json\/wp\/v2\/media\/16958"}],"wp:attachment":[{"href":"https:\/\/livinghome.vn\/thiet-bi\/wp-json\/wp\/v2\/media?parent=285"}],"wp:term":[{"taxonomy":"product_brand","embeddable":true,"href":"https:\/\/livinghome.vn\/thiet-bi\/wp-json\/wp\/v2\/product_brand?post=285"},{"taxonomy":"product_cat","embeddable":true,"href":"https:\/\/livinghome.vn\/thiet-bi\/wp-json\/wp\/v2\/product_cat?post=285"},{"taxonomy":"product_tag","embeddable":true,"href":"https:\/\/livinghome.vn\/thiet-bi\/wp-json\/wp\/v2\/product_tag?post=285"}],"curies":[{"name":"wp","href":"https:\/\/api.w.org\/{rel}","templated":true}]}}