{"id":2499,"date":"2023-01-12T16:53:40","date_gmt":"2023-01-12T16:53:40","guid":{"rendered":"https:\/\/livinghome.vn\/thiet-bi\/?post_type=product&#038;p=2499"},"modified":"2024-11-29T14:20:29","modified_gmt":"2024-11-29T07:20:29","slug":"may-hut-mui-teka-tl-6420-am-thiet-ke-kim-loai-sang-trong-cao-cap","status":"publish","type":"product","link":"https:\/\/livinghome.vn\/thiet-bi\/may-hut-mui-teka-tl-6420-am-thiet-ke-kim-loai-sang-trong-cao-cap\/","title":{"rendered":"M\u00e1y h\u00fat m\u00f9i Teka TL 6420 \u00e2m thi\u1ebft k\u1ebf kim lo\u1ea1i sang tr\u1ecdng cao c\u1ea5p"},"content":{"rendered":"<h3>M\u00e1y h\u00fat m\u00f9i Teka TL 6420 \u00e2m thi\u1ebft k\u1ebf kim lo\u1ea1i sang tr\u1ecdng cao c\u1ea5p<\/h3>\n<figure id=\"attachment_67260\" aria-describedby=\"caption-attachment-67260\" style=\"width: 800px\" class=\"wp-caption alignnone\"><img loading=\"lazy\" decoding=\"async\" class=\"wp-image-67260 size-large\" src=\"https:\/\/livinghome.vn\/thiet-bi\/wp-content\/uploads\/nha-bep\/teka\/may-hut-mui\/may-hut-mui-teka-tl-6420\/may-hut-mui-teka-tl-6420-1-1-800x800.jpg\" alt=\"M\u00e1y h\u00fat m\u00f9i Teka TL 6420 \u00e2m thi\u1ebft k\u1ebf kim lo\u1ea1i sang tr\u1ecdng cao c\u1ea5p\" width=\"800\" height=\"800\" title=\"\"><figcaption id=\"caption-attachment-67260\" class=\"wp-caption-text\">M\u00e1y h\u00fat m\u00f9i Teka TL 6420 \u00e2m thi\u1ebft k\u1ebf kim lo\u1ea1i sang tr\u1ecdng cao c\u1ea5p<\/figcaption><\/figure>\n<p>M\u00e1y h\u00fat m\u00f9i Teka TL 6420 h\u00fat m\u00f9i kh\u1ecfe, v\u1eadn h\u00e0nh \u00eam \u00e1i, v\u00e0 c\u00f3 \u0111\u1ed9 b\u1ec1n cao n\u00ean \u0111\u01b0\u1ee3c r\u1ea5t nhi\u1ec1u ng\u01b0\u1eddi l\u1ef1a ch\u1ecdn s\u1eed d\u1ee5ng trong gia \u0111\u00ecnh. M\u00e1y h\u00fat m\u00f9i Teka TL 6420 \u1ee9ng d\u1ee5ng c\u00f4ng ngh\u1ec7 hi\u1ec7n \u0111\u1ea1i, gi\u00e1 b\u00e1n ph\u00f9 h\u1ee3p v\u1edbi m\u1ecdi gia \u0111\u00ecnh, tr\u1ea3 l\u1ea1i kh\u00f4ng gian trong s\u1ea1ch cho ng\u00f4i nh\u00e0 c\u1ee7a b\u1ea1n.<\/p>\n<h3>T\u00ednh n\u0103ng c\u01a1 b\u1ea3n<\/h3>\n<ul>\n<li><a href=\"https:\/\/livinghome.vn\/thiet-bi\/may-hut-mui\/\">M\u00e1y h\u00fat kh\u00f3i kh\u1eed m\u00f9i<\/a> \u2013 kh\u1eed m\u00f9i \u00e2m &#8211; d\u1ea1ng k\u00e9o<\/li>\n<li>C\u00f4ng su\u1ea5t t\u1ed1i \u0111a: 354 m\u00b3\/h<\/li>\n<li>3 m\u1ee9c t\u1ed1c \u0111\u1ed9 h\u00fat<\/li>\n<li>\u0110\u1ed9 \u1ed3n 69 dB<\/li>\n<li>\u0110\u00e8n chi\u1ebfu s\u00e1ng t\u1ef1 \u0111\u1ed9ng<\/li>\n<li>2 \u0111\u00e8n LED<\/li>\n<li>2 l\u01b0\u1edbi l\u1ecdc nh\u00f4m<\/li>\n<\/ul>\n<h3>Th\u00f4ng s\u1ed1 k\u1ef9 thu\u1eadt<\/h3>\n<ul>\n<li>Chi\u1ec1u cao(mm):\u00a0184<\/li>\n<li>Chi\u1ec1u r\u1ed9ng (mm):\u00a0600<\/li>\n<li>\u0110\u1ed9 s\u00e2u (mm):\u00a0288\/413<\/li>\n<li>Tr\u1ecdng l\u01b0\u1ee3ng (Kgs):\u00a07,92<\/li>\n<\/ul>\n<h3>\u0110\u1eb7c t\u00ednh s\u1ea3n ph\u1ea9m<\/h3>\n<ul>\n<li>Gi\u1ea5y ch\u1ee9ng nh\u1eadn:\u00a0CE; CB; Rohs<\/li>\n<li>\u1ed4 c\u1eafm (mm):\u00a0120<\/li>\n<li>\u0110i\u1ec7n n\u0103ng ti\u00eau th\u1ee5 \u0111\u00e8n b\u00ean trong (W):\u00a06<\/li>\n<li>Ph\u00edch c\u1eafm:\u00a0European plug<\/li>\n<li>C\u00f4ng su\u1ea5t (V):\u00a0220-240<\/li>\n<li>T\u1ea7n s\u1ed1 (Hz):\u00a050-60<\/li>\n<li>T\u1ed5ng c\u00f4ng su\u1ea5t h\u00fat (W):\u00a0192<\/li>\n<li>C\u00f4ng su\u1ea5t \u0111\u1ed9ng c\u01a1 (W):\u00a0180<\/li>\n<\/ul>\n<figure id=\"attachment_67259\" aria-describedby=\"caption-attachment-67259\" style=\"width: 800px\" class=\"wp-caption alignnone\"><img loading=\"lazy\" decoding=\"async\" class=\"wp-image-67259 size-large\" src=\"https:\/\/livinghome.vn\/thiet-bi\/wp-content\/uploads\/nha-bep\/teka\/may-hut-mui\/may-hut-mui-teka-tl-6420\/may-hut-mui-teka-tl-6420-2-1-800x800.jpg\" alt=\"M\u00e1y h\u00fat m\u00f9i Teka TL 6420 \u00e2m thi\u1ebft k\u1ebf kim lo\u1ea1i sang tr\u1ecdng cao c\u1ea5p\" width=\"800\" height=\"800\" title=\"\"><figcaption id=\"caption-attachment-67259\" class=\"wp-caption-text\">K\u00edch th\u01b0\u1edbc m\u00e1y h\u00fat m\u00f9i Teka TL 6420 \u00e2m thi\u1ebft k\u1ebf kim lo\u1ea1i sang tr\u1ecdng cao c\u1ea5p<\/figcaption><\/figure>\n<p>M\u00e1y h\u00fat m\u00f9i\u00a0Teka\u00a0TL 6420\u00a0\u00e2m t\u1ee7 g\u1ed3m l\u01b0\u1edbi l\u1ecdc b\u1eb1ng 2 l\u1edbp h\u1ee3p kim, b\u1ea1n th\u00e1o v\u00e0 ng\u00e2m trong dung d\u1ecbch t\u1ea9y r\u1eeda \u0111\u1ec3 lo\u1ea1i b\u1ecf c\u00e1c m\u1ea3ng b\u00e1m d\u1ea7u m\u1ee1.<\/p>\n<h3>Xu\u1ea5t x\u1ee9: B\u1ed3 \u0110\u00e0o Nha<\/h3>\n<div><\/div>\n","protected":false},"excerpt":{"rendered":"<div id=\"product-title\" class=\"et_pb_module et_pb_text et_pb_bg_layout_light et_pb_text_align_left\">\n<div class=\"et_pb_text_inner\">\n<div id=\"product-title\" class=\"et_pb_module et_pb_text et_pb_bg_layout_light  et_pb_text_align_left\">\n<div class=\"et_pb_text_inner\">\n<h1>M\u00e1y h\u00fat m\u00f9i l\u1eafp \u00e2m &#8211; d\u1ea1ng k\u00e9o<\/h1>\n<\/div>\n<\/div>\n<div class=\"et_pb_module et_pb_text et_pb_text_1 et_pb_bg_layout_light  et_pb_text_align_left\">\n<div class=\"et_pb_text_inner\">\n<div id=\"product-content\">\n<ul>\n<li>C\u00f4ng su\u1ea5t t\u1ed1i \u0111a: 354 m\u00b3\/h<\/li>\n<li>\u0110\u1ed9 \u1ed3n 69 dB<\/li>\n<li>\u0110\u00e8n chi\u1ebfu s\u00e1ng t\u1ef1 \u0111\u1ed9ng<\/li>\n<li>2 \u0111\u00e8n LED<\/li>\n<li>Xu\u1ea5t x\u1ee9: B\u1ed3 \u0110\u00e0o Nha<\/li>\n<\/ul>\n<\/div>\n<\/div>\n<\/div>\n<\/div>\n<\/div>\n","protected":false},"featured_media":2603,"comment_status":"open","ping_status":"closed","template":"","meta":[],"product_brand":[],"product_cat":[84,130,344,311],"product_tag":[86,347,346,313],"class_list":{"0":"post-2499","1":"product","2":"type-product","3":"status-publish","4":"has-post-thumbnail","6":"product_cat-may-hut-mui","7":"product_cat-may-hut-mui-am-tu-keo","8":"product_cat-may-hut-mui-teka","9":"product_cat-thuong-hieu-teka","10":"product_tag-may-hut-mui","11":"product_tag-may-hut-mui-am-tu-keo","12":"product_tag-may-hut-mui-teka","13":"product_tag-teka","15":"first","16":"instock","17":"sale","18":"shipping-taxable","19":"purchasable","20":"product-type-simple"},"_links":{"self":[{"href":"https:\/\/livinghome.vn\/thiet-bi\/wp-json\/wp\/v2\/product\/2499","targetHints":{"allow":["GET"]}}],"collection":[{"href":"https:\/\/livinghome.vn\/thiet-bi\/wp-json\/wp\/v2\/product"}],"about":[{"href":"https:\/\/livinghome.vn\/thiet-bi\/wp-json\/wp\/v2\/types\/product"}],"replies":[{"embeddable":true,"href":"https:\/\/livinghome.vn\/thiet-bi\/wp-json\/wp\/v2\/comments?post=2499"}],"wp:featuredmedia":[{"embeddable":true,"href":"https:\/\/livinghome.vn\/thiet-bi\/wp-json\/wp\/v2\/media\/2603"}],"wp:attachment":[{"href":"https:\/\/livinghome.vn\/thiet-bi\/wp-json\/wp\/v2\/media?parent=2499"}],"wp:term":[{"taxonomy":"product_brand","embeddable":true,"href":"https:\/\/livinghome.vn\/thiet-bi\/wp-json\/wp\/v2\/product_brand?post=2499"},{"taxonomy":"product_cat","embeddable":true,"href":"https:\/\/livinghome.vn\/thiet-bi\/wp-json\/wp\/v2\/product_cat?post=2499"},{"taxonomy":"product_tag","embeddable":true,"href":"https:\/\/livinghome.vn\/thiet-bi\/wp-json\/wp\/v2\/product_tag?post=2499"}],"curies":[{"name":"wp","href":"https:\/\/api.w.org\/{rel}","templated":true}]}}