{"id":2477,"date":"2023-01-12T16:53:16","date_gmt":"2023-01-12T16:53:16","guid":{"rendered":"https:\/\/livinghome.vn\/thiet-bi\/?post_type=product&#038;p=2477"},"modified":"2024-11-29T14:20:29","modified_gmt":"2024-11-29T07:20:29","slug":"may-hut-mui-teka-gfl-77650-am-tu-70cm","status":"publish","type":"product","link":"https:\/\/livinghome.vn\/thiet-bi\/may-hut-mui-teka-gfl-77650-am-tu-70cm\/","title":{"rendered":"M\u00e1y h\u00fat m\u00f9i Teka GFL 77650 \u00e2m t\u1ee7 70cm cao c\u1ea5p ti\u1ebft ki\u1ec7m kh\u00f4ng gian"},"content":{"rendered":"<h2>M\u00e1y h\u00fat m\u00f9i Teka GFL 77650 \u00e2m cao c\u1ea5p ti\u1ebft ki\u1ec7m kh\u00f4ng gian<\/h2>\n<figure id=\"attachment_67205\" aria-describedby=\"caption-attachment-67205\" style=\"width: 900px\" class=\"wp-caption alignnone\"><img loading=\"lazy\" decoding=\"async\" class=\"wp-image-67205\" src=\"https:\/\/livinghome.vn\/thiet-bi\/wp-content\/uploads\/nha-bep\/teka\/may-hut-mui\/may-hut-mui-teka-gfl-77650\/may-hut-mui-teka-gfl-77650-3-1.jpg\" alt=\"M\u00e1y h\u00fat m\u00f9i Teka GFL 77650 \u00e2m cao c\u1ea5p ti\u1ebft ki\u1ec7m kh\u00f4ng gian\" width=\"900\" height=\"506\" title=\"\"><figcaption id=\"caption-attachment-67205\" class=\"wp-caption-text\">M\u00e1y h\u00fat m\u00f9i Teka GFL 77650 \u00e2m cao c\u1ea5p ti\u1ebft ki\u1ec7m kh\u00f4ng gian<\/figcaption><\/figure>\n<p>M\u00e1y h\u00fat m\u00f9i Teka GFL 77650 ki\u1ec3u d\u00e1ng \u0111\u01a1n gi\u1ea3n m\u00e0 sang tr\u1ecdng, m\u00e0u s\u1eafc v\u00e0 c\u00e1c chi ti\u1ebft m\u00e1y k\u1ebft h\u1ee3p h\u00e0i h\u00f2a mang t\u00ednh th\u1ea9m m\u1ef9, t\u1ea1o \u0111i\u1ec3m nh\u1ea5n cho kh\u00f4ng gian b\u1ebfp.<\/p>\n<h3>T\u00ednh n\u0103ng c\u01a1 b\u1ea3n<\/h3>\n<ul>\n<li><a href=\"https:\/\/livinghome.vn\/thiet-bi\/may-hut-mui\/\">M\u00e1y h\u00fat kh\u00f3i kh\u1eed m\u00f9i<\/a> \u2013 kh\u1eed m\u00f9i \u00e2m<\/li>\n<li>Ch\u1ea5t li\u1ec7u th\u00e9p kh\u00f4ng g\u1ec9<\/li>\n<li>H\u1ec7 th\u1ed1ng h\u00fat theo chu vi \u0111\u01b0\u1eddng vi\u1ec1n<\/li>\n<li>\u0110i\u1ec1u khi\u1ec3n b\u1eb1ng \u0111i\u1ec7n t\u1eed<\/li>\n<li>3 m\u1ee9c t\u1ed1c \u0111\u1ed9 + 1 m\u1ee9c t\u0103ng c\u01b0\u1eddng<\/li>\n<li>C\u00f4ng su\u1ea5t h\u00fat t\u1ed1i \u0111a 800m\u00b3\/h<\/li>\n<li>\u0110\u1ed9 \u1ed3n 52\/66dB<\/li>\n<li>2 \u0111\u00e8n LED<\/li>\n<li>1 l\u01b0\u1edbi l\u1ecdc b\u1eb1ng nh\u00f4m<\/li>\n<li>Ch\u1ee9c n\u0103ng h\u1eb9n gi\u1edd t\u1eaft m\u00e1y<\/li>\n<\/ul>\n<p>M\u00e1y h\u00fat kh\u1eed m\u00f9i Teka GFL 77650 ho\u1ea1t \u0111\u1ed9ng, v\u1eadn h\u00e0nh \u00eam \u00e1i v\u1edbi \u0111\u1ed9 \u1ed3n ch\u1ec9 t\u1eeb 52dB \u2013 66dB, kh\u00f4ng \u1ea3nh h\u01b0\u1edfng ti\u1ebfng \u1ed3n \u0111\u1ebfn c\u00e1c ho\u1ea1t \u0111\u1ed9ng kh\u00e1c c\u1ee7a gia \u0111\u00ecnh.<\/p>\n<figure id=\"attachment_67204\" aria-describedby=\"caption-attachment-67204\" style=\"width: 900px\" class=\"wp-caption alignnone\"><img loading=\"lazy\" decoding=\"async\" class=\"wp-image-67204\" src=\"https:\/\/livinghome.vn\/thiet-bi\/wp-content\/uploads\/nha-bep\/teka\/may-hut-mui\/may-hut-mui-teka-gfl-77650\/may-hut-mui-teka-gfl-77650-2-1.jpg\" alt=\"M\u00e1y h\u00fat m\u00f9i Teka GFL 77650 \u00e2m cao c\u1ea5p ti\u1ebft ki\u1ec7m kh\u00f4ng gian\" width=\"900\" height=\"506\" title=\"\"><figcaption id=\"caption-attachment-67204\" class=\"wp-caption-text\">M\u00e1y h\u00fat m\u00f9i Teka GFL 77650 \u00e2m cao c\u1ea5p ti\u1ebft ki\u1ec7m kh\u00f4ng gian<\/figcaption><\/figure>\n<h3>Th\u00f4ng s\u1ed1 k\u1ef9 thu\u1eadt<\/h3>\n<ul>\n<li>Chi\u1ec1u cao(mm):\u00a0316<\/li>\n<li>Chi\u1ec1u r\u1ed9ng (mm):\u00a0712<\/li>\n<li>\u0110\u1ed9 s\u00e2u (mm):\u00a0284<\/li>\n<li>Tr\u1ecdng l\u01b0\u1ee3ng (Kgs):\u00a09,9<\/li>\n<\/ul>\n<h3>\u0110\u1eb7c t\u00ednh s\u1ea3n ph\u1ea9m<\/h3>\n<ul>\n<li>\u1ed4 c\u1eafm (mm):\u00a0150<\/li>\n<li>\u0110i\u1ec7n n\u0103ng ti\u00eau th\u1ee5 \u0111\u00e8n b\u00ean trong (W):\u00a07,4<\/li>\n<li>Ph\u00edch c\u1eafm:\u00a0Shucko<\/li>\n<li>Chi\u1ec1u d\u00e0i d\u00e2y c\u00e1p (cm):\u00a0100<\/li>\n<li>C\u00f4ng su\u1ea5t (V):\u00a0220 &#8211; 240<\/li>\n<li>T\u1ea7n s\u1ed1 (Hz):\u00a050\/60<\/li>\n<li>T\u1ed5ng c\u00f4ng su\u1ea5t h\u00fat (W):\u00a0288<\/li>\n<li>C\u00f4ng su\u1ea5t \u0111\u1ed9ng c\u01a1 (W):\u00a0280<\/li>\n<\/ul>\n<figure id=\"attachment_67206\" aria-describedby=\"caption-attachment-67206\" style=\"width: 800px\" class=\"wp-caption alignnone\"><img loading=\"lazy\" decoding=\"async\" class=\"wp-image-67206 size-large\" src=\"https:\/\/livinghome.vn\/thiet-bi\/wp-content\/uploads\/nha-bep\/teka\/may-hut-mui\/may-hut-mui-teka-gfl-77650\/may-hut-mui-teka-gfl-77650-5-800x800.jpg\" alt=\"M\u00e1y h\u00fat m\u00f9i Teka GFL 77650 \u00e2m cao c\u1ea5p ti\u1ebft ki\u1ec7m kh\u00f4ng gian\" width=\"800\" height=\"800\" title=\"\"><figcaption id=\"caption-attachment-67206\" class=\"wp-caption-text\">K\u00edch th\u01b0\u1edbc m\u00e1y h\u00fat m\u00f9i Teka GFL 77650 \u00e2m cao c\u1ea5p ti\u1ebft ki\u1ec7m kh\u00f4ng gian<\/figcaption><\/figure>\n<p>M\u00e1y h\u00fat kh\u1eed m\u00f9i Teka GFL 77650 c\u00f3 c\u00f4ng d\u1ee5ng h\u00fat v\u00e0 kh\u1eed m\u00f9i kh\u00f3i b\u1ee5i, m\u00f9i th\u1ef1c ph\u1ea9m, d\u1ea7u m\u1ee1 nhanh ch\u00f3ng tr\u1ea3 l\u1ea1i b\u1ea7u kh\u00f4ng kh\u00ed trong l\u00e0nh, tho\u00e1ng \u0111\u00e3ng cho kh\u00f4ng gian b\u1ebfp, gi\u00fap b\u1ea3o v\u1ec7 s\u1ee9c kh\u1ecfe c\u1ee7a m\u1ecdi ng\u01b0\u1eddi trong gia \u0111\u00ecnh.<\/p>\n<h3>Xu\u1ea5t x\u1ee9: T\u00e2y Ban Nha<\/h3>\n<div><\/div>\n","protected":false},"excerpt":{"rendered":"<div id=\"product-title\" class=\"et_pb_module et_pb_text et_pb_bg_layout_light et_pb_text_align_left\">\n<div class=\"et_pb_text_inner\">\n<h1>M\u00e1y h\u00fat m\u00f9i \u00e2m t\u1ee7 70cm<\/h1>\n<\/div>\n<\/div>\n<div class=\"et_pb_module et_pb_text et_pb_text_1 et_pb_bg_layout_light et_pb_text_align_left\">\n<div class=\"et_pb_text_inner\">\n<div id=\"product-content\">\n<ul>\n<li>H\u1ec7 th\u1ed1ng h\u00fat theo chu vi \u0111\u01b0\u1eddng vi\u1ec1n<\/li>\n<li>\u0110i\u1ec1u khi\u1ec3n b\u1eb1ng \u0111i\u1ec7n t\u1eed<\/li>\n<li>3 m\u1ee9c t\u1ed1c \u0111\u1ed9 + 1 m\u1ee9c t\u0103ng c\u01b0\u1eddng<\/li>\n<li>2 \u0111\u00e8n LED<\/li>\n<li>1 l\u01b0\u1edbi l\u1ecdc nh\u00f4m<\/li>\n<\/ul>\n<\/div>\n<\/div>\n<\/div>\n","protected":false},"featured_media":2576,"comment_status":"open","ping_status":"closed","template":"","meta":[],"product_brand":[],"product_cat":[84,595,344,311],"product_tag":[86,345,87,346,313],"class_list":{"0":"post-2477","1":"product","2":"type-product","3":"status-publish","4":"has-post-thumbnail","6":"product_cat-may-hut-mui","7":"product_cat-may-hut-mui-am-tu","8":"product_cat-may-hut-mui-teka","9":"product_cat-thuong-hieu-teka","10":"product_tag-may-hut-mui","11":"product_tag-may-hut-mui-am","12":"product_tag-may-hut-mui-am-tu","13":"product_tag-may-hut-mui-teka","14":"product_tag-teka","16":"first","17":"instock","18":"sale","19":"shipping-taxable","20":"purchasable","21":"product-type-simple"},"_links":{"self":[{"href":"https:\/\/livinghome.vn\/thiet-bi\/wp-json\/wp\/v2\/product\/2477","targetHints":{"allow":["GET"]}}],"collection":[{"href":"https:\/\/livinghome.vn\/thiet-bi\/wp-json\/wp\/v2\/product"}],"about":[{"href":"https:\/\/livinghome.vn\/thiet-bi\/wp-json\/wp\/v2\/types\/product"}],"replies":[{"embeddable":true,"href":"https:\/\/livinghome.vn\/thiet-bi\/wp-json\/wp\/v2\/comments?post=2477"}],"wp:featuredmedia":[{"embeddable":true,"href":"https:\/\/livinghome.vn\/thiet-bi\/wp-json\/wp\/v2\/media\/2576"}],"wp:attachment":[{"href":"https:\/\/livinghome.vn\/thiet-bi\/wp-json\/wp\/v2\/media?parent=2477"}],"wp:term":[{"taxonomy":"product_brand","embeddable":true,"href":"https:\/\/livinghome.vn\/thiet-bi\/wp-json\/wp\/v2\/product_brand?post=2477"},{"taxonomy":"product_cat","embeddable":true,"href":"https:\/\/livinghome.vn\/thiet-bi\/wp-json\/wp\/v2\/product_cat?post=2477"},{"taxonomy":"product_tag","embeddable":true,"href":"https:\/\/livinghome.vn\/thiet-bi\/wp-json\/wp\/v2\/product_tag?post=2477"}],"curies":[{"name":"wp","href":"https:\/\/api.w.org\/{rel}","templated":true}]}}