{"id":2453,"date":"2023-01-12T16:52:45","date_gmt":"2023-01-12T16:52:45","guid":{"rendered":"https:\/\/livinghome.vn\/thiet-bi\/?post_type=product&#038;p=2453"},"modified":"2024-11-29T14:20:29","modified_gmt":"2024-11-29T07:20:29","slug":"voi-rua-chen-teka-os-200-mau-chrome-tinh-te-dang-cap","status":"publish","type":"product","link":"https:\/\/livinghome.vn\/thiet-bi\/voi-rua-chen-teka-os-200-mau-chrome-tinh-te-dang-cap\/","title":{"rendered":"V\u00f2i r\u1eeda ch\u00e9n Teka OS 200 m\u00e0u chrome tinh t\u1ebf \u0111\u1eb3ng c\u1ea5p"},"content":{"rendered":"<h2>V\u00f2i r\u1eeda ch\u00e9n Teka OS 200 m\u00e0u chrome tinh t\u1ebf \u0111\u1eb3ng c\u1ea5p<\/h2>\n<figure id=\"attachment_67135\" aria-describedby=\"caption-attachment-67135\" style=\"width: 800px\" class=\"wp-caption alignnone\"><img loading=\"lazy\" decoding=\"async\" class=\"size-large wp-image-67135\" src=\"https:\/\/livinghome.vn\/thiet-bi\/wp-content\/uploads\/nha-bep\/teka\/voi-rua\/voi-rua-teka-os-200\/voi-rua-teka-os-200-1-1-800x800.jpg\" alt=\"V\u00f2i r\u1eeda ch\u00e9n Teka OS 200 m\u00e0u chrome tinh t\u1ebf \u0111\u1eb3ng c\u1ea5p\" width=\"800\" height=\"800\" title=\"\"><figcaption id=\"caption-attachment-67135\" class=\"wp-caption-text\">V\u00f2i r\u1eeda ch\u00e9n Teka OS 200 m\u00e0u chrome tinh t\u1ebf \u0111\u1eb3ng c\u1ea5p<\/figcaption><\/figure>\n<h3><strong>T\u00ednh n\u0103ng c\u01a1 b\u1ea3n<\/strong><\/h3>\n<ul>\n<li><a href=\"https:\/\/livinghome.vn\/thiet-bi\/gia-dung-khac\/voi-rua-chen\/\">V\u00f2i r\u1eeda<\/a>\u00a0c\u00f3 th\u1ec3 k\u1ebft n\u1ed1i v\u1edbi m\u00e1y l\u1ecdc n\u01b0\u1edbc<\/li>\n<li>V\u00f2i xoay v\u00e0 linh ho\u1ea1t<\/li>\n<li>\u0110\u1ea7u v\u00f2i t\u1ea1o b\u1ecdt ch\u1ed1ng b\u00e1m c\u1eb7n 2 \u0111\u01b0\u1eddng \u0111\u1ed9c l\u1eadp cho n\u01b0\u1edbc ch\u01b0a l\u1ecdc v\u00e0 \u0111\u00e3 l\u1ecdc<\/li>\n<li>Ki\u1ec3m so\u00e1t nhi\u1ec7t \u0111\u1ed9 cao v\u00e0 ch\u00ednh x\u00e1c<\/li>\n<li>M\u00e0u s\u1eafc: m\u00e0u chrome<\/li>\n<\/ul>\n<h3 class=\"mceTemp\"><strong style=\"font-size: 20.16px;\">Th\u00f4ng s\u1ed1 k\u1ef9 thu\u1eadt<\/strong><\/h3>\n<h4>K\u00edch th\u01b0\u1edbc chung<\/h4>\n<ul>\n<li><strong>Chi\u1ec1u cao(mm):\u00a0<\/strong>368<\/li>\n<li><strong>Tr\u1ecdng l\u01b0\u1ee3ng (Kgs):\u00a0<\/strong>2<\/li>\n<\/ul>\n<h4>K\u00edch th\u01b0\u1edbc khoang \u0111\u00f4i<\/h4>\n<ul>\n<li><strong>Chi\u1ec1u cao b\u00ean trong (mm):\u00a0<\/strong>238<\/li>\n<li><strong>\u0110\u1ed9 s\u00e2u b\u00ean trong (mm):\u00a0<\/strong>212<\/li>\n<\/ul>\n","protected":false},"excerpt":{"rendered":"<h2>V\u00f2i r\u1eeda ch\u00e9n Teka OS 200<\/h2>\n<ul>\n<li>V\u00f2i xoay v\u00e0 linh ho\u1ea1t<\/li>\n<li>\u0110\u1ea7u v\u00f2i t\u1ea1o b\u1ecdt ch\u1ed1ng b\u00e1m c\u1eb7n<\/li>\n<li>2 \u0111\u01b0\u1eddng \u0111\u1ed9c l\u1eadp cho n\u01b0\u1edbc ch\u01b0a l\u1ecdc v\u00e0 \u0111\u00e3 l\u1ecdc<\/li>\n<li>Ki\u1ec3m so\u00e1t nhi\u1ec7t \u0111\u1ed9 cao v\u00e0 ch\u00ednh x\u00e1c<\/li>\n<li>M\u00e0u s\u1eafc: m\u00e0u chrome<\/li>\n<\/ul>\n","protected":false},"featured_media":2557,"comment_status":"open","ping_status":"closed","template":"","meta":[],"product_brand":[],"product_cat":[311,348],"product_tag":[313,152,350],"class_list":{"0":"post-2453","1":"product","2":"type-product","3":"status-publish","4":"has-post-thumbnail","6":"product_cat-thuong-hieu-teka","7":"product_cat-voi-rua-chen-teka","8":"product_tag-teka","9":"product_tag-voi-rua-chen","10":"product_tag-voi-rua-chen-teka","12":"first","13":"instock","14":"sale","15":"shipping-taxable","16":"purchasable","17":"product-type-simple"},"_links":{"self":[{"href":"https:\/\/livinghome.vn\/thiet-bi\/wp-json\/wp\/v2\/product\/2453","targetHints":{"allow":["GET"]}}],"collection":[{"href":"https:\/\/livinghome.vn\/thiet-bi\/wp-json\/wp\/v2\/product"}],"about":[{"href":"https:\/\/livinghome.vn\/thiet-bi\/wp-json\/wp\/v2\/types\/product"}],"replies":[{"embeddable":true,"href":"https:\/\/livinghome.vn\/thiet-bi\/wp-json\/wp\/v2\/comments?post=2453"}],"wp:featuredmedia":[{"embeddable":true,"href":"https:\/\/livinghome.vn\/thiet-bi\/wp-json\/wp\/v2\/media\/2557"}],"wp:attachment":[{"href":"https:\/\/livinghome.vn\/thiet-bi\/wp-json\/wp\/v2\/media?parent=2453"}],"wp:term":[{"taxonomy":"product_brand","embeddable":true,"href":"https:\/\/livinghome.vn\/thiet-bi\/wp-json\/wp\/v2\/product_brand?post=2453"},{"taxonomy":"product_cat","embeddable":true,"href":"https:\/\/livinghome.vn\/thiet-bi\/wp-json\/wp\/v2\/product_cat?post=2453"},{"taxonomy":"product_tag","embeddable":true,"href":"https:\/\/livinghome.vn\/thiet-bi\/wp-json\/wp\/v2\/product_tag?post=2453"}],"curies":[{"name":"wp","href":"https:\/\/api.w.org\/{rel}","templated":true}]}}