{"id":2428,"date":"2023-01-12T16:52:18","date_gmt":"2023-01-12T16:52:18","guid":{"rendered":"https:\/\/livinghome.vn\/thiet-bi\/?post_type=product&#038;p=2428"},"modified":"2024-11-29T14:20:30","modified_gmt":"2024-11-29T07:20:30","slug":"may-hut-mui-teka-dvt-78660-tbs-bk-ap-tuong-mau-den-dang-cap-dieu-khien-cam-ung","status":"publish","type":"product","link":"https:\/\/livinghome.vn\/thiet-bi\/may-hut-mui-teka-dvt-78660-tbs-bk-ap-tuong-mau-den-dang-cap-dieu-khien-cam-ung\/","title":{"rendered":"M\u00e1y h\u00fat m\u00f9i Teka DVT 78660 TBS BK \u00e1p t\u01b0\u1eddng m\u00e0u \u0111en \u0111\u1eb3ng c\u1ea5p \u0111i\u1ec1u khi\u1ec3n c\u1ea3m \u1ee9ng"},"content":{"rendered":"<h3>M\u00e1y h\u00fat m\u00f9i Teka DVT 78660 TBS BK \u00e1p t\u01b0\u1eddng m\u00e0u \u0111en \u0111\u1eb3ng c\u1ea5p \u0111i\u1ec1u khi\u1ec3n c\u1ea3m \u1ee9ng<\/h3>\n<figure id=\"attachment_67176\" aria-describedby=\"caption-attachment-67176\" style=\"width: 800px\" class=\"wp-caption alignnone\"><img loading=\"lazy\" decoding=\"async\" class=\"wp-image-67176 size-large\" src=\"https:\/\/livinghome.vn\/thiet-bi\/wp-content\/uploads\/nha-bep\/teka\/may-hut-mui\/may-hut-mui-teka-dvt-78660-tbs-bk\/may-hut-mui-teka-dvt-78660-tbs-bk-4-1-800x800.jpg\" alt=\"M\u00e1y h\u00fat m\u00f9i Teka DVT Pro 78660 TBS \u00e1p t\u01b0\u1eddng m\u00e0u \u0111en \u0111\u1eb3ng c\u1ea5p \u0111i\u1ec1u khi\u1ec3n c\u1ea3m \u1ee9ng\" width=\"800\" height=\"800\" title=\"\"><figcaption id=\"caption-attachment-67176\" class=\"wp-caption-text\">M\u00e1y h\u00fat m\u00f9i Teka DVT Pro 78660 TBS \u00e1p t\u01b0\u1eddng m\u00e0u \u0111en \u0111\u1eb3ng c\u1ea5p \u0111i\u1ec1u khi\u1ec3n c\u1ea3m \u1ee9ng<\/figcaption><\/figure>\n<p>Teka DVT 78660 TBS BK\u00a0v\u1edbi ch\u1ea5t l\u01b0\u1ee3ng v\u01b0\u1ee3t tr\u1ed9i t\u1ea1i Ch\u00e2u \u00c2u, m\u00e1y \u0111\u01b0\u1ee3c s\u1ea3n xu\u1ea5t tr\u00ean c\u00f4ng ngh\u1ec7 d\u00e2y chuy\u1ec1n hi\u1ec7n \u0111\u1ea1i ti\u00ean ti\u1ebfn nh\u1ea5t hi\u1ec7n nay. V\u1edbi thi\u1ebft k\u1ebf trang nh\u00e3 v\u00e0 tinh t\u1ebf, k\u00edch th\u01b0\u1edbc m\u00e1y\u00a070 cm c\u00f9ng \u0111\u01b0\u1eddng k\u00ednh \u1ed1ng tho\u00e1t l\u00e0 15 cm m\u00e1y ph\u00f9 h\u1ee3p v\u1edbi nhi\u1ec1u kh\u00f4ng gian b\u1ebfp trong gia \u0111\u00ecnh.<\/p>\n<h3>T\u00ednh n\u0103ng c\u01a1 b\u1ea3n<\/h3>\n<ul>\n<li><a href=\"https:\/\/livinghome.vn\/thiet-bi\/may-hut-mui\/\">M\u00e1y h\u00fat kh\u00f3i kh\u1eed m\u00f9i<\/a> \u2013 kh\u1eed m\u00f9i \u00e1p t\u01b0\u1eddng<\/li>\n<li>C\u00f4ng su\u1ea5t t\u1ed1i \u0111a: 698 m\u00b3\/h<\/li>\n<li>3 m\u1ee9c t\u1ed1t \u0111\u1ed9 + 1 m\u1ee9c t\u0103ng c\u01b0\u1eddng h\u00fat<\/li>\n<li>\u0110\u1ed9 \u1ed3n 72 dB<\/li>\n<li>M\u00e0n h\u00ecnh \u0111i\u1ec1u khi\u1ec3n c\u1ea3m \u1ee9ng<\/li>\n<li>\u0110\u1ed9ng c\u01a1 EcoPower c\u00f4ng su\u1ea5t m\u1ea1nh, ti\u1ebft ki\u1ec7m \u0111i\u1ec7n.<\/li>\n<li>H\u1ec7 th\u1ed1ng h\u00fat theo vi\u1ec1n k\u00ednh<\/li>\n<li>Ch\u1ee9c n\u0103ng FreshAir<\/li>\n<li>Ch\u1ee9c n\u0103ng h\u1eb9n gi\u1edd t\u1eaft m\u00e1y<\/li>\n<li>Ch\u1ee9c n\u0103ng c\u1ea3nh b\u00e1o thay than l\u01b0\u1edbi l\u1ecdc<\/li>\n<\/ul>\n<h3>Th\u00f4ng s\u1ed1 k\u1ef9 thu\u1eadt<\/h3>\n<ul>\n<li>Chi\u1ec1u cao(mm):\u00a0800-1100<\/li>\n<li>Chi\u1ec1u r\u1ed9ng (mm):\u00a0700<\/li>\n<li>\u0110\u1ed9 s\u00e2u (mm):\u00a0412<\/li>\n<li>Tr\u1ecdng l\u01b0\u1ee3ng (Kgs):\u00a015,3<\/li>\n<\/ul>\n<h3>\u0110\u1eb7c t\u00ednh s\u1ea3n ph\u1ea9m<\/h3>\n<ul>\n<li>Gi\u1ea5y ch\u1ee9ng nh\u1eadn:\u00a0CE; CB; Rohs; Gmark<\/li>\n<li>\u1ed4 c\u1eafm (mm):\u00a0150<\/li>\n<li>\u0110i\u1ec7n n\u0103ng ti\u00eau th\u1ee5 \u0111\u00e8n b\u00ean trong (W):\u00a04,2<\/li>\n<li>Ph\u00edch c\u1eafm:\u00a0Schuko plug<\/li>\n<li>Chi\u1ec1u d\u00e0i d\u00e2y c\u00e1p (cm):\u00a0100<\/li>\n<li>C\u00f4ng su\u1ea5t (V):\u00a0220-240<\/li>\n<li>T\u1ea7n s\u1ed1 (Hz):\u00a050\/60<\/li>\n<li>T\u1ed5ng c\u00f4ng su\u1ea5t h\u00fat (W):\u00a0286<\/li>\n<li>C\u00f4ng su\u1ea5t \u0111\u1ed9ng c\u01a1 (W):\u00a0280<\/li>\n<\/ul>\n<figure id=\"attachment_67175\" aria-describedby=\"caption-attachment-67175\" style=\"width: 800px\" class=\"wp-caption alignnone\"><img loading=\"lazy\" decoding=\"async\" class=\"wp-image-67175 size-large\" src=\"https:\/\/livinghome.vn\/thiet-bi\/wp-content\/uploads\/nha-bep\/teka\/may-hut-mui\/may-hut-mui-teka-dvt-78660-tbs-bk\/may-hut-mui-teka-dvt-78660-tbs-bk-7-800x800.jpg\" alt=\"M\u00e1y h\u00fat m\u00f9i Teka DVT Pro 78660 TBS \u00e1p t\u01b0\u1eddng m\u00e0u \u0111en \u0111\u1eb3ng c\u1ea5p \u0111i\u1ec1u khi\u1ec3n c\u1ea3m \u1ee9ng\" width=\"800\" height=\"800\" title=\"\"><figcaption id=\"caption-attachment-67175\" class=\"wp-caption-text\">M\u00e1y h\u00fat m\u00f9i Teka DVT Pro 78660 TBS \u00e1p t\u01b0\u1eddng m\u00e0u \u0111en \u0111\u1eb3ng c\u1ea5p \u0111i\u1ec1u khi\u1ec3n c\u1ea3m \u1ee9ng<\/figcaption><\/figure>\n<p>C\u00e1c thi\u1ebft b\u1ecb \u0111i\u1ec7n t\u1eed \u0111\u01b0\u1ee3c t\u00edch h\u1ee3p ho\u00e0n to\u00e0n v\u00e0o k\u00ednh, \u0111\u01b0\u1ee3c b\u1ed1 tr\u00ed th\u00f4ng qua m\u1ed9t b\u1ea3ng \u0111i\u1ec1u khi\u1ec3n \u0111\u01a1n gi\u1ea3n v\u00e0 tr\u1ef1c quan, trong \u0111\u00f3 b\u1ea1n c\u00f3 th\u1ec3 truy c\u1eadp c\u00e1c ch\u1ee9c n\u0103ng kh\u00e1c nhau m\u1ed9t c\u00e1ch nhanh ch\u00f3ng v\u00e0 hi\u1ec7u qu\u1ea3.<\/p>\n<h3>Xu\u1ea5t x\u1ee9: T\u00e2y Ban Nha<\/h3>\n<div><\/div>\n","protected":false},"excerpt":{"rendered":"<div id=\"product-title\" class=\"et_pb_module et_pb_text et_pb_bg_layout_light et_pb_text_align_left\">\n<div class=\"et_pb_text_inner\">\n<h1>M\u00e1y h\u00fat m\u00f9i \u00e1p t\u01b0\u1eddng &#8211; d\u1ea1ng k\u00ednh nghi\u00eang<\/h1>\n<\/div>\n<\/div>\n<div class=\"et_pb_module et_pb_text et_pb_text_1 et_pb_bg_layout_light et_pb_text_align_left\">\n<div class=\"et_pb_text_inner\">\n<div id=\"product-content\">\n<ul>\n<li>C\u00f4ng su\u1ea5t t\u1ed1i \u0111a: 698 m\u00b3\/h<\/li>\n<li>\u0110\u1ed9 \u1ed3n 72 dB<\/li>\n<li>H\u1ec7 th\u1ed1ng h\u00fat theo vi\u1ec1n k\u00ednh<\/li>\n<li>M\u00e0n h\u00ecnh \u0111i\u1ec1u khi\u1ec3n c\u1ea3m \u1ee9ng<\/li>\n<li>Ch\u1ee9c n\u0103ng h\u1eb9n gi\u1edd t\u1eaft m\u00e1y<\/li>\n<li>Xu\u1ea5t x\u1ee9: T\u00e2y Ban Nha<\/li>\n<\/ul>\n<\/div>\n<\/div>\n<\/div>\n","protected":false},"featured_media":2532,"comment_status":"open","ping_status":"closed","template":"","meta":[],"product_brand":[],"product_cat":[84,89,344,311],"product_tag":[86,90,346,313],"class_list":{"0":"post-2428","1":"product","2":"type-product","3":"status-publish","4":"has-post-thumbnail","6":"product_cat-may-hut-mui","7":"product_cat-may-hut-mui-gan-tuong","8":"product_cat-may-hut-mui-teka","9":"product_cat-thuong-hieu-teka","10":"product_tag-may-hut-mui","11":"product_tag-may-hut-mui-gan-tuong","12":"product_tag-may-hut-mui-teka","13":"product_tag-teka","15":"first","16":"instock","17":"sale","18":"shipping-taxable","19":"purchasable","20":"product-type-simple"},"_links":{"self":[{"href":"https:\/\/livinghome.vn\/thiet-bi\/wp-json\/wp\/v2\/product\/2428","targetHints":{"allow":["GET"]}}],"collection":[{"href":"https:\/\/livinghome.vn\/thiet-bi\/wp-json\/wp\/v2\/product"}],"about":[{"href":"https:\/\/livinghome.vn\/thiet-bi\/wp-json\/wp\/v2\/types\/product"}],"replies":[{"embeddable":true,"href":"https:\/\/livinghome.vn\/thiet-bi\/wp-json\/wp\/v2\/comments?post=2428"}],"wp:featuredmedia":[{"embeddable":true,"href":"https:\/\/livinghome.vn\/thiet-bi\/wp-json\/wp\/v2\/media\/2532"}],"wp:attachment":[{"href":"https:\/\/livinghome.vn\/thiet-bi\/wp-json\/wp\/v2\/media?parent=2428"}],"wp:term":[{"taxonomy":"product_brand","embeddable":true,"href":"https:\/\/livinghome.vn\/thiet-bi\/wp-json\/wp\/v2\/product_brand?post=2428"},{"taxonomy":"product_cat","embeddable":true,"href":"https:\/\/livinghome.vn\/thiet-bi\/wp-json\/wp\/v2\/product_cat?post=2428"},{"taxonomy":"product_tag","embeddable":true,"href":"https:\/\/livinghome.vn\/thiet-bi\/wp-json\/wp\/v2\/product_tag?post=2428"}],"curies":[{"name":"wp","href":"https:\/\/api.w.org\/{rel}","templated":true}]}}