{"id":2348,"date":"2023-01-12T16:50:37","date_gmt":"2023-01-12T16:50:37","guid":{"rendered":"https:\/\/livinghome.vn\/thiet-bi\/?post_type=product&#038;p=2348"},"modified":"2024-11-29T14:20:31","modified_gmt":"2024-11-29T07:20:31","slug":"chau-rua-teka-zenit-rs15-2b-1d-lap-noi-2-hoc-rua-1-ban-chau","status":"publish","type":"product","link":"https:\/\/livinghome.vn\/thiet-bi\/chau-rua-teka-zenit-rs15-2b-1d-lap-noi-2-hoc-rua-1-ban-chau\/","title":{"rendered":"Ch\u1eadu r\u1eeda Teka ZENIT RS15 2B 1D l\u1eafp n\u1ed5i 2 h\u1ed9c r\u1eeda 1 b\u00e0n ch\u1eadu"},"content":{"rendered":"<h2>Ch\u1eadu r\u1eeda Teka ZENIT RS15 2B 1D l\u1eafp n\u1ed5i nh\u1eadp kh\u1ea9u T\u00e2y Ban Nha<\/h2>\n<p>L\u00e0 m\u1ed9t n\u01a1i \u0111\u1ec3 chu\u1ea9n b\u1ecb th\u1ef1c ph\u1ea9m v\u1edbi c\u00e1c nguy\u00ean li\u1ec7u ti\u1ec7n d\u1ee5ng \u0111\u1ec3 c\u1eaft, r\u1eeda, n\u1ea5u, ph\u1ee5c v\u1ee5 v\u00e0\u2026 th\u01b0\u1edfng th\u1ee9c. Thi\u1ebft k\u1ebf g\u00f3c c\u1ea1nh k\u1ebft h\u1ee3p v\u1edbi c\u00e1c \u0111\u01b0\u1eddng th\u1eb3ng h\u1ea5p d\u1eabn mang l\u1ea1i c\u00e1 t\u00ednh v\u00e0 thi\u1ebft k\u1ebf cho nh\u00e0 b\u1ebfp c\u1ee7a b\u1ea1n. Ch\u1eadu r\u1eeda RS15 c\u00f3 thi\u1ebft k\u1ebf g\u1ecdn g\u00e0ng th\u1ec3 hi\u1ec7n s\u1ef1 hi\u1ec7n \u0111\u1ea1i, d\u1ec3 d\u00e0ng l\u1eafp \u0111\u1eb7t \u1edf m\u1ecdi v\u1ecb tr\u00ed kh\u00f3 kh\u0103n nh\u1ea5t, quy tr\u00ecnh s\u1ea3n xu\u1ea5t th\u00e2n thi\u1ec7n v\u1edbi m\u00f4i tr\u01b0\u1eddng.<\/p>\n<figure id=\"attachment_67099\" aria-describedby=\"caption-attachment-67099\" style=\"width: 800px\" class=\"wp-caption alignnone\"><img loading=\"lazy\" decoding=\"async\" class=\"size-large wp-image-67099\" src=\"https:\/\/livinghome.vn\/thiet-bi\/wp-content\/uploads\/nha-bep\/teka\/chau-rua\/chau-rua-teka-zenit-rs15-2b-1d\/chau-rua-teka-zenit-rs15-2b-1d-1-800x800.jpg\" alt=\"Ch\u1eadu r\u1eeda Teka ZENIT RS15 2B 1D l\u1eafp n\u1ed5i 2 h\u1ed9c r\u1eeda 1 b\u00e0n ch\u1eadu\" width=\"800\" height=\"800\" title=\"\"><figcaption id=\"caption-attachment-67099\" class=\"wp-caption-text\">Ch\u1eadu r\u1eeda Teka ZENIT RS15 2B 1D l\u1eafp n\u1ed5i 2 h\u1ed9c r\u1eeda 1 b\u00e0n ch\u1eadu<\/figcaption><\/figure>\n<h3><strong>T\u00ednh n\u0103ng c\u01a1 b\u1ea3n<\/strong><\/h3>\n<ul>\n<li><a href=\"https:\/\/livinghome.vn\/thiet-bi\/dung-cu-nha-bep\/chau-rua-chen\/\">Ch\u1eadu r\u1eeda<\/a> l\u1eafp n\u1ed5i<\/li>\n<li>Ki\u1ec3u d\u00e1ng 2 h\u1ed9c r\u1eeda + 1 b\u00e0n ch\u1eadu<\/li>\n<li>Ch\u1ea5t li\u1ec7u th\u00e9p kh\u00f4ng g\u1ec9<\/li>\n<li>K\u00edch th\u01b0\u1edbc h\u1ed9c r\u1eeda: 340 x 400 x 200mm<\/li>\n<li>Gi\u1edbi h\u1ea1n h\u1ed9c t\u1ee7 d\u01b0\u1edbi: &gt;80cm<\/li>\n<li>Ph\u1ee5 ki\u1ec7n: B\u1ed9 x\u1ea3 3\u00bd v\u1edbi n\u00fat nh\u1ea5n pop &#8211; up + x\u1ea3 tr\u00e0n v\u00e0 th\u1edbt k\u00ednh<\/li>\n<li>Xu\u1ea5t x\u1ee9: T\u00e2y Ban Nha<\/li>\n<\/ul>\n<figure id=\"attachment_67097\" aria-describedby=\"caption-attachment-67097\" style=\"width: 1020px\" class=\"wp-caption alignnone\"><img loading=\"lazy\" decoding=\"async\" class=\"size-large wp-image-67097\" src=\"https:\/\/livinghome.vn\/thiet-bi\/wp-content\/uploads\/nha-bep\/teka\/chau-rua\/chau-rua-teka-zenit-rs15-2b-1d\/chau-rua-teka-zenit-rs15-2b-1d-5-1067x800.jpg\" alt=\"Ch\u1eadu r\u1eeda Teka ZENIT RS15 2B 1D l\u1eafp n\u1ed5i 2 h\u1ed9c r\u1eeda 1 b\u00e0n ch\u1eadu\" width=\"1020\" height=\"765\" title=\"\"><figcaption id=\"caption-attachment-67097\" class=\"wp-caption-text\">Thi\u1ebft k\u1ebf hi\u1ec7n \u0111\u1ea1i c\u1ee7a ch\u1eadu r\u1eeda Teka ZENIT RS15 2B 1D l\u1eafp n\u1ed5i<\/figcaption><\/figure>\n<div class=\"mceTemp\"><strong style=\"font-size: 20.16px;\">Th\u00f4ng s\u1ed1 k\u1ef9 thu\u1eadt<\/strong><\/div>\n<ul>\n<li><strong>S\u1ed1 l\u01b0\u1ee3ng l\u1ed7 b\u00edt:\u00a0<\/strong>3<\/li>\n<li><strong>Lo\u1ea1i van l\u1ed7:\u00a0<\/strong>3\u00bd&#8221; SQUARED<\/li>\n<li><strong>Khoang l\u00f2 (cm):\u00a0<\/strong>80<\/li>\n<\/ul>\n<h4 class=\"et_pb_toggle_title\">K\u00edch th\u01b0\u1edbc chung<\/h4>\n<ul>\n<li><strong>Chi\u1ec1u r\u1ed9ng (mm):\u00a0<\/strong>520<\/li>\n<li><strong>\u0110\u1ed9 s\u00e2u (mm):\u00a0<\/strong>200<\/li>\n<li><strong>Tr\u1ecdng l\u01b0\u1ee3ng (Kgs):\u00a0<\/strong>8,27<\/li>\n<\/ul>\n<div class=\"et_pb_toggle_content clearfix\">\n<h4>K\u00edch th\u01b0\u1edbc b\u00e1t ch\u00ednh<\/h4>\n<div class=\"et_pb_toggle_content clearfix\">\n<ul>\n<li><strong>Chi\u1ec1u d\u00e0i b\u00e1t ch\u00ednh (mm):\u00a0<\/strong>340<\/li>\n<li><strong>Chi\u1ec1u r\u1ed9ng b\u00e1t ch\u00ednh (mm):\u00a0<\/strong>400<\/li>\n<li><strong>\u0110\u1ed9 s\u00e2u b\u00e1t ch\u00ednh (mm):\u00a0<\/strong>200<\/li>\n<\/ul>\n<h4>K\u00edch th\u01b0\u1edbc b\u00e1t th\u1ee9 c\u1ea5p<\/h4>\n<ul>\n<li><strong>Chi\u1ec1u d\u00e0i b\u00e1t th\u1ee9 c\u1ea5p (mm):\u00a0<\/strong>340<\/li>\n<li><strong>Chi\u1ec1u r\u1ed9ng b\u00e1t th\u1ee9 c\u1ea5p (mm):\u00a0<\/strong>400<\/li>\n<li><strong>\u0110\u1ed9 s\u00e2u b\u00e1t th\u1ee9 c\u1ea5p (mm):\u00a0<\/strong>200<\/li>\n<\/ul>\n<\/div>\n<\/div>\n","protected":false},"excerpt":{"rendered":"<div id=\"product-title\" class=\"et_pb_module et_pb_text et_pb_bg_layout_light et_pb_text_align_left\">\n<div class=\"et_pb_text_inner\">\n<div id=\"product-title\" class=\"et_pb_module et_pb_text et_pb_bg_layout_light et_pb_text_align_left\">\n<div class=\"et_pb_text_inner\">\n<h2 style=\"text-align: center;\"><strong>Ch\u1eadu r\u1eeda Teka ZENIT RS15 2B 1D<\/strong><\/h2>\n<\/div>\n<\/div>\n<div class=\"et_pb_module et_pb_text et_pb_text_1 et_pb_bg_layout_light et_pb_text_align_left\">\n<div class=\"et_pb_text_inner\">\n<div id=\"product-content\">\n<p style=\"text-align: center;\">Ch\u1ea5t li\u1ec7u th\u00e9p kh\u00f4ng g\u1ec9<\/p>\n<p style=\"text-align: center;\">K\u00edch th\u01b0\u1edbc h\u1ed9c r\u1eeda: 340 x 400 x 200mm<\/p>\n<p style=\"text-align: center;\">Gi\u1edbi h\u1ea1n h\u1ed9c t\u1ee7 d\u01b0\u1edbi &gt;80cm<\/p>\n<p style=\"text-align: center;\">Xu\u1ea5t x\u1ee9: T\u00e2y Ban Nha<\/p>\n<\/div>\n<\/div>\n<\/div>\n<\/div>\n<\/div>\n","protected":false},"featured_media":2472,"comment_status":"open","ping_status":"closed","template":"","meta":[],"product_brand":[],"product_cat":[331,311],"product_tag":[148,335,332,333],"class_list":{"0":"post-2348","1":"product","2":"type-product","3":"status-publish","4":"has-post-thumbnail","6":"product_cat-chau-rua-chen-teka","7":"product_cat-thuong-hieu-teka","8":"product_tag-chau-rua-chen","9":"product_tag-chau-rua-chen-lap-noi","10":"product_tag-chau-rua-chen-teka","11":"product_tag-chau-rua-chen-thep","13":"first","14":"instock","15":"sale","16":"shipping-taxable","17":"purchasable","18":"product-type-simple"},"_links":{"self":[{"href":"https:\/\/livinghome.vn\/thiet-bi\/wp-json\/wp\/v2\/product\/2348","targetHints":{"allow":["GET"]}}],"collection":[{"href":"https:\/\/livinghome.vn\/thiet-bi\/wp-json\/wp\/v2\/product"}],"about":[{"href":"https:\/\/livinghome.vn\/thiet-bi\/wp-json\/wp\/v2\/types\/product"}],"replies":[{"embeddable":true,"href":"https:\/\/livinghome.vn\/thiet-bi\/wp-json\/wp\/v2\/comments?post=2348"}],"wp:featuredmedia":[{"embeddable":true,"href":"https:\/\/livinghome.vn\/thiet-bi\/wp-json\/wp\/v2\/media\/2472"}],"wp:attachment":[{"href":"https:\/\/livinghome.vn\/thiet-bi\/wp-json\/wp\/v2\/media?parent=2348"}],"wp:term":[{"taxonomy":"product_brand","embeddable":true,"href":"https:\/\/livinghome.vn\/thiet-bi\/wp-json\/wp\/v2\/product_brand?post=2348"},{"taxonomy":"product_cat","embeddable":true,"href":"https:\/\/livinghome.vn\/thiet-bi\/wp-json\/wp\/v2\/product_cat?post=2348"},{"taxonomy":"product_tag","embeddable":true,"href":"https:\/\/livinghome.vn\/thiet-bi\/wp-json\/wp\/v2\/product_tag?post=2348"}],"curies":[{"name":"wp","href":"https:\/\/api.w.org\/{rel}","templated":true}]}}