{"id":2330,"date":"2023-01-12T16:50:12","date_gmt":"2023-01-12T16:50:12","guid":{"rendered":"https:\/\/livinghome.vn\/thiet-bi\/?post_type=product&#038;p=2330"},"modified":"2024-11-29T14:20:31","modified_gmt":"2024-11-29T07:20:31","slug":"chau-rua-teka-universe-80-t-xp-2b-lap-noi-2-hoc-rua-79cm","status":"publish","type":"product","link":"https:\/\/livinghome.vn\/thiet-bi\/chau-rua-teka-universe-80-t-xp-2b-lap-noi-2-hoc-rua-79cm\/","title":{"rendered":"Ch\u1eadu r\u1eeda Teka UNIVERSE 80 T-XP 2B l\u1eafp n\u1ed5i 2 h\u1ed9c r\u1eeda 79cm"},"content":{"rendered":"<h2>Ch\u1eadu r\u1eeda Teka UNIVERSE 80 T-XP 2B l\u1eafp n\u1ed5i nh\u1eadp kh\u1ea9u T\u00e2y Ban Nha<\/h2>\n<p>B\u1ed9 s\u01b0u t\u1eadp Universe m\u1edbi ra \u0111\u1eddi lu\u00f4n ch\u00fa tr\u1ecdng \u0111\u1ebfn t\u1eebng chi ti\u1ebft, mang \u0111\u1ebfn gi\u1ea3i ph\u00e1p t\u1ed1t nh\u1ea5t v\u1edbi thi\u1ebft k\u1ebf ti\u00ean phong v\u00e0 \u0111\u1ed9c \u0111\u00e1o, n\u1ed5i b\u1eadt v\u1ec1 s\u1ef1 \u0111a d\u1ea1ng, ch\u1ee9c n\u0103ng v\u00e0 v\u1ebb \u0111\u1eb9p c\u1ee7a b\u1ec1 m\u1eb7t. Universe cung c\u1ea5p m\u1ed9t lo\u1ea1t c\u00e1c th\u00e0nh ph\u1ea7n, k\u00edch th\u01b0\u1edbc v\u00e0 ho\u00e0n thi\u1ec7n \u0111\u1ec3 ch\u1ecdn b\u1ed3n r\u1eeda ph\u00f9 h\u1ee3p nh\u1ea5t v\u1edbi l\u1ed1i s\u1ed1ng c\u1ee7a b\u1ea1n.<\/p>\n<figure id=\"attachment_65644\" aria-describedby=\"caption-attachment-65644\" style=\"width: 800px\" class=\"wp-caption alignnone\"><img loading=\"lazy\" decoding=\"async\" class=\"size-large wp-image-65644\" src=\"https:\/\/livinghome.vn\/thiet-bi\/wp-content\/uploads\/nha-bep\/teka\/chau-rua\/chau-rua-teka-universe-80-t-xp-2b\/chau-rua-teka-universe-80-t-xp-2b-1-800x800.jpg\" alt=\"Ch\u1eadu r\u1eeda Teka UNIVERSE 80 T-XP 2B l\u1eafp n\u1ed5i 2 h\u1ed9c r\u1eeda 79cm\" width=\"800\" height=\"800\" title=\"\"><figcaption id=\"caption-attachment-65644\" class=\"wp-caption-text\">Ch\u1eadu r\u1eeda Teka UNIVERSE 80 T-XP 2B l\u1eafp n\u1ed5i 2 h\u1ed9c r\u1eeda 79cm<\/figcaption><\/figure>\n<h3><strong>T\u00ednh n\u0103ng c\u01a1 b\u1ea3n<\/strong><\/h3>\n<ul>\n<li><a href=\"https:\/\/livinghome.vn\/thiet-bi\/dung-cu-nha-bep\/chau-rua-chen\/\">Ch\u1eadu r\u1eeda<\/a> l\u1eafp n\u1ed5i<\/li>\n<li>Ch\u1ea5t li\u1ec7u th\u00e9p kh\u00f4ng g\u1ec9<\/li>\n<li>Ki\u1ec3u d\u00e1ng 2 h\u1ed9c r\u1eeda<\/li>\n<li>K\u00edch th\u01b0\u1edbc t\u1ed5ng qu\u00e1t: 790x500x170 (mm)<\/li>\n<li>K\u00edch th\u01b0\u1edbc 02 h\u1ed9c r\u1eeda 340x400x 170 (mm)<\/li>\n<li>Gi\u1edbi h\u1ea1n h\u1ed9c t\u1ee7 d\u01b0\u1edbi &gt; 80 cm<\/li>\n<\/ul>\n<figure id=\"attachment_65646\" aria-describedby=\"caption-attachment-65646\" style=\"width: 800px\" class=\"wp-caption alignnone\"><img loading=\"lazy\" decoding=\"async\" class=\"size-large wp-image-65646\" src=\"https:\/\/livinghome.vn\/thiet-bi\/wp-content\/uploads\/nha-bep\/teka\/chau-rua\/chau-rua-teka-universe-80-t-xp-2b\/chau-rua-teka-universe-80-t-xp-2b-5-800x800.jpg\" alt=\"Ch\u1eadu r\u1eeda Teka UNIVERSE 80 T-XP 2B l\u1eafp n\u1ed5i 2 h\u1ed9c r\u1eeda 79cm\" width=\"800\" height=\"800\" title=\"\"><figcaption id=\"caption-attachment-65646\" class=\"wp-caption-text\">Ch\u1eadu r\u1eeda Teka UNIVERSE 80 T-XP 2B l\u1eafp n\u1ed5i ch\u1ea5t l\u01b0\u1ee3ng cao<\/figcaption><\/figure>\n<div class=\"mceTemp\"><strong style=\"font-size: 20.16px;\">Th\u00f4ng s\u1ed1 k\u1ef9 thu\u1eadt<\/strong><\/div>\n<ul>\n<li><strong>S\u1ed1 l\u01b0\u1ee3ng l\u1ed7 b\u00edt:\u00a0<\/strong>0<\/li>\n<li><strong>Lo\u1ea1i van l\u1ed7:\u00a0<\/strong>3\u00bd&#8221;<\/li>\n<li><strong>Khoang l\u00f2 (cm):\u00a0<\/strong>80<\/li>\n<\/ul>\n<h4 class=\"et_pb_toggle_title\">K\u00edch th\u01b0\u1edbc chung<\/h4>\n<ul>\n<li><strong>Chi\u1ec1u r\u1ed9ng (mm):\u00a0<\/strong>500<\/li>\n<li><strong>Tr\u1ecdng l\u01b0\u1ee3ng (Kgs):\u00a0<\/strong>3,72<\/li>\n<\/ul>\n<div class=\"et_pb_toggle_content clearfix\">\n<h4>K\u00edch th\u01b0\u1edbc b\u00e1t ch\u00ednh<\/h4>\n<div class=\"et_pb_toggle_content clearfix\">\n<ul>\n<li><strong>Chi\u1ec1u d\u00e0i b\u00e1t ch\u00ednh (mm):\u00a0<\/strong>340<\/li>\n<li><strong>Chi\u1ec1u r\u1ed9ng b\u00e1t ch\u00ednh (mm):\u00a0<\/strong>400<\/li>\n<li><strong>\u0110\u1ed9 s\u00e2u b\u00e1t ch\u00ednh (mm):\u00a0<\/strong>170<\/li>\n<\/ul>\n<h4>K\u00edch th\u01b0\u1edbc b\u00e1t th\u1ee9 c\u1ea5p<\/h4>\n<ul>\n<li><strong>Chi\u1ec1u d\u00e0i b\u00e1t th\u1ee9 c\u1ea5p (mm):\u00a0<\/strong>340<\/li>\n<li><strong>Chi\u1ec1u r\u1ed9ng b\u00e1t th\u1ee9 c\u1ea5p (mm):\u00a0<\/strong>400<\/li>\n<li><strong>\u0110\u1ed9 s\u00e2u b\u00e1t th\u1ee9 c\u1ea5p (mm):\u00a0<\/strong>170<\/li>\n<\/ul>\n<\/div>\n<\/div>\n","protected":false},"excerpt":{"rendered":"<div id=\"product-title\" class=\"et_pb_module et_pb_text et_pb_bg_layout_light et_pb_text_align_left\">\n<div class=\"et_pb_text_inner\">\n<div id=\"product-title\" class=\"et_pb_module et_pb_text et_pb_bg_layout_light et_pb_text_align_left\">\n<div class=\"et_pb_text_inner\">\n<h2 style=\"text-align: center;\"><strong>Ch\u1eadu r\u1eeda Teka UNIVERSE 80 T-XP 2B<\/strong><\/h2>\n<\/div>\n<\/div>\n<div class=\"et_pb_module et_pb_text et_pb_text_1 et_pb_bg_layout_light et_pb_text_align_left\">\n<div class=\"et_pb_text_inner\">\n<div id=\"product-content\">\n<p style=\"text-align: center;\">D\u00f2ng s\u1ea3n ph\u1ea9m Universe<\/p>\n<p style=\"text-align: center;\">Ch\u1eadu r\u1eeda l\u1eafp n\u1ed5i<\/p>\n<p style=\"text-align: center;\">Ch\u1ea5t li\u1ec7u th\u00e9p kh\u00f4ng g\u1ec9<\/p>\n<p style=\"text-align: center;\">Ki\u1ec3u d\u00e1ng 2 h\u1ed9c r\u1eeda<\/p>\n<p style=\"text-align: center;\">K\u00edch th\u01b0\u1edbc 02 h\u1ed9c r\u1eeda 340x400x 170 (mm)<\/p>\n<p style=\"text-align: center;\">Gi\u1edbi h\u1ea1n h\u1ed9c t\u1ee7 d\u01b0\u1edbi &gt;80 cm<\/p>\n<\/div>\n<\/div>\n<\/div>\n<\/div>\n<\/div>\n","protected":false},"featured_media":2462,"comment_status":"open","ping_status":"closed","template":"","meta":[],"product_brand":[],"product_cat":[331,311],"product_tag":[148,335,332,333],"class_list":{"0":"post-2330","1":"product","2":"type-product","3":"status-publish","4":"has-post-thumbnail","6":"product_cat-chau-rua-chen-teka","7":"product_cat-thuong-hieu-teka","8":"product_tag-chau-rua-chen","9":"product_tag-chau-rua-chen-lap-noi","10":"product_tag-chau-rua-chen-teka","11":"product_tag-chau-rua-chen-thep","13":"first","14":"instock","15":"sale","16":"shipping-taxable","17":"purchasable","18":"product-type-simple"},"_links":{"self":[{"href":"https:\/\/livinghome.vn\/thiet-bi\/wp-json\/wp\/v2\/product\/2330","targetHints":{"allow":["GET"]}}],"collection":[{"href":"https:\/\/livinghome.vn\/thiet-bi\/wp-json\/wp\/v2\/product"}],"about":[{"href":"https:\/\/livinghome.vn\/thiet-bi\/wp-json\/wp\/v2\/types\/product"}],"replies":[{"embeddable":true,"href":"https:\/\/livinghome.vn\/thiet-bi\/wp-json\/wp\/v2\/comments?post=2330"}],"wp:featuredmedia":[{"embeddable":true,"href":"https:\/\/livinghome.vn\/thiet-bi\/wp-json\/wp\/v2\/media\/2462"}],"wp:attachment":[{"href":"https:\/\/livinghome.vn\/thiet-bi\/wp-json\/wp\/v2\/media?parent=2330"}],"wp:term":[{"taxonomy":"product_brand","embeddable":true,"href":"https:\/\/livinghome.vn\/thiet-bi\/wp-json\/wp\/v2\/product_brand?post=2330"},{"taxonomy":"product_cat","embeddable":true,"href":"https:\/\/livinghome.vn\/thiet-bi\/wp-json\/wp\/v2\/product_cat?post=2330"},{"taxonomy":"product_tag","embeddable":true,"href":"https:\/\/livinghome.vn\/thiet-bi\/wp-json\/wp\/v2\/product_tag?post=2330"}],"curies":[{"name":"wp","href":"https:\/\/api.w.org\/{rel}","templated":true}]}}