{"id":22915,"date":"2024-12-11T17:00:37","date_gmt":"2024-12-11T10:00:37","guid":{"rendered":"https:\/\/livinghome.vn\/thiet-bi\/?post_type=product&#038;p=22915"},"modified":"2024-12-29T15:14:08","modified_gmt":"2024-12-29T08:14:08","slug":"may-hut-mui-toa-ngang-kaff-kf-771","status":"publish","type":"product","link":"https:\/\/livinghome.vn\/thiet-bi\/may-hut-mui-toa-ngang-kaff-kf-771\/","title":{"rendered":"M\u00e1y H\u00fat M\u00f9i Toa Ngang Kaff KF-771"},"content":{"rendered":"<h1><strong>Gi\u1edbi thi\u1ec7u M\u00e1y H\u00fat M\u00f9i Toa Ngang Kaff KF-771 <\/strong><\/h1>\n<h2>Thi\u1ebft k\u1ebf sang tr\u1ecdng<\/h2>\n<p>Th\u00e2n m\u00e1y v\u1edbi ki\u1ec3u d\u00e1ng\u00a0ch\u1eef\u00a0<strong>&#8220;T&#8221;<\/strong>\u00a0g\u1eafn t\u01b0\u1eddng \u0111\u1eb9p m\u1eaft v\u1edbi ch\u1ea5t li\u1ec7u inox v\u00e0 k\u00ednh c\u01b0\u1eddng l\u1ef1c m\u00e1y c\u00f3 t\u00ednh ch\u1ecbu nhi\u1ec7t, ch\u1ecbu l\u1ef1c r\u1ea5t cao. Kh\u00e1ch h\u00e0ng c\u00f3 th\u1ec3 ho\u00e0n to\u00e0n y\u00ean t\u00e2m v\u1ec1 \u0111\u1ed9 an to\u00e0n c\u1ee7a m\u00e1y.\u00a0M\u00e1y c\u00f3 m\u00e0u \u0111en nh\u00e1m nh\u00ecn r\u1ea5t sang tr\u1ecdng v\u00e0 \u0111\u1eb9p m\u1eaft.<\/p>\n<p>V\u1edbi k\u00edch th\u01b0\u1edbc\u00a0<strong>70cm<\/strong>\u00a0m\u00e1y c\u00f3 th\u1ec3 k\u1ebft h\u1ee3p v\u1edbi r\u1ea5t nhi\u1ec1u ki\u1ec3u b\u1ebfp v\u00ec h\u1ea7u h\u1ebft c\u00e1c b\u1ebfp \u0111\u1ec1u c\u00f3 k\u00edch th\u01b0\u1edbc t\u01b0\u01a1ng x\u1ee9ng. M\u00e1y ph\u00f9 h\u1ee3p v\u1edbi nh\u1eefng kh\u00f4ng gian r\u1ed9ng r\u00e3i s\u1ebd t\u0103ng th\u00eam v\u1ebb sang tr\u1ecdng cho gian b\u1ebfp c\u1ee7a b\u1ea1n. Ch\u1ea5t li\u1ec7u c\u1ee7a m\u00e1y \u0111\u01b0\u1ee3c l\u00e0m b\u1eb1ng ch\u1ea5t li\u1ec7u inox v\u00e0 k\u00ednh c\u01b0\u1eddng l\u1ef1c t\u0103ng \u0111\u1ed9 b\u1ec1n cho m\u00e1y v\u00e0 \u0111\u1ed9 an to\u00e0n cho ng\u01b0\u1eddi s\u1eed d\u1ee5ng.<\/p>\n<p>\u0110\u00e2y l\u00e0 d\u00f2ng s\u1ea3n ph\u1ea9m g\u1eafn t\u01b0\u1eddng c\u1ee7a M\u00e1y H\u00fat M\u00f9i Toa Ngang Kaff KF-771, v\u1edbi c\u00e1c ch\u1ee9c n\u0103ng \u0111\u1eb7c bi\u1ec7t, \u0111\u01b0\u1ee3c l\u1eafp r\u00e1p b\u1edfi v\u1eadt li\u1ec7u h\u1ea1ng nh\u1ea5t gi\u00fap l\u00e0m s\u1ea1ch kh\u00f4ng kh\u00ed, gi\u1eef c\u0103n b\u1ebfp tr\u1edf l\u00ean tho\u00e1ng m\u00e1t\u00a0v\u00e0 \u0111\u1ea3m b\u1ea3o y\u1ebfu t\u1ed1 th\u1ea9m m\u1ef9\u00a0c\u0169ng nh\u01b0 t\u00ednh b\u1ec1n b\u1ec9 theo th\u1eddi gian.<\/p>\n<p>M\u00e1y H\u00fat M\u00f9i Toa Ngang Kaff KF-771 s\u1eed d\u1ee5ng b\u1ea3ng \u0111i\u1ec1u khi\u1ec3n c\u1ea3m \u1ee9ng g\u1ed3m 3 t\u1ed1c \u0111\u1ed9 h\u00fat ph\u00f9 h\u1ee3p v\u1edbi l\u01b0\u1ee3ng m\u00f9i v\u00e0 kh\u00f3i khi n\u1ea5u \u0103n \u0111\u1ec3 \u0111\u1ea3m b\u1ea3o s\u1ea1ch m\u00f9i cho kh\u00f4ng gian b\u1ebfp nh\u00e0 b\u1ea1n. \u0110\u1eb7c bi\u1ec7t v\u1edbi ch\u1ebf \u0111\u1ed9 \u0111i\u1ec1u khi\u1ec3n t\u1eeb xa b\u1ea1n c\u00f3 th\u1ec3 \u0111i\u1ec1u ch\u00ednh v\u00f4 c\u00f9ng d\u1ec5 d\u00e0ng d\u00f9 \u0111\u1ee9ng b\u1ea5t k\u00ec v\u1ecb tr\u00ed n\u00e0o trong ph\u00f2ng b\u1ebfp.<\/p>\n<p>H\u1ec7 th\u1ed1ng \u0111\u00e8n chi\u1ebfu s\u00e1ng c\u1ee7a m\u00e1y g\u1ed3m 2 \u0111\u00e8n Led c\u00f3 t\u00e1c d\u1ee5ng chi\u1ebfu s\u00e1ng v\u00e0 l\u00e0m cho c\u00f4ng vi\u1ec7c n\u1ea5u \u0103n th\u00eam thu\u1eadn l\u1ee3i. L\u01b0\u1edbi l\u1ecdc m\u1ee1 b\u1eb1ng INOX \u0111\u1ec3 ng\u0103n ch\u1eb7n tri\u1ec7t \u0111\u1ec3 m\u00f9i, b\u1ee5i l\u1ecdt v\u00e0o b\u00ean trong m\u00e1y g\u00e2y h\u1ecfng \u0111\u1ed9ng c\u01a1. T\u1ea5m l\u01b0\u1edbi n\u00e0y c\u00f3 th\u1ec3 th\u00e1o r\u1eddi \u0111\u1ec3 v\u1ec7 sinh m\u1ed9t c\u00e1ch d\u1ec5 d\u00e0ng.<\/p>\n<figure id=\"attachment_22916\" aria-describedby=\"caption-attachment-22916\" style=\"width: 900px\" class=\"wp-caption alignnone\"><img loading=\"lazy\" decoding=\"async\" class=\"size-full wp-image-22916\" src=\"https:\/\/livinghome.vn\/thiet-bi\/wp-content\/uploads\/2024\/12\/kf-771-1.jpg\" alt=\"M\u00e1y H\u00fat M\u00f9i Toa Ngang Kaff KF-771 \" width=\"900\" height=\"900\" title=\"\" srcset=\"https:\/\/livinghome.vn\/thiet-bi\/wp-content\/uploads\/2024\/12\/kf-771-1.jpg 900w, https:\/\/livinghome.vn\/thiet-bi\/wp-content\/uploads\/2024\/12\/kf-771-1-400x400.jpg 400w, https:\/\/livinghome.vn\/thiet-bi\/wp-content\/uploads\/2024\/12\/kf-771-1-800x800.jpg 800w, https:\/\/livinghome.vn\/thiet-bi\/wp-content\/uploads\/2024\/12\/kf-771-1-280x280.jpg 280w, https:\/\/livinghome.vn\/thiet-bi\/wp-content\/uploads\/2024\/12\/kf-771-1-768x768.jpg 768w, https:\/\/livinghome.vn\/thiet-bi\/wp-content\/uploads\/2024\/12\/kf-771-1-300x300.jpg 300w, https:\/\/livinghome.vn\/thiet-bi\/wp-content\/uploads\/2024\/12\/kf-771-1-600x600.jpg 600w, https:\/\/livinghome.vn\/thiet-bi\/wp-content\/uploads\/2024\/12\/kf-771-1-100x100.jpg 100w\" sizes=\"auto, (max-width: 900px) 100vw, 900px\" \/><figcaption id=\"caption-attachment-22916\" class=\"wp-caption-text\">M\u00e1y H\u00fat M\u00f9i Toa Ngang Kaff KF-771<\/figcaption><\/figure>\n<h2>C\u00f4ng su\u1ea5t h\u00fat kh\u1ecfe, \u0111\u1ed9ng c\u01a1 turbin \u0111\u00f4i<\/h2>\n<p>M\u00e1y H\u00fat M\u00f9i Toa Ngang Kaff KF-771 \u0111\u01b0\u1ee3c trang b\u1ecb \u0111\u1ed9ng c\u01a1 tua bin \u0111\u00f4i nh\u1eb1m t\u1ea1o ra m\u1ed9t c\u00f4ng su\u1ea5t h\u00fat l\u1edbn nh\u1ea5t. C\u00f4ng su\u1ea5t \u0111\u1ed9ng c\u01a1 <strong>170W<\/strong>, c\u00f4ng su\u1ea5t h\u00fat c\u1ef1c m\u1ea1nh\u00a0<strong>1000m3\/h<\/strong>\u00a0gi\u00fap h\u00fat h\u1ebft c\u00e1c m\u00f9i th\u1ee9c \u0103n l\u00e0m s\u1ea1ch kh\u00f4ng kh\u00ed mang l\u1ea1i cho c\u0103n b\u1ebfp lu\u00f4n th\u00f4ng tho\u00e1ng.<\/p>\n<p>M\u00e1y H\u00fat M\u00f9i Toa Ngang Kaff KF-771 ho\u1ea1t \u0111\u1ed9ng d\u1ef1a tr\u00ean nguy\u00ean t\u1eafc c\u1ee7a qu\u1ea1t th\u00f4ng gi\u00f3 k\u1ebft h\u1ee3p v\u1edbi c\u00e1c m\u00e0ng l\u1ecdc. M\u00e1y th\u01b0\u1eddng bao g\u1ed3m c\u00e1c b\u1ed9 ph\u1eadn c\u01a1 b\u1ea3n nh\u01b0: l\u1edbp toa inox b\u00ean ngo\u00e0i, h\u1ec7 th\u1ed1ng d\u1eabn kh\u00ed, l\u01b0\u1edbi l\u1ecdc, qu\u1ea1t h\u00fat, \u0111\u00e8n chi\u1ebfu s\u00e1ng, \u0111\u00e8n b\u00e1o hi\u1ec7u m\u1ee9c \u0111\u1ed9 b\u00e1m b\u1ea9n v\u00e0 b\u1ea3ng \u0111i\u1ec1u khi\u1ec3n t\u1ed1c \u0111\u1ed9 h\u00fat.<\/p>\n<p>C\u00e1c lo\u1ea1i kh\u00ed \u0111\u1ed9c h\u1ea1i v\u00e0 m\u00f9i kh\u00f3 ch\u1ecbu s\u1ebd \u0111\u01b0\u1ee3c h\u00fat l\u00ean b\u1eb1ng turbin (ho\u1eb7c \u0111\u1ed9ng c\u01a1 moter) v\u00e0 chuy\u1ec3n ra ngo\u00e0i, c\u00f2n b\u1ee5i b\u1ea9n v\u00e0 c\u00e1c h\u1ea1t d\u1ea7u m\u1ee1 s\u1ebd b\u00e1m l\u1ea1i l\u1edbp m\u00e0ng l\u1ecdc, c\u00f3 th\u1ec3 d\u1ec5 d\u00e0ng th\u00e1o ra \u0111\u1ec3 v\u1ec7 sinh v\u00e0 thay m\u1edbi thi\u1ebft b\u1ecb.<\/p>\n<figure id=\"attachment_22918\" aria-describedby=\"caption-attachment-22918\" style=\"width: 900px\" class=\"wp-caption alignnone\"><img loading=\"lazy\" decoding=\"async\" class=\"size-full wp-image-22918\" src=\"https:\/\/livinghome.vn\/thiet-bi\/wp-content\/uploads\/2024\/12\/kf-771-3.png\" alt=\"M\u00e1y H\u00fat M\u00f9i Toa Ngang Kaff KF-771 \" width=\"900\" height=\"900\" title=\"\" srcset=\"https:\/\/livinghome.vn\/thiet-bi\/wp-content\/uploads\/2024\/12\/kf-771-3.png 900w, https:\/\/livinghome.vn\/thiet-bi\/wp-content\/uploads\/2024\/12\/kf-771-3-400x400.png 400w, https:\/\/livinghome.vn\/thiet-bi\/wp-content\/uploads\/2024\/12\/kf-771-3-800x800.png 800w, https:\/\/livinghome.vn\/thiet-bi\/wp-content\/uploads\/2024\/12\/kf-771-3-280x280.png 280w, https:\/\/livinghome.vn\/thiet-bi\/wp-content\/uploads\/2024\/12\/kf-771-3-768x768.png 768w, https:\/\/livinghome.vn\/thiet-bi\/wp-content\/uploads\/2024\/12\/kf-771-3-300x300.png 300w, https:\/\/livinghome.vn\/thiet-bi\/wp-content\/uploads\/2024\/12\/kf-771-3-600x600.png 600w, https:\/\/livinghome.vn\/thiet-bi\/wp-content\/uploads\/2024\/12\/kf-771-3-100x100.png 100w\" sizes=\"auto, (max-width: 900px) 100vw, 900px\" \/><figcaption id=\"caption-attachment-22918\" class=\"wp-caption-text\">M\u00e1y H\u00fat M\u00f9i Toa Ngang Kaff KF-771<\/figcaption><\/figure>\n<h3>Kh\u1eed m\u00f9i b\u1eb1ng than ho\u1ea1t t\u00ednh v\u00e0 \u1ed1ng tho\u00e1t ra ngo\u00e0i D150<\/h3>\n<p>M\u00e1y H\u00fat M\u00f9i Toa Ngang Kaff KF-771 s\u1eed d\u1ee5ng ph\u01b0\u01a1ng ph\u00e1p h\u00fat m\u00f9i tr\u1ef1c ti\u1ebfp t\u1ee9c m\u00f9i \u0111\u01b0\u1ee3c \u0111\u1ea9y ra ngo\u00e0i theo \u0111\u01b0\u1eddng \u1ed1ng tho\u00e1t <strong>D150<\/strong>. \u0110\u1ed3ng th\u1eddi ch\u1ee9c n\u0103ng kh\u1eed m\u00f9i b\u1eb1ng than ho\u1ea1t t\u00ednh s\u1ebd gi\u00fap cho kh\u00f4ng kh\u00ed trong ph\u00f2ng b\u1ebfp lu\u00f4n s\u1ea1ch s\u1ebd. C\u00e1ch th\u1ee9c n\u00e0y s\u1ebd gi\u00fap M\u00e1y H\u00fat M\u00f9i Toa Ngang Kaff KF-771 c\u00f3 hi\u1ec7u qu\u1ea3 t\u1edbi 100% v\u00e0 m\u00f9i s\u1ebd \u0111\u01b0\u1ee3c \u0111\u1ea9y ho\u00e0n to\u00e0n ra ngo\u00e0i tr\u1eddi.<\/p>\n<h3>Ti\u1ebft ki\u1ec7m \u0111i\u1ec7n n\u0103ng v\u00e0 \u0111\u1ed9 \u1ed3n kh\u00f4ng l\u1edbn<\/h3>\n<p>\u0110\u1ed9 \u1ed3n t\u1ed1i \u0111a c\u1ee7a m\u00e1y r\u1ea5t nh\u1ecf (nh\u1ecf h\u01a1n\u00a0<strong>48Db<\/strong>), m\u00e1y \u00eam kh\u00f4ng \u1ea3nh h\u01b0\u1edfng \u0111\u1ebfn sinh ho\u1ea1t gia \u0111\u00ecnh b\u1ea1n. T\u1ed5ng \u0111i\u1ec7n n\u0103ng ti\u00eau thu \u0111i\u1ec7n c\u1ee7a m\u00e1y khi\u1ebfn b\u1ea1n ph\u1ea3i ng\u1ea1c nhi\u00ean v\u00ec 6 \u0111\u1ebfn 7 ti\u1ebfng \u0111\u1ed3ng h\u1ed3 ho\u1ea1t \u0111\u1ed9ng c\u1ee7a m\u00e1y m\u1edbi h\u1ebft c\u00f3 1 s\u1ed1 \u0111i\u1ec7n c\u1ee7a b\u1ea1n.<\/p>\n<h3>M\u1ed9t s\u1ed1 l\u01b0u \u00fd khi s\u1eed d\u1ee5ng<\/h3>\n<ul>\n<li>\u0110\u1ec3 n\u00e2ng cao hi\u1ec7u su\u1ea5t h\u00fat c\u1ee7a m\u00e1y h\u00fat m\u00f9i khi s\u1eed d\u1ee5ng b\u1ea1n c\u1ea7n l\u01b0u \u00fd nh\u1eefng \u0111i\u1ec1u sau \u0111\u00e2y:<\/li>\n<li>\u0110\u1ed1i v\u1edbi nh\u1eefng chi\u1ebfc m\u00e1y h\u00fat m\u00f9i s\u1eed d\u1ee5ng than ho\u1ea1t t\u00ednh, b\u1ea1n n\u00ean thay than t\u1eeb 6 th\u00e1ng \u0111\u1ebfn 1 n\u0103m m\u1ed9t l\u1ea7n \u0111\u1ec3 \u0111\u1ea3m b\u1ea3o hi\u1ec7u qu\u1ea3 kh\u1eed m\u00f9i.<\/li>\n<li>Lu\u00f4n lau ch\u00f9i m\u00e1y b\u1eb1ng gi\u1ebb m\u1ec1m, c\u00f3 ch\u1ea5t t\u1ea9y r\u1eeda.<\/li>\n<li>Kh\u00f4ng s\u1eed d\u1ee5ng m\u00e1y khi ngu\u1ed3n \u0111i\u1ec7n ch\u1eadp ch\u1eddn.<\/li>\n<li>\u0110\u1ec3 tr\u00e1nh g\u00e2y h\u1ea1n \u0111\u1ebfn \u0111\u1ed9ng c\u01a1 b\u00ean trong m\u00e1y b\u1ea1n kh\u00f4ng n\u00ean \u0111\u1ec3 n\u01b0\u1edbc ho\u1eb7c v\u1eadt\u00a0c\u1ee9ng l\u1ecdt v\u00e0o trong m\u00e1y.<\/li>\n<li>\u0110\u1eb7c bi\u1ec7t \u0111\u1ec3 ti\u1ebft ki\u1ec7m \u0111i\u1ec7n v\u00e0 t\u0103ng tu\u1ed5i th\u1ecd cho m\u00e1y h\u01a1n h\u1ebft b\u1ea1n n\u00ean s\u1eed d\u1ee5ng \u0111\u00fang t\u1ed1c \u0111\u1ed9 c\u1ee7a m\u00e1y, kh\u00f4ng n\u00ean l\u1ea1m d\u1ee5ng t\u1ed1c \u0111\u1ed9 cao nh\u1ea5t t\u1ee9c \u0111\u1ed1i v\u1edbi nh\u1eefng m\u00f3n \u0103n kh\u00f4ng ch\u1ee9a d\u1ea7u m\u1ee1 nh\u01b0 c\u00e1c m\u00f3n lu\u1ed9c b\u1ea1n ch\u1ec9 c\u1ea7n \u0111\u1ec3 m\u00e1y \u1edf m\u1ee9c c\u00f4ng su\u1ea5t th\u1ea5p, v\u1edbi nh\u1eefng m\u00f3n ch\u1ee9a nhi\u1ec1u d\u1ea7u m\u1ee1 nh\u01b0: chi\u00ean, x\u00e0o, r\u00e1n ho\u1eb7c nh\u1eefng m\u00f3n n\u1eb7ng m\u00f9i nh\u01b0 gi\u1ea3 c\u00e0y th\u00ec b\u1ea1n m\u1edbi c\u1ea7n s\u1eed d\u1ee5ng m\u00e1y h\u00fat m\u00f9i \u1edf c\u1ea5p \u0111\u1ed9 cao.<\/li>\n<li>T\u1ea7m 2 th\u00e1ng b\u1ea1n n\u00ean v\u1ec7 sinh l\u01b0\u1edbi l\u1ecdc 1 l\u1ea7n. N\u00ean b\u1ea3o d\u01b0\u1ee1ng m\u00e1y 12 th\u00e1ng 1 l\u1ea7n c\u0169ng l\u00e0 c\u00e1ch \u0111\u1ec3 m\u00e1y ho\u1ea1t \u0111\u1ed9ng t\u1ed1t h\u01a1n.<\/li>\n<\/ul>\n<h2>TH\u00d4NG S\u1ed0 K\u1ef8 THU\u1eacT<\/h2>\n<p>\u2022 M\u00e1y H\u00fat M\u00f9i Toa Ngang Kaff KF-771 k\u00ednh toa<br \/>\n\u2022 Th\u00e2n m\u00e1y b\u1eb1ng inox s\u00e1ng \u0111\u1eb9p<br \/>\n\u2022 \u0110i\u1ec1u khi\u1ec3n c\u1ea3m \u1ee9ng 3 t\u1ed1c \u0111\u1ed9<br \/>\n\u2022 Ch\u1ee9c n\u0103ng c\u1ea3m \u1ee9ng kh\u00f3i, nhi\u1ec7t hi\u1ec7n \u0111\u1ea1i<br \/>\n\u2022 L\u01b0\u1edbi l\u1ecdc inox + than ho\u1ea1t t\u00ednh<br \/>\n\u2022 \u0110\u00e8n led 2x2W<br \/>\n\u2022 Motor 1x170W<br \/>\n\u2022 C\u00f4ng su\u1ea5t h\u00fat t\u1ed1i \u0111a 1000m\u00b3\/h<br \/>\n\u2022 \u0110\u1ed9 \u1ed3n maximum 48 dB<br \/>\n\u2022 \u0110i\u1ec7n \u00e1p: 220V &#8211; 240V \/ 50Hz<br \/>\n\u2022 \u1ed0ng tho\u00e1t D150 + 2m \u1ed1ng m\u1ec1m k\u00e8m theo<br \/>\n\u2022 \u1ed0p \u1ed1ng kh\u00f3i inox 2x450x300 mm<br \/>\n\u2022 K\u00edch th\u01b0\u1edbc: 475&#215;700 mm<\/p>\n<h2>K\u00cdCH TH\u01af\u1edaC L\u1eaeP \u0110\u1eb6T S\u1ea2N PH\u1ea8M<\/h2>\n<figure id=\"attachment_22917\" aria-describedby=\"caption-attachment-22917\" style=\"width: 900px\" class=\"wp-caption alignnone\"><img loading=\"lazy\" decoding=\"async\" class=\"size-full wp-image-22917\" src=\"https:\/\/livinghome.vn\/thiet-bi\/wp-content\/uploads\/2024\/12\/kf-771-2.png\" alt=\"M\u00e1y H\u00fat M\u00f9i Toa Ngang Kaff KF-771 \" width=\"900\" height=\"900\" title=\"\" srcset=\"https:\/\/livinghome.vn\/thiet-bi\/wp-content\/uploads\/2024\/12\/kf-771-2.png 900w, https:\/\/livinghome.vn\/thiet-bi\/wp-content\/uploads\/2024\/12\/kf-771-2-400x400.png 400w, https:\/\/livinghome.vn\/thiet-bi\/wp-content\/uploads\/2024\/12\/kf-771-2-800x800.png 800w, https:\/\/livinghome.vn\/thiet-bi\/wp-content\/uploads\/2024\/12\/kf-771-2-280x280.png 280w, https:\/\/livinghome.vn\/thiet-bi\/wp-content\/uploads\/2024\/12\/kf-771-2-768x768.png 768w, https:\/\/livinghome.vn\/thiet-bi\/wp-content\/uploads\/2024\/12\/kf-771-2-300x300.png 300w, https:\/\/livinghome.vn\/thiet-bi\/wp-content\/uploads\/2024\/12\/kf-771-2-600x600.png 600w, https:\/\/livinghome.vn\/thiet-bi\/wp-content\/uploads\/2024\/12\/kf-771-2-100x100.png 100w\" sizes=\"auto, (max-width: 900px) 100vw, 900px\" \/><figcaption id=\"caption-attachment-22917\" class=\"wp-caption-text\">M\u00e1y H\u00fat M\u00f9i Toa Ngang Kaff KF-771<\/figcaption><\/figure>\n<p>C\u00f2n ch\u1ea7n ch\u1edd g\u00ec n\u1eefa,\u00a0<a href=\"https:\/\/livinghome.vn\/\"><strong>Living Home Vi\u1ec7t Nam<\/strong><\/a><a href=\"http:\/\/livinghome.vn\/\">\u00a0<\/a>ch\u1eafc ch\u1eafn s\u1ebd l\u00e0m h\u00e0i l\u00f2ng nh\u1eefng t\u00edn \u0111\u1ed3 y\u00eau th\u00edch v\u00e0 \u0111am m\u00ea c\u00e1c thi\u1ebft b\u1ecb hi\u1ec7n \u0111\u1ea1i..<br \/>\n<strong>Th\u00f4ng tin li\u00ean h\u1ec7:<\/strong><\/p>\n<ul>\n<li>Showroom tr\u1ea3i nghi\u1ec7m v\u00e0 nh\u1eadn t\u1ef1 v\u1ea5n tr\u1ef1c ti\u1ebfp: 442A C\u1ed9ng H\u00f2a, Ph\u01b0\u1eddng 13, Qu\u1eadn T\u00e2n B\u00ecnh, H\u1ed3 Ch\u00ed Minh (c\u00f3 ch\u1ed7 \u0111\u1eadu \u00f4 t\u00f4 nh\u00e9)<\/li>\n<li>Google Maps d\u1eabn \u0111\u01b0\u1eddng:\u00a0<a href=\"https:\/\/maps.app.goo.gl\/RvTsXUvtt1QkdaQa9\" target=\"_blank\" rel=\"dofollow noopener\">XEM \u1ede \u0110\u00c2Y<\/a><\/li>\n<li>K\u00eanh Facebook th\u00f4ng tin c\u1eadp nh\u1eadt:\u00a0<a href=\"https:\/\/www.facebook.com\/noithatlivinghome\/\" target=\"_blank\" rel=\"dofollow noopener\">XEM \u1ede \u0110\u00c2Y<\/a><\/li>\n<li>K\u00eanh Youtube chuy\u00ean video s\u1ea3n ph\u1ea9m m\u1edbi nh\u1ea5t:\u00a0<a href=\"https:\/\/www.youtube.com\/channel\/UCi5ijFuCl-RA7xBGqPlfm4A\" target=\"_blank\" rel=\"dofollow noopener\">XEM \u1ede \u0110\u00c2Y<\/a><\/li>\n<li>K\u00eanh TikTok c\u1eadp nh\u1eadt xu h\u01b0\u1edbng m\u1edbi nh\u1ea5t:\u00a0<a href=\"https:\/\/www.tiktok.com\/@noithatlivinghome?_t=8rA3V9bAq8e&amp;_r=1\" target=\"_blank\" rel=\"dofollow noopener\">XEM \u1ede \u0110\u00c2Y<\/a><\/li>\n<\/ul>\n","protected":false},"excerpt":{"rendered":"<p>Gi\u1edbi thi\u1ec7u M\u00e1y H\u00fat M\u00f9i Toa Ngang Kaff KF-771 Thi\u1ebft k\u1ebf sang tr\u1ecdng Th\u00e2n m\u00e1y v\u1edbi ki\u1ec3u d\u00e1ng\u00a0ch\u1eef\u00a0&#8220;T&#8221;\u00a0g\u1eafn t\u01b0\u1eddng \u0111\u1eb9p m\u1eaft v\u1edbi ch\u1ea5t li\u1ec7u inox v\u00e0 k\u00ednh c\u01b0\u1eddng l\u1ef1c m\u00e1y c\u00f3 t\u00ednh ch\u1ecbu nhi\u1ec7t, ch\u1ecbu l\u1ef1c r\u1ea5t cao. Kh\u00e1ch h\u00e0ng c\u00f3 th\u1ec3 ho\u00e0n to\u00e0n y\u00ean t\u00e2m v\u1ec1 \u0111\u1ed9 an to\u00e0n c\u1ee7a m\u00e1y.\u00a0M\u00e1y c\u00f3 m\u00e0u \u0111en [&#8230;]\n","protected":false},"featured_media":22919,"comment_status":"open","ping_status":"closed","template":"","meta":[],"product_brand":[],"product_cat":[15],"product_tag":[],"class_list":{"0":"post-22915","1":"product","2":"type-product","3":"status-publish","4":"has-post-thumbnail","6":"product_cat-khac","8":"first","9":"instock","10":"shipping-taxable","11":"product-type-simple"},"_links":{"self":[{"href":"https:\/\/livinghome.vn\/thiet-bi\/wp-json\/wp\/v2\/product\/22915","targetHints":{"allow":["GET"]}}],"collection":[{"href":"https:\/\/livinghome.vn\/thiet-bi\/wp-json\/wp\/v2\/product"}],"about":[{"href":"https:\/\/livinghome.vn\/thiet-bi\/wp-json\/wp\/v2\/types\/product"}],"replies":[{"embeddable":true,"href":"https:\/\/livinghome.vn\/thiet-bi\/wp-json\/wp\/v2\/comments?post=22915"}],"wp:featuredmedia":[{"embeddable":true,"href":"https:\/\/livinghome.vn\/thiet-bi\/wp-json\/wp\/v2\/media\/22919"}],"wp:attachment":[{"href":"https:\/\/livinghome.vn\/thiet-bi\/wp-json\/wp\/v2\/media?parent=22915"}],"wp:term":[{"taxonomy":"product_brand","embeddable":true,"href":"https:\/\/livinghome.vn\/thiet-bi\/wp-json\/wp\/v2\/product_brand?post=22915"},{"taxonomy":"product_cat","embeddable":true,"href":"https:\/\/livinghome.vn\/thiet-bi\/wp-json\/wp\/v2\/product_cat?post=22915"},{"taxonomy":"product_tag","embeddable":true,"href":"https:\/\/livinghome.vn\/thiet-bi\/wp-json\/wp\/v2\/product_tag?post=22915"}],"curies":[{"name":"wp","href":"https:\/\/api.w.org\/{rel}","templated":true}]}}