{"id":22874,"date":"2024-11-30T14:05:53","date_gmt":"2024-11-30T07:05:53","guid":{"rendered":"https:\/\/livinghome.vn\/thiet-bi\/?post_type=product&#038;p=22874"},"modified":"2024-12-11T11:34:22","modified_gmt":"2024-12-11T04:34:22","slug":"may-nuoc-nong-truc-tiep-ariston-aures-premium","status":"publish","type":"product","link":"https:\/\/livinghome.vn\/thiet-bi\/may-nuoc-nong-truc-tiep-ariston-aures-premium\/","title":{"rendered":"M\u00e1y N\u01b0\u1edbc N\u00f3ng Tr\u1ef1c Ti\u1ebfp Ariston AURES PREMIUM +"},"content":{"rendered":"<h1><strong>Gi\u1edbi thi\u1ec7u s\u1ea3n ph\u1ea9m M\u00e1y N\u01b0\u1edbc N\u00f3ng Tr\u1ef1c Ti\u1ebfp Ariston AURES PREMIUM +<\/strong><\/h1>\n<p>M\u00e1y n\u01b0\u1edbc n\u00f3ng tr\u1ef1c ti\u1ebfp ng\u00e0y c\u00e0ng tr\u1edf n\u00ean ph\u1ed5 bi\u1ebfn nh\u1edd kh\u1ea3 n\u0103ng cung c\u1ea5p n\u01b0\u1edbc n\u00f3ng t\u1ee9c th\u00ec m\u00e0 kh\u00f4ng c\u1ea7n b\u00ecnh ch\u1ee9a c\u1ed3ng k\u1ec1nh. N\u1ed5i b\u1eadt trong ph\u00e2n kh\u00fac cao c\u1ea5p ch\u00ednh l\u00e0 <strong>M\u00e1y N\u01b0\u1edbc N\u00f3ng Tr\u1ef1c Ti\u1ebfp Ariston AURES PREMIUM +<\/strong>. S\u1ea3n ph\u1ea9m kh\u00f4ng ch\u1ec9 mang l\u1ea1i s\u1ef1 ti\u1ec7n nghi m\u00e0 c\u00f2n \u0111\u1ea3m b\u1ea3o an to\u00e0n t\u1ed1i \u0111a v\u1edbi lo\u1ea1t t\u00ednh n\u0103ng th\u00f4ng minh. B\u00e0i vi\u1ebft d\u01b0\u1edbi \u0111\u00e2y s\u1ebd gi\u00fap b\u1ea1n kh\u00e1m ph\u00e1 chi ti\u1ebft h\u01a1n v\u1ec1 s\u1ea3n ph\u1ea9m n\u00e0y v\u00e0 nh\u1eefng l\u00fd do khi\u1ebfn n\u00f3 tr\u1edf th\u00e0nh l\u1ef1a ch\u1ecdn h\u00e0ng \u0111\u1ea7u cho gia \u0111\u00ecnh b\u1ea1n.<\/p>\n<figure id=\"attachment_22880\" aria-describedby=\"caption-attachment-22880\" style=\"width: 800px\" class=\"wp-caption alignnone\"><img loading=\"lazy\" decoding=\"async\" class=\"size-full wp-image-22880\" src=\"https:\/\/livinghome.vn\/thiet-bi\/wp-content\/uploads\/2024\/11\/aures-premium-avt.png\" alt=\"M\u00e1y N\u01b0\u1edbc N\u00f3ng Tr\u1ef1c Ti\u1ebfp Ariston AURES PREMIUM +\" width=\"800\" height=\"800\" title=\"\" srcset=\"https:\/\/livinghome.vn\/thiet-bi\/wp-content\/uploads\/2024\/11\/aures-premium-avt.png 800w, https:\/\/livinghome.vn\/thiet-bi\/wp-content\/uploads\/2024\/11\/aures-premium-avt-400x400.png 400w, https:\/\/livinghome.vn\/thiet-bi\/wp-content\/uploads\/2024\/11\/aures-premium-avt-280x280.png 280w, https:\/\/livinghome.vn\/thiet-bi\/wp-content\/uploads\/2024\/11\/aures-premium-avt-768x768.png 768w, https:\/\/livinghome.vn\/thiet-bi\/wp-content\/uploads\/2024\/11\/aures-premium-avt-300x300.png 300w, https:\/\/livinghome.vn\/thiet-bi\/wp-content\/uploads\/2024\/11\/aures-premium-avt-600x600.png 600w, https:\/\/livinghome.vn\/thiet-bi\/wp-content\/uploads\/2024\/11\/aures-premium-avt-100x100.png 100w\" sizes=\"auto, (max-width: 800px) 100vw, 800px\" \/><figcaption id=\"caption-attachment-22880\" class=\"wp-caption-text\">M\u00e1y N\u01b0\u1edbc N\u00f3ng Tr\u1ef1c Ti\u1ebfp Ariston AURES PREMIUM +<\/figcaption><\/figure>\n<h2>1. Thi\u1ebft K\u1ebf Hi\u1ec7n \u0110\u1ea1i, Tinh T\u1ebf<\/h2>\n<p>M\u00e1y N\u01b0\u1edbc N\u00f3ng Tr\u1ef1c Ti\u1ebfp Ariston AURES PREMIUM + g\u00e2y \u1ea5n t\u01b0\u1ee3ng v\u1edbi thi\u1ebft k\u1ebf sang tr\u1ecdng, ph\u00f9 h\u1ee3p v\u1edbi kh\u00f4ng gian ph\u00f2ng t\u1eafm hi\u1ec7n \u0111\u1ea1i. <strong>M\u00e0n h\u00ecnh LED hi\u1ec3n th\u1ecb nhi\u1ec7t \u0111\u1ed9<\/strong> gi\u00fap ng\u01b0\u1eddi d\u00f9ng d\u1ec5 d\u00e0ng quan s\u00e1t v\u00e0 \u0111i\u1ec1u ch\u1ec9nh nhi\u1ec7t \u0111\u1ed9 n\u01b0\u1edbc theo \u00fd mu\u1ed1n. B\u00ean c\u1ea1nh \u0111\u00f3, <strong>n\u00fam v\u1eb7n \u0111i\u1ec1u khi\u1ec3n v\u00f4 c\u1ea5p<\/strong> mang l\u1ea1i s\u1ef1 linh ho\u1ea1t v\u00e0 ti\u1ec7n l\u1ee3i trong qu\u00e1 tr\u00ecnh s\u1eed d\u1ee5ng, gi\u00fap b\u1ea1n c\u00f3 tr\u1ea3i nghi\u1ec7m t\u1eafm tho\u1ea3i m\u00e1i nh\u1ea5t<\/p>\n<figure id=\"attachment_22878\" aria-describedby=\"caption-attachment-22878\" style=\"width: 800px\" class=\"wp-caption alignnone\"><img loading=\"lazy\" decoding=\"async\" class=\"size-full wp-image-22878\" src=\"https:\/\/livinghome.vn\/thiet-bi\/wp-content\/uploads\/2024\/11\/aures-premium-2.png\" alt=\"M\u00e1y N\u01b0\u1edbc N\u00f3ng Tr\u1ef1c Ti\u1ebfp Ariston AURES PREMIUM +\" width=\"800\" height=\"800\" title=\"\" srcset=\"https:\/\/livinghome.vn\/thiet-bi\/wp-content\/uploads\/2024\/11\/aures-premium-2.png 800w, https:\/\/livinghome.vn\/thiet-bi\/wp-content\/uploads\/2024\/11\/aures-premium-2-400x400.png 400w, https:\/\/livinghome.vn\/thiet-bi\/wp-content\/uploads\/2024\/11\/aures-premium-2-280x280.png 280w, https:\/\/livinghome.vn\/thiet-bi\/wp-content\/uploads\/2024\/11\/aures-premium-2-768x768.png 768w, https:\/\/livinghome.vn\/thiet-bi\/wp-content\/uploads\/2024\/11\/aures-premium-2-300x300.png 300w, https:\/\/livinghome.vn\/thiet-bi\/wp-content\/uploads\/2024\/11\/aures-premium-2-600x600.png 600w, https:\/\/livinghome.vn\/thiet-bi\/wp-content\/uploads\/2024\/11\/aures-premium-2-100x100.png 100w\" sizes=\"auto, (max-width: 800px) 100vw, 800px\" \/><figcaption id=\"caption-attachment-22878\" class=\"wp-caption-text\">M\u00e1y N\u01b0\u1edbc N\u00f3ng Tr\u1ef1c Ti\u1ebfp Ariston AURES PREMIUM +<\/figcaption><\/figure>\n<p>.<\/p>\n<h2>2. C\u00f4ng Su\u1ea5t M\u1ea1nh M\u1ebd, Hi\u1ec7u Qu\u1ea3 N\u0103ng L\u01b0\u1ee3ng Cao<\/h2>\n<p>M\u00e1y \u0111\u01b0\u1ee3c trang b\u1ecb c\u00f4ng su\u1ea5t 4.5kW, cung c\u1ea5p n\u01b0\u1edbc n\u00f3ng nhanh ch\u00f3ng m\u00e0 kh\u00f4ng t\u1ed1n qu\u00e1 nhi\u1ec1u \u0111i\u1ec7n n\u0103ng. \u0110\u1eb7c bi\u1ec7t, <strong>b\u01a1m tr\u1ee3 l\u1ef1c \u00eam nh\u1ea5t th\u1ecb tr\u01b0\u1eddng<\/strong> gi\u00fap d\u00f2ng n\u01b0\u1edbc lu\u00f4n m\u1ea1nh m\u1ebd v\u00e0 \u1ed5n \u0111\u1ecbnh, ngay c\u1ea3 \u1edf nh\u1eefng khu v\u1ef1c c\u00f3 \u00e1p l\u1ef1c n\u01b0\u1edbc th\u1ea5p. \u0110i\u1ec1u n\u00e0y mang l\u1ea1i s\u1ef1 ti\u1ec7n nghi v\u01b0\u1ee3t tr\u1ed9i cho ng\u01b0\u1eddi d\u00f9ng.<\/p>\n<h2>3. An To\u00e0n Tuy\u1ec7t \u0110\u1ed1i V\u1edbi H\u1ec7 Th\u1ed1ng TSS \u0110a L\u1edbp<\/h2>\n<p>Ariston lu\u00f4n \u0111\u1eb7t y\u1ebfu t\u1ed1 an to\u00e0n l\u00ean h\u00e0ng \u0111\u1ea7u. M\u00e1y n\u01b0\u1edbc n\u00f3ng AURES PREMIUM + t\u00edch h\u1ee3p <strong>h\u1ec7 th\u1ed1ng an to\u00e0n \u0111\u1ed3ng b\u1ed9 TSS<\/strong>, mang \u0111\u1ebfn s\u1ef1 b\u1ea3o v\u1ec7 t\u1ed1i \u0111a cho ng\u01b0\u1eddi d\u00f9ng v\u1edbi c\u00e1c t\u00ednh n\u0103ng sau:<\/p>\n<ul>\n<li><strong>C\u1ea7u dao ch\u1ed1ng gi\u1eadt Auto ELCB l\u01b0\u1ee1ng c\u1ef1c<\/strong>: T\u1ef1 \u0111\u1ed9ng ng\u1eaft \u0111i\u1ec7n khi ph\u00e1t hi\u1ec7n r\u00f2 r\u1ec9 ho\u1eb7c s\u1ef1 c\u1ed1, \u0111\u1ea3m b\u1ea3o an to\u00e0n tuy\u1ec7t \u0111\u1ed1i cho gia \u0111\u00ecnh.<\/li>\n<li><strong>Chu\u1ea9n t\u01b0\u01a1ng th\u00edch \u0111i\u1ec7n t\u1eeb EMC<\/strong>: B\u1ea3o v\u1ec7 thi\u1ebft b\u1ecb v\u00e0 ng\u01b0\u1eddi d\u00f9ng tr\u01b0\u1edbc c\u00e1c t\u00e1c \u0111\u1ed9ng t\u1eeb tr\u01b0\u1eddng b\u00ean ngo\u00e0i, t\u0103ng c\u01b0\u1eddng s\u1ef1 \u1ed5n \u0111\u1ecbnh v\u00e0 an to\u00e0n khi s\u1eed d\u1ee5ng.<\/li>\n<li><strong>H\u1ec7 th\u1ed1ng Safety Check<\/strong>: T\u1ef1 \u0111\u1ed9ng ki\u1ec3m tra to\u00e0n di\u1ec7n tr\u01b0\u1edbc m\u1ed7i l\u1ea7n s\u1eed d\u1ee5ng, \u0111\u1ea3m b\u1ea3o m\u1ecdi b\u1ed9 ph\u1eadn \u0111\u1ec1u ho\u1ea1t \u0111\u1ed9ng trong tr\u1ea1ng th\u00e1i t\u1ed1t nh\u1ea5t.<\/li>\n<\/ul>\n<h2>4. C\u00f4ng Ngh\u1ec7 \u1ed4n \u0110\u1ecbnh Nhi\u1ec7t \u0110\u1ed9 v\u00e0 Ch\u1ed1ng B\u1ecfng<\/h2>\n<p>M\u1ed9t \u0111i\u1ec3m n\u1ed5i b\u1eadt kh\u00e1c c\u1ee7a Ariston AURES PREMIUM + l\u00e0 <strong>c\u00f4ng ngh\u1ec7 \u1ed5n \u0111\u1ecbnh nhi\u1ec7t \u0111\u1ed9<\/strong> v\u00e0 <strong>kh\u00f3a nhi\u1ec7t an to\u00e0n<\/strong>. H\u1ec7 th\u1ed1ng n\u00e0y gi\u00fap duy tr\u00ec nhi\u1ec7t \u0111\u1ed9 n\u01b0\u1edbc \u1ed5n \u0111\u1ecbnh, tr\u00e1nh t\u00ecnh tr\u1ea1ng n\u01b0\u1edbc qu\u00e1 n\u00f3ng ho\u1eb7c qu\u00e1 l\u1ea1nh \u0111\u1ed9t ng\u1ed9t, gi\u1ea3m nguy c\u01a1 s\u1ed1c nhi\u1ec7t. Ngo\u00e0i ra, <strong>c\u00f4ng ngh\u1ec7 Residual Heat<\/strong> gi\u00fap gi\u1ea3i ph\u00f3ng nhi\u1ec7t th\u1eeba sau khi s\u1eed d\u1ee5ng, h\u1ea1n ch\u1ebf t\u1ed1i \u0111a nguy c\u01a1 b\u1ecfng n\u01b0\u1edbc cho ng\u01b0\u1eddi d\u00f9ng, \u0111\u1eb7c bi\u1ec7t l\u00e0 tr\u1ebb nh\u1ecf v\u00e0 ng\u01b0\u1eddi l\u1edbn tu\u1ed5i.<\/p>\n<figure id=\"attachment_22877\" aria-describedby=\"caption-attachment-22877\" style=\"width: 800px\" class=\"wp-caption alignnone\"><img loading=\"lazy\" decoding=\"async\" class=\"size-full wp-image-22877\" src=\"https:\/\/livinghome.vn\/thiet-bi\/wp-content\/uploads\/2024\/11\/aures-premium-1.png\" alt=\"M\u00e1y N\u01b0\u1edbc N\u00f3ng Tr\u1ef1c Ti\u1ebfp Ariston AURES PREMIUM +\" width=\"800\" height=\"800\" title=\"\" srcset=\"https:\/\/livinghome.vn\/thiet-bi\/wp-content\/uploads\/2024\/11\/aures-premium-1.png 800w, https:\/\/livinghome.vn\/thiet-bi\/wp-content\/uploads\/2024\/11\/aures-premium-1-400x400.png 400w, https:\/\/livinghome.vn\/thiet-bi\/wp-content\/uploads\/2024\/11\/aures-premium-1-280x280.png 280w, https:\/\/livinghome.vn\/thiet-bi\/wp-content\/uploads\/2024\/11\/aures-premium-1-768x768.png 768w, https:\/\/livinghome.vn\/thiet-bi\/wp-content\/uploads\/2024\/11\/aures-premium-1-300x300.png 300w, https:\/\/livinghome.vn\/thiet-bi\/wp-content\/uploads\/2024\/11\/aures-premium-1-600x600.png 600w, https:\/\/livinghome.vn\/thiet-bi\/wp-content\/uploads\/2024\/11\/aures-premium-1-100x100.png 100w\" sizes=\"auto, (max-width: 800px) 100vw, 800px\" \/><figcaption id=\"caption-attachment-22877\" class=\"wp-caption-text\">M\u00e1y N\u01b0\u1edbc N\u00f3ng Tr\u1ef1c Ti\u1ebfp Ariston AURES PREMIUM +<\/figcaption><\/figure>\n<h2>5. B\u1ea3ng M\u1ea1ch PCB \u0110\u01b0\u1ee3c B\u1ea3o V\u1ec7 An To\u00e0n<\/h2>\n<p>M\u00e1y N\u01b0\u1edbc N\u00f3ng Tr\u1ef1c Ti\u1ebfp Ariston AURES PREMIUM + s\u1eed d\u1ee5ng <strong>m\u1ea1ch \u0111i\u1ec7n PCB v\u1edbi l\u1edbp ph\u1ee7 b\u1ea3o v\u1ec7 \u0111\u1eb7c bi\u1ec7t<\/strong>, gi\u00fap ch\u1ed1ng \u1ea9m v\u00e0 ng\u0103n ng\u1eeba c\u00e1c t\u00e1c \u0111\u1ed9ng t\u1eeb m\u00f4i tr\u01b0\u1eddng b\u00ean ngo\u00e0i. \u0110i\u1ec1u n\u00e0y kh\u00f4ng ch\u1ec9 n\u00e2ng cao \u0111\u1ed9 b\u1ec1n m\u00e0 c\u00f2n gi\u00fap thi\u1ebft b\u1ecb ho\u1ea1t \u0111\u1ed9ng \u1ed5n \u0111\u1ecbnh, b\u1ec1n b\u1ec9 trong nhi\u1ec1u n\u0103m.<\/p>\n<h2>6. V\u00f2i Sen Cao C\u1ea5p V\u1edbi 5 Ch\u1ebf \u0110\u1ed9 Phun N\u01b0\u1edbc<\/h2>\n<p>V\u00f2i sen \u0111i k\u00e8m \u0111\u01b0\u1ee3c thi\u1ebft k\u1ebf v\u1edbi <strong>5 ch\u1ebf \u0111\u1ed9 phun n\u01b0\u1edbc<\/strong>, mang l\u1ea1i c\u1ea3m gi\u00e1c th\u01b0 gi\u00e3n t\u1ed1i \u0111a khi t\u1eafm. B\u1ea1n c\u00f3 th\u1ec3 t\u00f9y ch\u1ec9nh l\u1ef1c phun m\u1ea1nh, nh\u1eb9 ho\u1eb7c ch\u1ebf \u0111\u1ed9 massage ph\u00f9 h\u1ee3p v\u1edbi nhu c\u1ea7u c\u00e1 nh\u00e2n, t\u1ea1o n\u00ean tr\u1ea3i nghi\u1ec7m t\u1eafm \u0111a d\u1ea1ng v\u00e0 th\u00fa v\u1ecb h\u01a1n.<\/p>\n<h2>7. Th\u00f4ng s\u1ed1 k\u1ef9 thu\u1eadt<\/h2>\n<figure id=\"attachment_22876\" aria-describedby=\"caption-attachment-22876\" style=\"width: 1042px\" class=\"wp-caption alignnone\"><img loading=\"lazy\" decoding=\"async\" class=\"size-full wp-image-22876\" src=\"https:\/\/livinghome.vn\/thiet-bi\/wp-content\/uploads\/2024\/11\/aures-premium-kt.png\" alt=\"M\u00e1y N\u01b0\u1edbc N\u00f3ng Tr\u1ef1c Ti\u1ebfp Ariston AURES PREMIUM +\" width=\"1042\" height=\"723\" title=\"\" srcset=\"https:\/\/livinghome.vn\/thiet-bi\/wp-content\/uploads\/2024\/11\/aures-premium-kt.png 1042w, https:\/\/livinghome.vn\/thiet-bi\/wp-content\/uploads\/2024\/11\/aures-premium-kt-576x400.png 576w, https:\/\/livinghome.vn\/thiet-bi\/wp-content\/uploads\/2024\/11\/aures-premium-kt-768x533.png 768w, https:\/\/livinghome.vn\/thiet-bi\/wp-content\/uploads\/2024\/11\/aures-premium-kt-600x416.png 600w\" sizes=\"auto, (max-width: 1042px) 100vw, 1042px\" \/><figcaption id=\"caption-attachment-22876\" class=\"wp-caption-text\">M\u00e1y N\u01b0\u1edbc N\u00f3ng Tr\u1ef1c Ti\u1ebfp Ariston AURES PREMIUM +<\/figcaption><\/figure>\n<h2>8. K\u1ebft Lu\u1eadn<\/h2>\n<p>M\u00e1y N\u01b0\u1edbc N\u00f3ng Tr\u1ef1c Ti\u1ebfp Ariston AURES PREMIUM + l\u00e0 s\u1ef1 k\u1ebft h\u1ee3p ho\u00e0n h\u1ea3o gi\u1eefa c\u00f4ng ngh\u1ec7 hi\u1ec7n \u0111\u1ea1i v\u00e0 t\u00ednh n\u0103ng an to\u00e0n v\u01b0\u1ee3t tr\u1ed9i. \u0110\u00e2y kh\u00f4ng ch\u1ec9 l\u00e0 thi\u1ebft b\u1ecb gia d\u1ee5ng th\u00f4ng th\u01b0\u1eddng m\u00e0 c\u00f2n l\u00e0 gi\u1ea3i ph\u00e1p t\u1ed1i \u01b0u cho s\u1ee9c kh\u1ecfe v\u00e0 s\u1ef1 ti\u1ec7n nghi c\u1ee7a gia \u0111\u00ecnh b\u1ea1n. V\u1edbi nh\u1eefng \u01b0u \u0111i\u1ec3m v\u01b0\u1ee3t tr\u1ed9i v\u1ec1 thi\u1ebft k\u1ebf, hi\u1ec7u n\u0103ng v\u00e0 \u0111\u1ed9 an to\u00e0n, Ariston AURES PREMIUM + ch\u1eafc ch\u1eafn s\u1ebd mang \u0111\u1ebfn tr\u1ea3i nghi\u1ec7m tuy\u1ec7t v\u1eddi cho m\u1ecdi th\u00e0nh vi\u00ean trong gia \u0111\u00ecnh.<\/p>\n<p>C\u00f2n ch\u1ea7n ch\u1edd g\u00ec n\u1eefa,\u00a0<a href=\"https:\/\/livinghome.vn\/\"><strong>Living Home Vi\u1ec7t Nam<\/strong><\/a><a href=\"http:\/\/livinghome.vn\/\">\u00a0<\/a>ch\u1eafc ch\u1eafn s\u1ebd l\u00e0m h\u00e0i l\u00f2ng nh\u1eefng t\u00edn \u0111\u1ed3 y\u00eau th\u00edch v\u00e0 \u0111am m\u00ea c\u00e1c thi\u1ebft b\u1ecb hi\u1ec7n \u0111\u1ea1i..<br \/>\n<strong>Th\u00f4ng tin li\u00ean h\u1ec7:<\/strong><\/p>\n<ul>\n<li>Showroom tr\u1ea3i nghi\u1ec7m v\u00e0 nh\u1eadn t\u1ef1 v\u1ea5n tr\u1ef1c ti\u1ebfp: 442A C\u1ed9ng H\u00f2a, Ph\u01b0\u1eddng 13, Qu\u1eadn T\u00e2n B\u00ecnh, H\u1ed3 Ch\u00ed Minh (c\u00f3 ch\u1ed7 \u0111\u1eadu \u00f4 t\u00f4 nh\u00e9)<\/li>\n<li>Google Maps d\u1eabn \u0111\u01b0\u1eddng:\u00a0<a href=\"https:\/\/maps.app.goo.gl\/RvTsXUvtt1QkdaQa9\" target=\"_blank\" rel=\"dofollow noopener\">XEM \u1ede \u0110\u00c2Y<\/a><\/li>\n<li>K\u00eanh Facebook th\u00f4ng tin c\u1eadp nh\u1eadt:\u00a0<a href=\"https:\/\/www.facebook.com\/noithatlivinghome\/\" target=\"_blank\" rel=\"dofollow noopener\">XEM \u1ede \u0110\u00c2Y<\/a><\/li>\n<li>K\u00eanh Youtube chuy\u00ean video s\u1ea3n ph\u1ea9m m\u1edbi nh\u1ea5t:\u00a0<a href=\"https:\/\/www.youtube.com\/channel\/UCi5ijFuCl-RA7xBGqPlfm4A\" target=\"_blank\" rel=\"dofollow noopener\">XEM \u1ede \u0110\u00c2Y<\/a><\/li>\n<li>K\u00eanh TikTok c\u1eadp nh\u1eadt xu h\u01b0\u1edbng m\u1edbi nh\u1ea5t:\u00a0<a href=\"https:\/\/www.tiktok.com\/@noithatlivinghome?_t=8rA3V9bAq8e&amp;_r=1\" target=\"_blank\" rel=\"dofollow noopener\">XEM \u1ede \u0110\u00c2Y<\/a><\/li>\n<\/ul>\n","protected":false},"excerpt":{"rendered":"<p>Gi\u1edbi thi\u1ec7u s\u1ea3n ph\u1ea9m M\u00e1y N\u01b0\u1edbc N\u00f3ng Tr\u1ef1c Ti\u1ebfp Ariston AURES PREMIUM + M\u00e1y n\u01b0\u1edbc n\u00f3ng tr\u1ef1c ti\u1ebfp ng\u00e0y c\u00e0ng tr\u1edf n\u00ean ph\u1ed5 bi\u1ebfn nh\u1edd kh\u1ea3 n\u0103ng cung c\u1ea5p n\u01b0\u1edbc n\u00f3ng t\u1ee9c th\u00ec m\u00e0 kh\u00f4ng c\u1ea7n b\u00ecnh ch\u1ee9a c\u1ed3ng k\u1ec1nh. N\u1ed5i b\u1eadt trong ph\u00e2n kh\u00fac cao c\u1ea5p ch\u00ednh l\u00e0 M\u00e1y N\u01b0\u1edbc N\u00f3ng Tr\u1ef1c Ti\u1ebfp Ariston [&#8230;]\n","protected":false},"featured_media":22880,"comment_status":"open","ping_status":"closed","template":"","meta":[],"product_brand":[],"product_cat":[540,2054,1979,2052,2056],"product_tag":[1980,2053,542,2004],"class_list":{"0":"post-22874","1":"product","2":"type-product","3":"status-publish","4":"has-post-thumbnail","6":"product_cat-may-nong-lanh","7":"product_cat-may-nong-lanh-ariston","8":"product_cat-may-nuoc-nong","9":"product_cat-may-nuoc-nong-ariston","10":"product_cat-thuong-hieu-ariston","11":"product_tag-may-nuoc-nong","12":"product_tag-may-nuoc-nong-ariston","13":"product_tag-may-nuoc-nong-lanh","14":"product_tag-may-nuoc-nong-truc-tiep","16":"first","17":"instock","18":"shipping-taxable","19":"product-type-simple"},"_links":{"self":[{"href":"https:\/\/livinghome.vn\/thiet-bi\/wp-json\/wp\/v2\/product\/22874","targetHints":{"allow":["GET"]}}],"collection":[{"href":"https:\/\/livinghome.vn\/thiet-bi\/wp-json\/wp\/v2\/product"}],"about":[{"href":"https:\/\/livinghome.vn\/thiet-bi\/wp-json\/wp\/v2\/types\/product"}],"replies":[{"embeddable":true,"href":"https:\/\/livinghome.vn\/thiet-bi\/wp-json\/wp\/v2\/comments?post=22874"}],"wp:featuredmedia":[{"embeddable":true,"href":"https:\/\/livinghome.vn\/thiet-bi\/wp-json\/wp\/v2\/media\/22880"}],"wp:attachment":[{"href":"https:\/\/livinghome.vn\/thiet-bi\/wp-json\/wp\/v2\/media?parent=22874"}],"wp:term":[{"taxonomy":"product_brand","embeddable":true,"href":"https:\/\/livinghome.vn\/thiet-bi\/wp-json\/wp\/v2\/product_brand?post=22874"},{"taxonomy":"product_cat","embeddable":true,"href":"https:\/\/livinghome.vn\/thiet-bi\/wp-json\/wp\/v2\/product_cat?post=22874"},{"taxonomy":"product_tag","embeddable":true,"href":"https:\/\/livinghome.vn\/thiet-bi\/wp-json\/wp\/v2\/product_tag?post=22874"}],"curies":[{"name":"wp","href":"https:\/\/api.w.org\/{rel}","templated":true}]}}