{"id":22824,"date":"2024-11-29T16:09:36","date_gmt":"2024-11-29T09:09:36","guid":{"rendered":"https:\/\/livinghome.vn\/thiet-bi\/?post_type=product&#038;p=22824"},"modified":"2024-12-11T11:28:09","modified_gmt":"2024-12-11T04:28:09","slug":"may-nuoc-nong-gian-tiep-ariston-slim3-r","status":"publish","type":"product","link":"https:\/\/livinghome.vn\/thiet-bi\/may-nuoc-nong-gian-tiep-ariston-slim3-r\/","title":{"rendered":"M\u00e1y N\u01b0\u1edbc N\u00f3ng Gi\u00e1n Ti\u1ebfp Ariston SLIM3 R"},"content":{"rendered":"<h1><strong>Gi\u1edbi thi\u1ec7u M\u00e1y N\u01b0\u1edbc N\u00f3ng Gi\u00e1n Ti\u1ebfp Ariston SLIM3 R<\/strong><\/h1>\n<p>M\u00e1y N\u01b0\u1edbc N\u00f3ng Gi\u00e1n Ti\u1ebfp Ariston SLIM3 R l\u00e0 s\u1ea3n ph\u1ea9m ti\u00ean ti\u1ebfn c\u1ee7a th\u01b0\u01a1ng hi\u1ec7u Ariston, n\u1ed5i b\u1eadt v\u1edbi kh\u1ea3 n\u0103ng l\u00e0m n\u00f3ng nhanh, ti\u1ebft ki\u1ec7m n\u0103ng l\u01b0\u1ee3ng v\u00e0 \u0111\u1ea3m b\u1ea3o an to\u00e0n tuy\u1ec7t \u0111\u1ed1i cho ng\u01b0\u1eddi s\u1eed d\u1ee5ng. V\u1edbi nh\u1eefng t\u00ednh n\u0103ng v\u01b0\u1ee3t tr\u1ed9i v\u00e0 c\u00f4ng ngh\u1ec7 hi\u1ec7n \u0111\u1ea1i, \u0111\u00e2y l\u00e0 l\u1ef1a ch\u1ecdn l\u00fd t\u01b0\u1edfng cho c\u00e1c gia \u0111\u00ecnh y\u00eau th\u00edch s\u1ef1 ti\u1ec7n nghi v\u00e0 an to\u00e0n.<\/p>\n<h2>1. Thanh \u0111\u1ed1t b\u1eb1ng \u0111\u1ed3ng b\u1ec1n v\u01b0\u1ee3t tr\u1ed9i<\/h2>\n<p>M\u1ed9t trong nh\u1eefng \u01b0u \u0111i\u1ec3m n\u1ed5i b\u1eadt c\u1ee7a M\u00e1y N\u01b0\u1edbc N\u00f3ng Gi\u00e1n Ti\u1ebfp Ariston SLIM3 R l\u00e0 thanh \u0111\u1ed1t l\u00e0m t\u1eeb \u0111\u1ed3ng nguy\u00ean ch\u1ea5t. Nh\u1edd v\u00e0o kh\u1ea3 n\u0103ng l\u00e0m n\u00f3ng nhanh v\u00e0 tu\u1ed5i th\u1ecd cao, thanh \u0111\u1ed1t b\u1eb1ng \u0111\u1ed3ng c\u00f3 \u0111\u1ed9 b\u1ec1n v\u01b0\u1ee3t tr\u1ed9i, k\u00e9o d\u00e0i h\u01a1n 50% so v\u1edbi thanh \u0111\u1ed1t th\u00e9p kh\u00f4ng g\u1ec9 th\u00f4ng th\u01b0\u1eddng. \u0110\u1eb7c bi\u1ec7t, thanh \u0111\u1ed1t n\u00e0y kh\u00f4ng m\u1ea1 k\u1ec1n, an to\u00e0n cho s\u1ee9c kh\u1ecfe v\u00e0 gi\u00fap kh\u00e1ng khu\u1ea9n hi\u1ec7u qu\u1ea3, mang \u0111\u1ebfn ngu\u1ed3n n\u01b0\u1edbc s\u1ea1ch v\u00e0 trong l\u00e0nh cho gia \u0111\u00ecnh b\u1ea1n.<\/p>\n<figure id=\"attachment_22839\" aria-describedby=\"caption-attachment-22839\" style=\"width: 800px\" class=\"wp-caption alignnone\"><img loading=\"lazy\" decoding=\"async\" class=\"wp-image-22839 size-full\" src=\"https:\/\/livinghome.vn\/thiet-bi\/wp-content\/uploads\/2024\/11\/slim3-r-2.png\" alt=\"M\u00e1y N\u01b0\u1edbc N\u00f3ng Gi\u00e1n Ti\u1ebfp Ariston SLIM3 R\" width=\"800\" height=\"800\" title=\"\" srcset=\"https:\/\/livinghome.vn\/thiet-bi\/wp-content\/uploads\/2024\/11\/slim3-r-2.png 800w, https:\/\/livinghome.vn\/thiet-bi\/wp-content\/uploads\/2024\/11\/slim3-r-2-400x400.png 400w, https:\/\/livinghome.vn\/thiet-bi\/wp-content\/uploads\/2024\/11\/slim3-r-2-280x280.png 280w, https:\/\/livinghome.vn\/thiet-bi\/wp-content\/uploads\/2024\/11\/slim3-r-2-768x768.png 768w, https:\/\/livinghome.vn\/thiet-bi\/wp-content\/uploads\/2024\/11\/slim3-r-2-300x300.png 300w, https:\/\/livinghome.vn\/thiet-bi\/wp-content\/uploads\/2024\/11\/slim3-r-2-600x600.png 600w, https:\/\/livinghome.vn\/thiet-bi\/wp-content\/uploads\/2024\/11\/slim3-r-2-100x100.png 100w\" sizes=\"auto, (max-width: 800px) 100vw, 800px\" \/><figcaption id=\"caption-attachment-22839\" class=\"wp-caption-text\">M\u00e1y N\u01b0\u1edbc N\u00f3ng Gi\u00e1n Ti\u1ebfp Ariston SLIM3 R<\/figcaption><\/figure>\n<h2>2. L\u1edbp c\u00e1ch nhi\u1ec7t m\u1eadt \u0111\u1ed9 cao gi\u00fap gi\u1eef n\u01b0\u1edbc n\u00f3ng l\u00e2u<\/h2>\n<p>M\u00e1y N\u01b0\u1edbc N\u00f3ng Gi\u00e1n Ti\u1ebfp Ariston SLIM3 R \u0111\u01b0\u1ee3c trang b\u1ecb l\u1edbp c\u00e1ch nhi\u1ec7t polyurethane d\u00e0y v\u00e0 m\u1eadt \u0111\u1ed9 cao, gi\u00fap gi\u1eef n\u01b0\u1edbc n\u00f3ng trong th\u1eddi gian d\u00e0i. \u0110\u00e2y l\u00e0 y\u1ebfu t\u1ed1 quan tr\u1ecdng gi\u00fap ti\u1ebft ki\u1ec7m n\u0103ng l\u01b0\u1ee3ng \u0111\u00e1ng k\u1ec3, t\u0103ng hi\u1ec7u su\u1ea5t ho\u1ea1t \u0111\u1ed9ng v\u00e0 h\u1ea1n ch\u1ebf th\u1ea5t tho\u00e1t nhi\u1ec7t. V\u1edbi t\u00ednh n\u0103ng n\u00e0y, b\u1ea1n c\u00f3 th\u1ec3 s\u1eed d\u1ee5ng n\u01b0\u1edbc n\u00f3ng li\u00ean t\u1ee5c m\u00e0 kh\u00f4ng c\u1ea7n lo l\u1eafng v\u1ec1 vi\u1ec7c hao ph\u00ed \u0111i\u1ec7n n\u0103ng.<\/p>\n<figure id=\"attachment_22838\" aria-describedby=\"caption-attachment-22838\" style=\"width: 800px\" class=\"wp-caption alignnone\"><img loading=\"lazy\" decoding=\"async\" class=\"wp-image-22838 size-full\" src=\"https:\/\/livinghome.vn\/thiet-bi\/wp-content\/uploads\/2024\/11\/slim3-r-1.png\" alt=\"M\u00e1y N\u01b0\u1edbc N\u00f3ng Gi\u00e1n Ti\u1ebfp Ariston SLIM3 R\" width=\"800\" height=\"800\" title=\"\" srcset=\"https:\/\/livinghome.vn\/thiet-bi\/wp-content\/uploads\/2024\/11\/slim3-r-1.png 800w, https:\/\/livinghome.vn\/thiet-bi\/wp-content\/uploads\/2024\/11\/slim3-r-1-400x400.png 400w, https:\/\/livinghome.vn\/thiet-bi\/wp-content\/uploads\/2024\/11\/slim3-r-1-280x280.png 280w, https:\/\/livinghome.vn\/thiet-bi\/wp-content\/uploads\/2024\/11\/slim3-r-1-768x768.png 768w, https:\/\/livinghome.vn\/thiet-bi\/wp-content\/uploads\/2024\/11\/slim3-r-1-300x300.png 300w, https:\/\/livinghome.vn\/thiet-bi\/wp-content\/uploads\/2024\/11\/slim3-r-1-600x600.png 600w, https:\/\/livinghome.vn\/thiet-bi\/wp-content\/uploads\/2024\/11\/slim3-r-1-100x100.png 100w\" sizes=\"auto, (max-width: 800px) 100vw, 800px\" \/><figcaption id=\"caption-attachment-22838\" class=\"wp-caption-text\">M\u00e1y N\u01b0\u1edbc N\u00f3ng Gi\u00e1n Ti\u1ebfp Ariston SLIM3 R<\/figcaption><\/figure>\n<h2>3. H\u1ec7 th\u1ed1ng an to\u00e0n \u0111\u1ed3ng b\u1ed9 \u2013 ELCB v\u00e0 TBST<\/h2>\n<p>An to\u00e0n lu\u00f4n l\u00e0 y\u1ebfu t\u1ed1 h\u00e0ng \u0111\u1ea7u trong c\u00e1c s\u1ea3n ph\u1ea9m c\u1ee7a Ariston. M\u00e1y N\u01b0\u1edbc N\u00f3ng Gi\u00e1n Ti\u1ebfp Ariston SLIM3 R\u00a0t\u00edch h\u1ee3p h\u1ec7 th\u1ed1ng an to\u00e0n \u0111\u1ed3ng b\u1ed9 TSS, bao g\u1ed3m c\u1ea7u dao ch\u1ed1ng r\u00f2 \u0111i\u1ec7n ELCB v\u00e0 b\u1ed9 \u1ed5n \u0111\u1ecbnh nhi\u1ec7t \u0111i\u1ec7n t\u1eed TBST. B\u1ed9 c\u1ea3m bi\u1ebfn nhi\u1ec7t th\u00f4ng minh s\u1ebd ng\u1eaft ngu\u1ed3n \u0111i\u1ec7n khi nhi\u1ec7t \u0111\u1ed9 n\u01b0\u1edbc v\u01b0\u1ee3t ng\u01b0\u1ee1ng an to\u00e0n, \u0111\u1ea3m b\u1ea3o b\u1ea3o v\u1ec7 ng\u01b0\u1eddi d\u00f9ng kh\u1ecfi c\u00e1c s\u1ef1 c\u1ed1 ch\u00e1y n\u1ed5 hay \u0111i\u1ec7n gi\u1eadt.<\/p>\n<h2>4. Ti\u1ec7n \u00edch v\u00e0 t\u00ednh n\u0103ng v\u01b0\u1ee3t tr\u1ed9i<\/h2>\n<p>M\u00e1y \u0111\u01b0\u1ee3c thi\u1ebft k\u1ebf v\u1edbi nhi\u1ec1u ti\u1ec7n \u00edch hi\u1ec7n \u0111\u1ea1i gi\u00fap t\u0103ng c\u01b0\u1eddng tr\u1ea3i nghi\u1ec7m ng\u01b0\u1eddi d\u00f9ng:<\/p>\n<ul>\n<li><strong>Hi\u1ec3n th\u1ecb nhi\u1ec7t \u0111\u1ed9 an to\u00e0n<\/strong>: M\u00e1y c\u00f3 \u0111\u00e8n b\u00e1o hi\u1ec7u khi n\u01b0\u1edbc \u0111\u00e3 \u0111\u1ea1t \u0111\u1ebfn nhi\u1ec7t \u0111\u1ed9 mong mu\u1ed1n, gi\u00fap b\u1ea1n ki\u1ec3m so\u00e1t d\u1ec5 d\u00e0ng.<\/li>\n<li><strong>H\u1ec7 th\u1ed1ng t\u1ea1o Ion b\u1ea1c kh\u00e1ng khu\u1ea9n<\/strong>: C\u00f4ng ngh\u1ec7 n\u00e0y gi\u00fap l\u00e0m s\u1ea1ch ngu\u1ed3n n\u01b0\u1edbc, mang l\u1ea1i ch\u1ea5t l\u01b0\u1ee3ng n\u01b0\u1edbc t\u1ed1i \u01b0u cho s\u1ee9c kh\u1ecfe.<\/li>\n<li><strong>C\u00f4ng ngh\u1ec7 Flexomix<\/strong>: T\u0103ng l\u01b0\u1ee3ng n\u01b0\u1edbc \u0111\u1ea7u v\u00e0o, \u0111\u00e1p \u1ee9ng nhu c\u1ea7u s\u1eed d\u1ee5ng l\u1edbn c\u1ee7a gia \u0111\u00ecnh.<\/li>\n<\/ul>\n<h2>5. Ti\u1ebft ki\u1ec7m n\u0103ng l\u01b0\u1ee3ng t\u1ed1i \u0111a<\/h2>\n<p>M\u00e1y N\u01b0\u1edbc N\u00f3ng Gi\u00e1n Ti\u1ebfp Ariston SLIM3 R \u0111\u1ea1t chu\u1ea9n ti\u1ebft ki\u1ec7m n\u0103ng l\u01b0\u1ee3ng 5 sao, gi\u00fap gi\u1ea3m \u0111\u00e1ng k\u1ec3 chi ph\u00ed \u0111i\u1ec7n h\u00e0ng th\u00e1ng. V\u1edbi c\u00f4ng su\u1ea5t l\u00e0m n\u00f3ng 3000W v\u00e0 th\u1eddi gian l\u00e0m n\u00f3ng nhanh ch\u00f3ng trong kho\u1ea3ng 31 ph\u00fat, s\u1ea3n ph\u1ea9m \u0111\u00e1p \u1ee9ng \u0111\u1ea7y \u0111\u1ee7 nhu c\u1ea7u s\u1eed d\u1ee5ng n\u01b0\u1edbc n\u00f3ng m\u00e0 v\u1eabn \u0111\u1ea3m b\u1ea3o hi\u1ec7u qu\u1ea3 kinh t\u1ebf.<\/p>\n<h2>6. Th\u00f4ng s\u1ed1 k\u1ef9 thu\u1eadt<\/h2>\n<figure id=\"attachment_22837\" aria-describedby=\"caption-attachment-22837\" style=\"width: 1038px\" class=\"wp-caption alignnone\"><img loading=\"lazy\" decoding=\"async\" class=\"wp-image-22837 size-full\" src=\"https:\/\/livinghome.vn\/thiet-bi\/wp-content\/uploads\/2024\/11\/slim3-r-kt.png\" alt=\"M\u00e1y N\u01b0\u1edbc N\u00f3ng Gi\u00e1n Ti\u1ebfp Ariston SLIM3 R\" width=\"1038\" height=\"722\" title=\"\" srcset=\"https:\/\/livinghome.vn\/thiet-bi\/wp-content\/uploads\/2024\/11\/slim3-r-kt.png 1038w, https:\/\/livinghome.vn\/thiet-bi\/wp-content\/uploads\/2024\/11\/slim3-r-kt-575x400.png 575w, https:\/\/livinghome.vn\/thiet-bi\/wp-content\/uploads\/2024\/11\/slim3-r-kt-768x534.png 768w, https:\/\/livinghome.vn\/thiet-bi\/wp-content\/uploads\/2024\/11\/slim3-r-kt-600x417.png 600w\" sizes=\"auto, (max-width: 1038px) 100vw, 1038px\" \/><figcaption id=\"caption-attachment-22837\" class=\"wp-caption-text\">M\u00e1y N\u01b0\u1edbc N\u00f3ng Gi\u00e1n Ti\u1ebfp Ariston SLIM3 R<\/figcaption><\/figure>\n<p>C\u00f2n ch\u1ea7n ch\u1edd g\u00ec n\u1eefa,\u00a0<a href=\"https:\/\/livinghome.vn\/\"><strong>Living Home Vi\u1ec7t Nam<\/strong><\/a><a href=\"http:\/\/livinghome.vn\/\">\u00a0<\/a>ch\u1eafc ch\u1eafn s\u1ebd l\u00e0m h\u00e0i l\u00f2ng nh\u1eefng t\u00edn \u0111\u1ed3 y\u00eau th\u00edch v\u00e0 \u0111am m\u00ea c\u00e1c thi\u1ebft b\u1ecb hi\u1ec7n \u0111\u1ea1i..<br \/>\n<strong>Th\u00f4ng tin li\u00ean h\u1ec7:<\/strong><\/p>\n<ul>\n<li>Showroom tr\u1ea3i nghi\u1ec7m v\u00e0 nh\u1eadn t\u1ef1 v\u1ea5n tr\u1ef1c ti\u1ebfp: 442A C\u1ed9ng H\u00f2a, Ph\u01b0\u1eddng 13, Qu\u1eadn T\u00e2n B\u00ecnh, H\u1ed3 Ch\u00ed Minh (c\u00f3 ch\u1ed7 \u0111\u1eadu \u00f4 t\u00f4 nh\u00e9)<\/li>\n<li>Google Maps d\u1eabn \u0111\u01b0\u1eddng:\u00a0<a href=\"https:\/\/maps.app.goo.gl\/RvTsXUvtt1QkdaQa9\" target=\"_blank\" rel=\"dofollow noopener\">XEM \u1ede \u0110\u00c2Y<\/a><\/li>\n<li>K\u00eanh Facebook th\u00f4ng tin c\u1eadp nh\u1eadt:\u00a0<a href=\"https:\/\/www.facebook.com\/noithatlivinghome\/\" target=\"_blank\" rel=\"dofollow noopener\">XEM \u1ede \u0110\u00c2Y<\/a><\/li>\n<li>K\u00eanh Youtube chuy\u00ean video s\u1ea3n ph\u1ea9m m\u1edbi nh\u1ea5t:\u00a0<a href=\"https:\/\/www.youtube.com\/channel\/UCi5ijFuCl-RA7xBGqPlfm4A\" target=\"_blank\" rel=\"dofollow noopener\">XEM \u1ede \u0110\u00c2Y<\/a><\/li>\n<li>K\u00eanh TikTok c\u1eadp nh\u1eadt xu h\u01b0\u1edbng m\u1edbi nh\u1ea5t:\u00a0<a href=\"https:\/\/www.tiktok.com\/@noithatlivinghome?_t=8rA3V9bAq8e&amp;_r=1\" target=\"_blank\" rel=\"dofollow noopener\">XEM \u1ede \u0110\u00c2Y<\/a><\/li>\n<\/ul>\n","protected":false},"excerpt":{"rendered":"<p>Gi\u1edbi thi\u1ec7u M\u00e1y N\u01b0\u1edbc N\u00f3ng Gi\u00e1n Ti\u1ebfp Ariston SLIM3 R M\u00e1y N\u01b0\u1edbc N\u00f3ng Gi\u00e1n Ti\u1ebfp Ariston SLIM3 R l\u00e0 s\u1ea3n ph\u1ea9m ti\u00ean ti\u1ebfn c\u1ee7a th\u01b0\u01a1ng hi\u1ec7u Ariston, n\u1ed5i b\u1eadt v\u1edbi kh\u1ea3 n\u0103ng l\u00e0m n\u00f3ng nhanh, ti\u1ebft ki\u1ec7m n\u0103ng l\u01b0\u1ee3ng v\u00e0 \u0111\u1ea3m b\u1ea3o an to\u00e0n tuy\u1ec7t \u0111\u1ed1i cho ng\u01b0\u1eddi s\u1eed d\u1ee5ng. V\u1edbi nh\u1eefng t\u00ednh n\u0103ng v\u01b0\u1ee3t [&#8230;]\n","protected":false},"featured_media":22841,"comment_status":"open","ping_status":"closed","template":"","meta":[],"product_brand":[],"product_cat":[540,2054,1979,2052,2056],"product_tag":[541,1980,2053,2006,542],"class_list":{"0":"post-22824","1":"product","2":"type-product","3":"status-publish","4":"has-post-thumbnail","6":"product_cat-may-nong-lanh","7":"product_cat-may-nong-lanh-ariston","8":"product_cat-may-nuoc-nong","9":"product_cat-may-nuoc-nong-ariston","10":"product_cat-thuong-hieu-ariston","11":"product_tag-may-nong-lanh","12":"product_tag-may-nuoc-nong","13":"product_tag-may-nuoc-nong-ariston","14":"product_tag-may-nuoc-nong-gian-tiep","15":"product_tag-may-nuoc-nong-lanh","17":"first","18":"instock","19":"shipping-taxable","20":"product-type-simple"},"_links":{"self":[{"href":"https:\/\/livinghome.vn\/thiet-bi\/wp-json\/wp\/v2\/product\/22824","targetHints":{"allow":["GET"]}}],"collection":[{"href":"https:\/\/livinghome.vn\/thiet-bi\/wp-json\/wp\/v2\/product"}],"about":[{"href":"https:\/\/livinghome.vn\/thiet-bi\/wp-json\/wp\/v2\/types\/product"}],"replies":[{"embeddable":true,"href":"https:\/\/livinghome.vn\/thiet-bi\/wp-json\/wp\/v2\/comments?post=22824"}],"wp:featuredmedia":[{"embeddable":true,"href":"https:\/\/livinghome.vn\/thiet-bi\/wp-json\/wp\/v2\/media\/22841"}],"wp:attachment":[{"href":"https:\/\/livinghome.vn\/thiet-bi\/wp-json\/wp\/v2\/media?parent=22824"}],"wp:term":[{"taxonomy":"product_brand","embeddable":true,"href":"https:\/\/livinghome.vn\/thiet-bi\/wp-json\/wp\/v2\/product_brand?post=22824"},{"taxonomy":"product_cat","embeddable":true,"href":"https:\/\/livinghome.vn\/thiet-bi\/wp-json\/wp\/v2\/product_cat?post=22824"},{"taxonomy":"product_tag","embeddable":true,"href":"https:\/\/livinghome.vn\/thiet-bi\/wp-json\/wp\/v2\/product_tag?post=22824"}],"curies":[{"name":"wp","href":"https:\/\/api.w.org\/{rel}","templated":true}]}}