{"id":2267,"date":"2023-01-12T16:48:52","date_gmt":"2023-01-12T16:48:52","guid":{"rendered":"https:\/\/livinghome.vn\/thiet-bi\/?post_type=product&#038;p=2267"},"modified":"2024-11-29T14:20:32","modified_gmt":"2024-11-29T07:20:32","slug":"may-hut-mui-teka-ch-1170p-am-thiet-ke-kim-loai-ben-bi-sang-trong","status":"publish","type":"product","link":"https:\/\/livinghome.vn\/thiet-bi\/may-hut-mui-teka-ch-1170p-am-thiet-ke-kim-loai-ben-bi-sang-trong\/","title":{"rendered":"M\u00e1y h\u00fat m\u00f9i Teka CH 1170P \u00e2m thi\u1ebft k\u1ebf kim lo\u1ea1i b\u1ec1n b\u1ec9 sang tr\u1ecdng"},"content":{"rendered":"<h2>M\u00e1y h\u00fat m\u00f9i Teka CH 1170P \u00e2m thi\u1ebft k\u1ebf kim lo\u1ea1i b\u1ec1n b\u1ec9 sang tr\u1ecdng<\/h2>\n<p>&nbsp;<\/p>\n<figure id=\"attachment_66983\" aria-describedby=\"caption-attachment-66983\" style=\"width: 800px\" class=\"wp-caption alignnone\"><img loading=\"lazy\" decoding=\"async\" class=\"wp-image-66983 size-large\" src=\"https:\/\/livinghome.vn\/thiet-bi\/wp-content\/uploads\/nha-bep\/teka\/may-hut-mui\/may-hut-mui-teka-ch-1170p\/may-hut-mui-teka-ch-1170p-1-800x800.jpg\" alt=\"M\u00e1y h\u00fat m\u00f9i Teka CH 1170P \u00e2m thi\u1ebft k\u1ebf kim lo\u1ea1i b\u1ec1n b\u1ec9 sang tr\u1ecdng\" width=\"800\" height=\"800\" title=\"\"><figcaption id=\"caption-attachment-66983\" class=\"wp-caption-text\">M\u00e1y h\u00fat m\u00f9i Teka CH 1170P \u00e2m thi\u1ebft k\u1ebf kim lo\u1ea1i b\u1ec1n b\u1ec9 sang tr\u1ecdng<\/figcaption><\/figure>\n<p>M\u00e1y h\u00fat kh\u00f3i Teka\u00a0CH 1170P \u0111\u01b0\u1ee3c thi\u1ebft k\u1ebf v\u1edbi th\u00e2n m\u00e1y b\u1eb1ng th\u00e9p kh\u00f4ng g\u1ec9 t\u1ea1o \u0111\u1ed9 b\u1ec1n cao cho m\u00e1y, \u0111\u1ed3ng th\u1eddi ki\u1ec3u d\u00e1ng sang tr\u1ecdng v\u1edbi k\u00edch th\u01b0\u1edbc 70 cm ph\u00f9 h\u1ee3p v\u1edbi nhi\u1ec1u kh\u00f4ng gian b\u1ebfp Vi\u1ec7t.<\/p>\n<h3>T\u00ednh n\u0103ng c\u01a1 b\u1ea3n<\/h3>\n<ul>\n<li><a href=\"https:\/\/livinghome.vn\/thiet-bi\/may-hut-mui\/\">M\u00e1y h\u00fat kh\u00f3i kh\u1eed m\u00f9i<\/a> \u2013 kh\u1eed m\u00f9i \u00e2m &#8211; d\u1ea1ng k\u00e9o<\/li>\n<li>M\u00e0n h\u00ecnh c\u1ea3m \u1ee9ng<\/li>\n<li>Ch\u1ea5t li\u1ec7u th\u00e9p kh\u00f4ng g\u1ec9<\/li>\n<li>3 m\u1ee9c c\u00f4ng su\u1ea5t h\u00fat<\/li>\n<li>C\u00f4ng su\u1ea5t h\u00fat t\u1ed1i \u0111a 750m3\/h<\/li>\n<li>\u0110\u1ed9 \u1ed3n t\u1ed1c \u0111\u1ed9 h\u00fat t\u1ed1i da 50dB<\/li>\n<li>02 l\u01b0\u1edbi l\u1ecdc nh\u00f4m<\/li>\n<li>M\u00e0u s\u1eafc: B\u1ea1c<\/li>\n<\/ul>\n<h3>Th\u00f4ng s\u1ed1 k\u1ef9 thu\u1eadt<\/h3>\n<ul>\n<li>Chi\u1ec1u cao(mm): 261<\/li>\n<li>Chi\u1ec1u r\u1ed9ng (mm): 695<\/li>\n<li>\u0110\u1ed9 s\u00e2u (mm): 478<\/li>\n<\/ul>\n<h3>\u0110\u1eb7c t\u00ednh s\u1ea3n ph\u1ea9m<\/h3>\n<ul>\n<li>Gi\u1ea5y ch\u1ee9ng nh\u1eadn:\u00a0CE; CB<\/li>\n<li>\u1ed4 c\u1eafm (mm):\u00a0150<\/li>\n<li>\u0110i\u1ec7n n\u0103ng ti\u00eau th\u1ee5 \u0111\u00e8n b\u00ean trong (W):\u00a03<\/li>\n<li>Ph\u00edch c\u1eafm:\u00a0European plug<\/li>\n<li>C\u00f4ng su\u1ea5t (V):\u00a0220240<\/li>\n<li>T\u1ea7n s\u1ed1 (Hz):\u00a050<\/li>\n<\/ul>\n<p>Teka CH 1170P l\u00e0 lo\u1ea1i m\u00e1y h\u00fat m\u00f9i c\u00f3 c\u00f4ng su\u1ea5t cao trong c\u00e1c lo\u1ea1i m\u00e1y h\u00fat m\u00f9i \u00e2m t\u1ee7, c\u00f4ng su\u1ea5t t\u1ed1i \u0111a c\u1ee7a m\u00e1y l\u00ean \u0111\u1ebfn 750m3\/h v\u1edbi 3 t\u1ed1c \u0111\u1ed9 h\u00fat kh\u00e1c nhau v\u00e0 \u0111\u01b0\u1ee3c \u0111i\u1ec1u khi\u1ec3n b\u1eb1ng c\u1ea3m \u1ee9ng si\u00eau nh\u1ea1y, c\u00f4ng d\u1ee5ng ch\u1ee7 y\u1ebfu c\u1ee7a s\u1ea3n ph\u1ea9m l\u00e0 h\u00fat v\u00e0 \u0111\u1ea9y m\u00f9i th\u1ee9c \u0103n ra kh\u00f4ng gian ngo\u00e0i ph\u00f2ng b\u1ebfp, ngo\u00e0i t\u00e1c d\u1ee5ng h\u00fat \u0111\u1ea9y m\u00f9i c\u00f2n c\u00f3 t\u00e1c d\u1ee5ng h\u00fat kh\u1eed m\u00f9i tr\u1ef1c ti\u1ebfp t\u1ea1o v\u00f2ng tu\u1ea7n ho\u00e0n kh\u00e9p k\u00edn, m\u00f9i \u0111\u01b0\u1ee3c h\u00fat qua b\u1ed9 l\u1ecdc than ho\u1ea1t t\u00ednh c\u1ee7a m\u00e1y, t\u1ea1i \u0111\u00e2y than ho\u1ea1t t\u00ednh c\u00f3 t\u00e1c d\u1ee5ng kh\u1eed tr\u1ef1c ti\u1ebfp m\u00f9i, sau \u0111\u00f3 kh\u00f4ng kh\u00ed s\u1ea1ch s\u1ebd \u0111\u01b0\u1ee3c \u0111\u1ea9y tr\u1ef1c ti\u1ebfp ra ngo\u00e0i ph\u00f2ng b\u1ebfp.<\/p>\n<h3>Xu\u1ea5t x\u1ee9: PRC<\/h3>\n<div><\/div>\n","protected":false},"excerpt":{"rendered":"<div id=\"product-title\" class=\"et_pb_module et_pb_text et_pb_bg_layout_light et_pb_text_align_left\">\n<div class=\"et_pb_text_inner\">\n<h1>M\u00e1y h\u00fat m\u00f9i \u00e2m tr\u1ea7n<\/h1>\n<\/div>\n<\/div>\n<div class=\"et_pb_module et_pb_text et_pb_text_1 et_pb_bg_layout_light et_pb_text_align_left\">\n<div class=\"et_pb_text_inner\">\n<div id=\"product-content\">\n<ul>\n<li>M\u00e0n h\u00ecnh c\u1ea3m \u1ee9ng<\/li>\n<li>Ch\u1ea5t li\u1ec7u th\u00e9p kh\u00f4ng g\u1ec9<\/li>\n<li>3 m\u1ee9c c\u00f4ng su\u1ea5t h\u00fat<\/li>\n<li>C\u00f4ng su\u1ea5t h\u00fat t\u1ed1i \u0111a 750m3\/h<\/li>\n<li>\u0110\u1ed9 \u1ed3n t\u1ed1c \u0111\u1ed9 h\u00fat t\u1ed1i da 50dB<\/li>\n<li>02 l\u01b0\u1edbi l\u1ecdc nh\u00f4m<\/li>\n<li>M\u00e0u s\u1eafc: B\u1ea1c<\/li>\n<\/ul>\n<\/div>\n<\/div>\n<\/div>\n","protected":false},"featured_media":2414,"comment_status":"open","ping_status":"closed","template":"","meta":[],"product_brand":[],"product_cat":[84,130,344,311],"product_tag":[86,206,346,313],"class_list":{"0":"post-2267","1":"product","2":"type-product","3":"status-publish","4":"has-post-thumbnail","6":"product_cat-may-hut-mui","7":"product_cat-may-hut-mui-am-tu-keo","8":"product_cat-may-hut-mui-teka","9":"product_cat-thuong-hieu-teka","10":"product_tag-may-hut-mui","11":"product_tag-may-hut-mui-am-tran","12":"product_tag-may-hut-mui-teka","13":"product_tag-teka","15":"first","16":"instock","17":"sale","18":"shipping-taxable","19":"purchasable","20":"product-type-simple"},"_links":{"self":[{"href":"https:\/\/livinghome.vn\/thiet-bi\/wp-json\/wp\/v2\/product\/2267","targetHints":{"allow":["GET"]}}],"collection":[{"href":"https:\/\/livinghome.vn\/thiet-bi\/wp-json\/wp\/v2\/product"}],"about":[{"href":"https:\/\/livinghome.vn\/thiet-bi\/wp-json\/wp\/v2\/types\/product"}],"replies":[{"embeddable":true,"href":"https:\/\/livinghome.vn\/thiet-bi\/wp-json\/wp\/v2\/comments?post=2267"}],"wp:featuredmedia":[{"embeddable":true,"href":"https:\/\/livinghome.vn\/thiet-bi\/wp-json\/wp\/v2\/media\/2414"}],"wp:attachment":[{"href":"https:\/\/livinghome.vn\/thiet-bi\/wp-json\/wp\/v2\/media?parent=2267"}],"wp:term":[{"taxonomy":"product_brand","embeddable":true,"href":"https:\/\/livinghome.vn\/thiet-bi\/wp-json\/wp\/v2\/product_brand?post=2267"},{"taxonomy":"product_cat","embeddable":true,"href":"https:\/\/livinghome.vn\/thiet-bi\/wp-json\/wp\/v2\/product_cat?post=2267"},{"taxonomy":"product_tag","embeddable":true,"href":"https:\/\/livinghome.vn\/thiet-bi\/wp-json\/wp\/v2\/product_tag?post=2267"}],"curies":[{"name":"wp","href":"https:\/\/api.w.org\/{rel}","templated":true}]}}