{"id":22024,"date":"2024-05-07T23:05:57","date_gmt":"2024-05-07T16:05:57","guid":{"rendered":"https:\/\/livinghome.vn\/thiet-bi\/?post_type=product&#038;p=22024"},"modified":"2024-11-29T14:16:59","modified_gmt":"2024-11-29T07:16:59","slug":"may-say-kaff-kf-dr113l09wh","status":"publish","type":"product","link":"https:\/\/livinghome.vn\/thiet-bi\/may-say-kaff-kf-dr113l09wh\/","title":{"rendered":"M\u00e1y s\u1ea5y Kaff KF-DR113L09WH"},"content":{"rendered":"<h3><strong>Th\u00f4ng s\u1ed1 k\u1ef9 thu\u1eadt:<\/strong><\/h3>\n<p>\u2022 M\u00e1y s\u1ea5y c\u1eeda tr\u01b0\u1edbc hi\u1ec7n \u0111\u1ea1i l\u1ed3ng ngang<\/p>\n<p>\u2022 15 ch\u01b0\u01a1ng tr\u00ecnh s\u1ea5y t\u1ef1 \u0111\u1ed9ng t\u00edch h\u1ee3p (Cotton Extra Dry, Cotton Cupboard Dry, Cotton Iron Dry, Synthetics Cupboard Dry, Synthetics Iron Dry, Delicate, Mix, Baby Care, Towels,Hygiene, Outdoor, Time drying, Refresh, Express, Shirts, Duvet, Sport, Wool refresh)<\/p>\n<p>\u2022 Kh\u1ed1i l\u01b0\u1ee3ng s\u1ea5y kh\u00f4 9 Kg<\/p>\n<p>\u2022 C\u00f4ng ngh\u1ec7 s\u1ea5y c\u01b0\u1ee1ng b\u1ee9c tr\u1ef1c ti\u1ebfp hi\u1ec7n \u0111\u1ea1i &#8211; HEAT PUMP A++ (AL)<\/p>\n<p>\u2022 L\u1ed3ng s\u1ea5y inox, th\u00e2n s\u01a1n t\u0129nh \u0111i\u1ec7n m\u00e0u \u0111en cao c\u1ea5p<\/p>\n<p>\u2022 Ch\u1ee9c n\u0103ng di\u1ec7t khu\u1ea9n an to\u00e0n UVC_TD<\/p>\n<p>\u2022 Motor Pump v\u00e0 m\u00e1y n\u00e9n Compressor motor ki\u1ec3u PSC ho\u1ea1t \u0111\u1ed9ng \u0111\u1ea3o chi\u1ec1u, kh\u00f4ng s\u1eed d\u1ee5ng ch\u1ed5i than EcoSilence Drive gi\u00fap m\u00e1y s\u1ea5y ho\u1ea1t \u0111\u1ed9ng v\u1edbi \u0111\u1ed3 \u1ed3n th\u1ea5p v\u00e0 b\u1ec1n b\u1ec9 &#8211; ti\u1ebft ki\u1ec7m n\u0103ng l\u01b0\u1ee3ng<\/p>\n<p>\u2022 H\u1ec7 th\u1ed1ng c\u1ea3m bi\u1ebfn s\u1ea5y an to\u00e0n Sensor Drying System<\/p>\n<p>\u2022 \u0110\u1ea3o chi\u1ec1u l\u1ed3ng quay l\u00fac s\u1ea5y gi\u00fap s\u1ea5y \u0111\u1ed3 kh\u00f4 nhanh h\u01a1n, hi\u1ec7u qu\u1ea3 h\u01a1n (Two Way Tumbling)<\/p>\n<p>\u2022 \u0110i\u1ec1u khi\u1ec3n \u0111i\u1ec7n t\u1eed (Control system Electronic)<\/p>\n<p>\u2022 H\u1ec7 th\u1ed1ng ph\u00e1t hi\u1ec7n l\u1ed7i khi s\u1eed d\u1ee5ng (Failure Detection System)<\/p>\n<p>\u2022 Kh\u00f3a tr\u1ebb em an to\u00e0n (Child lock)<\/p>\n<p>\u2022 Hi\u1ec7n th\u1ecb chu tr\u00ecnh s\u1ea5y (Drying cycle indicator)<\/p>\n<p>\u2022 Ch\u1ee9c n\u0103ng h\u1eb9n gi\u1edd l\u00ean \u0111\u1ebfn 1-23h (Delay time adjustment via button)<\/p>\n<p>\u2022 \u0110i\u1ec1u ch\u1ec9nh c\u01b0\u1eddng \u0111\u1ed9 s\u1ea5y (Drying level adjustment via button)<\/p>\n<p>\u2022 \u0110i\u1ec1u ch\u1ec9nh ch\u01b0\u01a1ng tr\u00ecnh s\u1ea5y (Drying Target)<\/p>\n<p>\u2022 \u0110i\u1ec1u ch\u1ec9nh t\u1ed1c \u0111\u1ed9 s\u1ea5y (Spin Speed Selection)<\/p>\n<p>\u2022 M\u00e0n h\u00ecnh hi\u1ec7n th\u1ecb led m\u00e0u s\u00e1ng tr\u1eafng LEDCOLOR_TD_T)<\/p>\n<p>\u2022 Hi\u1ec7n th\u1ecb c\u1ea3nh b\u00e1o l\u1ecdc \u0111\u1ea7y (Filter full indicator)<\/p>\n<p>\u2022 Hi\u1ec7n th\u1ecb tank n\u01b0\u1edbc \u0111\u1ea7y (Water tank full indicator)<\/p>\n<p>\u2022 C\u1ea3nh b\u00e1o c\u1ea7n l\u00e0m s\u1ea1ch b\u00ecnh ng\u01b0ng (Condenser cleaning indicator)<\/p>\n<p>\u2022 Th\u1eddi l\u01b0\u1ee3ng ch\u01b0\u01a1ng tr\u00ecnh (ph\u00fat) &#8211; \u0110\u1ea7y t\u1ea3i: 208<\/p>\n<p>\u2022 Th\u1eddi l\u01b0\u1ee3ng ch\u01b0\u01a1ng tr\u00ecnh (ph\u00fat) &#8211; T\u1ea3i m\u1ed9t ph\u1ea7n: 116<\/p>\n<p>\u2022 Th\u1eddi l\u01b0\u1ee3ng ch\u01b0\u01a1ng tr\u00ecnh (ph\u00fat) &#8211; T\u1ea3i tr\u1ecdng 70%: 155<\/p>\n<p>\u2022 Ti\u00eau th\u1ee5 n\u0103ng l\u01b0\u1ee3ng \u1edf m\u1ee9c t\u1ea3i m\u1ed9t ph\u1ea7n (kWh\/chu k\u1ef3): 1.19<\/p>\n<p>\u2022 Ti\u00eau th\u1ee5 n\u0103ng l\u01b0\u1ee3ng \u1edf m\u1ee9c \u0111\u1ea7y t\u1ea3i (kWh\/chu k\u1ef3): 2.12<\/p>\n<p>\u2022 C\u00f4ng su\u1ea5t s\u1ea5y 1000W<\/p>\n<p>\u2022 Ti\u00eau th\u1ee5 n\u0103ng l\u01b0\u1ee3ng (kWh\/n\u0103m): 259<\/p>\n<p>\u2022 T\u1ed1c \u0111\u1ed9 quay (RPM): 600-800-1000-1200-1400-1600 V\u00f2ng<\/p>\n<p>\u2022 Th\u1eddi gian s\u1ea5y (ph\u00fat): 10 &#8211; 30 &#8211; 60 &#8211; 90 &#8211; 120 &#8211; 150<\/p>\n<p>\u2022 N\u00fat b\u1ea5m ch\u1ecdn t\u00ednh n\u0103ng:<\/p>\n<p>+ T\u1eaft m\u1edf (On\/Off)<\/p>\n<p>+ Ch\u1ee9c n\u0103ng t\u1ea1m d\u1eebng (Start\/Pause)<\/p>\n<p>+ Ch\u1ee9c n\u0103ng ch\u1ed1ng nh\u0103n qu\u1ea7n \u00e1o (Anti-crease)<\/p>\n<p>+ T\u00edn hi\u1ec7u s\u1ea5y (Signal)<\/p>\n<p>+ \u0110\u00e8n c\u1ea3nh b\u00e1o (Lamp)<\/p>\n<p>\u2022 Ti\u00eau chu\u1ea9n ti\u1ebft ki\u1ec7m n\u0103ng l\u01b0\u1ee3ng A+++ theo ti\u00eau chu\u1ea9n Ch\u00e2u \u00c2u<\/p>\n<p>\u2022 H\u1ec7 th\u1ed1ng SensitiveDrying Sytem gi\u00fap qu\u1ea7n \u00e1o th\u1ea5m m\u1ed9t lu\u1ed3ng kh\u00f4ng kh\u00ed t\u1eeb m\u1ecdi ph\u00eda khi\u1ebfn qu\u1ea7n \u00e1o \u0111\u01b0\u1ee3c s\u1ea5y kh\u00f4 tuy\u1ec7t \u0111\u1ed1i m\u00e0 v\u1eabn m\u1ec1m m\u1ea1i<\/p>\n<p>\u2022 \u0110\u1ed9 \u1ed3n ch\u1ec9 65dB nh\u1edd c\u00f4ng ngh\u1ec7 ch\u1ed1ng rung AntiVibration hi\u1ec7n \u0111\u1ea1i<\/p>\n<p>\u2022 Chu\u00f4ng b\u00e1o khi qu\u00e1 tr\u00ecnh s\u1ea5y k\u1ebft th\u00fac, ki\u1ec3m so\u00e1t m\u1ecdi s\u1ef1 c\u1ed1 c\u00f3 th\u1ec3 g\u1eb7p cho h\u1ec7 th\u1ed1ng \u0111i\u1ec7n, n\u01b0\u1edbc v\u00e0 ng\u01b0ng m\u1ecdi ho\u1ea1t \u0111\u1ed9ng v\u00f4 c\u00f9ng an to\u00e0n<\/p>\n<p>\u2022 Ngu\u1ed3n \u0111i\u1ec7n 220V-240V\/50Hz<\/p>\n<p>\u2022 C\u00f4ng su\u1ea5t \u0111\u1ecbnh m\u1ee9c 1000W &#8211; 10A<\/p>\n<p>\u2022 \u00c1p su\u1ea5t n\u01b0\u1edbc ti\u00eau chu\u1ea9n 0.05 &#8211; 1 Mpa<\/p>\n<p>\u2022 B\u00ecnh gi\u1eef nhi\u1ec7t an to\u00e0n<\/p>\n<p>\u2022 C\u1eeda m\u00e1y ho\u1ea1t \u0111\u1ed9ng \u0111\u00f3ng m\u1edf b\u1eb1ng kh\u00f3a \u0111i\u1ec7n t\u1eeb \u0111\u1ed9 m\u1edf 180 \u0111\u1ed9 hi\u1ec7u qu\u1ea3 t\u1ed1i \u0111a, kinh t\u1ebf, b\u1ec1n b\u1ec9 v\u00e0 \u00eam \u00e1i<\/p>\n<p>\u2022 K\u00edch th\u01b0\u1edbc s\u1ea3n ph\u1ea7m (HxWxD) (mm): 845x596x609<\/p>\n<p>\u2022 Gross Weight (Shrink) (Kg) -Glass Door: 46.8<\/p>\n<p>\u2022 Gross Weight (Carton) (kg) &#8211; Glass Door: 47.8<\/p>\n<p><img loading=\"lazy\" decoding=\"async\" class=\"alignnone size-full wp-image-22025\" src=\"https:\/\/livinghome.vn\/thiet-bi\/wp-content\/uploads\/2024\/05\/may-say-kaff-kf-dr113l09bl-2.jpg\" alt=\"\" width=\"1200\" height=\"787\" title=\"\" srcset=\"https:\/\/livinghome.vn\/thiet-bi\/wp-content\/uploads\/2024\/05\/may-say-kaff-kf-dr113l09bl-2.jpg 1200w, https:\/\/livinghome.vn\/thiet-bi\/wp-content\/uploads\/2024\/05\/may-say-kaff-kf-dr113l09bl-2-610x400.jpg 610w, https:\/\/livinghome.vn\/thiet-bi\/wp-content\/uploads\/2024\/05\/may-say-kaff-kf-dr113l09bl-2-768x504.jpg 768w, https:\/\/livinghome.vn\/thiet-bi\/wp-content\/uploads\/2024\/05\/may-say-kaff-kf-dr113l09bl-2-600x394.jpg 600w\" sizes=\"auto, (max-width: 1200px) 100vw, 1200px\" \/><\/p>\n","protected":false},"excerpt":{"rendered":"<p>\u2022 M\u00e1y s\u1ea5y c\u1eeda tr\u01b0\u1edbc hi\u1ec7n \u0111\u1ea1i l\u1ed3ng ngang<\/p>\n<p>\u2022 15 ch\u01b0\u01a1ng tr\u00ecnh s\u1ea5y t\u1ef1 \u0111\u1ed9ng t\u00edch h\u1ee3p<\/p>\n<p>\u2022 Kh\u1ed1i l\u01b0\u1ee3ng s\u1ea5y kh\u00f4 9 Kg<\/p>\n","protected":false},"featured_media":22026,"comment_status":"open","ping_status":"closed","template":"","meta":[],"product_brand":[],"product_cat":[300,2039,71,164],"product_tag":[],"class_list":{"0":"post-22024","1":"product","2":"type-product","3":"status-publish","4":"has-post-thumbnail","6":"product_cat-may-say","7":"product_cat-may-say-kaff","8":"product_cat-thuong-hieu","9":"product_cat-thuong-hieu-kaff","11":"first","12":"instock","13":"sale","14":"shipping-taxable","15":"purchasable","16":"product-type-simple"},"_links":{"self":[{"href":"https:\/\/livinghome.vn\/thiet-bi\/wp-json\/wp\/v2\/product\/22024","targetHints":{"allow":["GET"]}}],"collection":[{"href":"https:\/\/livinghome.vn\/thiet-bi\/wp-json\/wp\/v2\/product"}],"about":[{"href":"https:\/\/livinghome.vn\/thiet-bi\/wp-json\/wp\/v2\/types\/product"}],"replies":[{"embeddable":true,"href":"https:\/\/livinghome.vn\/thiet-bi\/wp-json\/wp\/v2\/comments?post=22024"}],"wp:featuredmedia":[{"embeddable":true,"href":"https:\/\/livinghome.vn\/thiet-bi\/wp-json\/wp\/v2\/media\/22026"}],"wp:attachment":[{"href":"https:\/\/livinghome.vn\/thiet-bi\/wp-json\/wp\/v2\/media?parent=22024"}],"wp:term":[{"taxonomy":"product_brand","embeddable":true,"href":"https:\/\/livinghome.vn\/thiet-bi\/wp-json\/wp\/v2\/product_brand?post=22024"},{"taxonomy":"product_cat","embeddable":true,"href":"https:\/\/livinghome.vn\/thiet-bi\/wp-json\/wp\/v2\/product_cat?post=22024"},{"taxonomy":"product_tag","embeddable":true,"href":"https:\/\/livinghome.vn\/thiet-bi\/wp-json\/wp\/v2\/product_tag?post=22024"}],"curies":[{"name":"wp","href":"https:\/\/api.w.org\/{rel}","templated":true}]}}