{"id":21980,"date":"2024-05-07T20:58:43","date_gmt":"2024-05-07T13:58:43","guid":{"rendered":"https:\/\/livinghome.vn\/thiet-bi\/?post_type=product&#038;p=21980"},"modified":"2024-11-29T14:18:44","modified_gmt":"2024-11-29T07:18:44","slug":"may-rua-chen-kaff-kf-carya1fw","status":"publish","type":"product","link":"https:\/\/livinghome.vn\/thiet-bi\/may-rua-chen-kaff-kf-carya1fw\/","title":{"rendered":"M\u00e1y R\u1eeda Ch\u00e9n Kaff KF-CARYA1FW"},"content":{"rendered":"<p><strong>M\u00e1y r\u1eeda ch\u00e9n Kaff KF-CARYA1FW<\/strong> l\u00e0 model m\u1edbi nh\u1ea5t \u0111\u01b0\u1ee3c nh\u1eadp kh\u1ea9u nguy\u00ean chi\u1ebfc t\u1eeb Th\u1ed5 Nh\u0129 K\u1ef3, mang \u0111\u1ebfn cho b\u1ea1n tr\u1ea3i nghi\u1ec7m r\u1eeda ch\u00e9n hi\u1ec7n \u0111\u1ea1i v\u00e0 ti\u1ec7n l\u1ee3i b\u1eadc nh\u1ea5t.<\/p>\n<p><img loading=\"lazy\" decoding=\"async\" class=\"size-full wp-image-21983 aligncenter\" src=\"https:\/\/livinghome.vn\/thiet-bi\/wp-content\/uploads\/2024\/05\/may-rua-chen-kaff-kf-carya1fw-1.jpg\" alt=\"\" width=\"800\" height=\"800\" title=\"\" srcset=\"https:\/\/livinghome.vn\/thiet-bi\/wp-content\/uploads\/2024\/05\/may-rua-chen-kaff-kf-carya1fw-1.jpg 800w, https:\/\/livinghome.vn\/thiet-bi\/wp-content\/uploads\/2024\/05\/may-rua-chen-kaff-kf-carya1fw-1-400x400.jpg 400w, https:\/\/livinghome.vn\/thiet-bi\/wp-content\/uploads\/2024\/05\/may-rua-chen-kaff-kf-carya1fw-1-280x280.jpg 280w, https:\/\/livinghome.vn\/thiet-bi\/wp-content\/uploads\/2024\/05\/may-rua-chen-kaff-kf-carya1fw-1-768x768.jpg 768w, https:\/\/livinghome.vn\/thiet-bi\/wp-content\/uploads\/2024\/05\/may-rua-chen-kaff-kf-carya1fw-1-300x300.jpg 300w, https:\/\/livinghome.vn\/thiet-bi\/wp-content\/uploads\/2024\/05\/may-rua-chen-kaff-kf-carya1fw-1-600x600.jpg 600w, https:\/\/livinghome.vn\/thiet-bi\/wp-content\/uploads\/2024\/05\/may-rua-chen-kaff-kf-carya1fw-1-100x100.jpg 100w\" sizes=\"auto, (max-width: 800px) 100vw, 800px\" \/><\/p>\n<p>\u2022 M\u00e1y r\u1eeda ch\u00e9n \u0111\u1ed9c l\u1eadp<br \/>\n\u2022 Xu\u1ea5t x\u1ee9: Th\u1ed5 Nh\u0129 K\u1ef3 (Made in Turkey)<br \/>\n\u2022 \u0110i\u1ec1u khi\u1ec3n \u0111i\u1ec7n t\u1eed, m\u00e0n h\u00ecnh led sang tr\u1ecdng<br \/>\n\u2022 Th\u00e2n s\u01a1n t\u0129nh \u0111i\u1ec7n m\u00e0u tr\u1eafng cao c\u1ea5p<br \/>\n\u2022 S\u1ee9c ch\u1ee9a 16 b\u1ed9 \u0111\u1ed3 \u0103n Ch\u00e2u \u00c2u<br \/>\n\u2022 10 Ch\u01b0\u01a1ng tr\u00ecnh r\u1eeda t\u00edch h\u1ee3p v\u1edbi 6 m\u1ee9c nhi\u1ec7t \u0111\u1ed9: r\u1eeda m\u1ea1nh, r\u1eeda t\u1ef1 \u0111\u1ed9ng, r\u1eeda ti\u1ebft ki\u1ec7m,<br \/>\nr\u1eeda nhanh, r\u1eeda s\u01a1 b\u1ed9, r\u1eeda ch\u1edd l\u00ean \u0111\u1ebfn 24h, r\u1eeda 90 ph\u00fat, r\u1eeda tr\u00e1ng, r\u1eeda n\u1eeda t\u1ea3i<\/p>\n<h4><strong>Ch\u1ee9c n\u0103ng \u0111\u1eb7c bi\u1ec7t:<\/strong><\/h4>\n<p>\u2022 Ch\u1ee9c n\u0103ng m\u1edf c\u1eeda t\u1ef1 \u0111\u1ed9ng khi k\u1ebft th\u00fac chu tr\u00ecnh r\u1eeda\/Auto door technology<br \/>\n\u2022 S\u1ea5y t\u0103ng c\u01b0\u1eddng Tubor Fan<br \/>\n\u2022 S\u1ea5y kh\u00ed t\u01b0\u01a1i<br \/>\n\u2022 Ch\u1ee9c n\u0103ng t\u1ef1 v\u1ec7 sinh l\u1ed3ng r\u1eeda<br \/>\n\u2022 Ch\u1ee9c n\u0103ng gi\u1ea3m \u0111\u1ed9 \u1ed3n, r\u1eeda nhanh<br \/>\n\u2022 Ch\u1ee9c n\u0103ng ti\u1ebft ki\u1ec7m n\u0103ng l\u01b0\u1ee3ng<br \/>\n\u2022 Ch\u1ee9c n\u0103ng r\u1eeda n\u1eeda t\u1ea3i v\u1edbi 3 ch\u1ebf \u0111\u1ed9 ( r\u1ed5 d\u01b0\u1edbi, r\u1ed5 tr\u00ean, cho k\u1ec7 tr\u00ean d\u01b0\u1edbi)<br \/>\n\u2022 Ch\u1ee9c n\u0103ng n\u00e2ng h\u1ea1 khay r\u1eeda<\/p>\n<p><img loading=\"lazy\" decoding=\"async\" class=\"alignnone size-full wp-image-21982\" src=\"https:\/\/livinghome.vn\/thiet-bi\/wp-content\/uploads\/2024\/05\/may-rua-chen-kaff-kf-carya1fw-2.jpg\" alt=\"\" width=\"1200\" height=\"533\" title=\"\" srcset=\"https:\/\/livinghome.vn\/thiet-bi\/wp-content\/uploads\/2024\/05\/may-rua-chen-kaff-kf-carya1fw-2.jpg 1200w, https:\/\/livinghome.vn\/thiet-bi\/wp-content\/uploads\/2024\/05\/may-rua-chen-kaff-kf-carya1fw-2-800x355.jpg 800w, https:\/\/livinghome.vn\/thiet-bi\/wp-content\/uploads\/2024\/05\/may-rua-chen-kaff-kf-carya1fw-2-768x341.jpg 768w, https:\/\/livinghome.vn\/thiet-bi\/wp-content\/uploads\/2024\/05\/may-rua-chen-kaff-kf-carya1fw-2-600x267.jpg 600w\" sizes=\"auto, (max-width: 1200px) 100vw, 1200px\" \/><\/p>\n<h4><strong>Ch\u1ee9c n\u0103ng an to\u00e0n<\/strong>:<\/h4>\n<p>\u2022 Ch\u1ee9c n\u0103ng kh\u00f3a m\u00e1y khi c\u00f3 s\u1ef1 c\u1ed1 ngo\u1ea1i c\u1ea3nh t\u00e1c \u0111\u1ed9ng (ng\u1eadp n\u01b0\u1edbc, va \u0111\u1eadp, y\u1ebfu \u0111i\u1ec7n,<br \/>\nthi\u1ebfu n\u01b0\u1edbc\u2026)<br \/>\n\u2022 Ch\u1ed1ng r\u00f2 n\u01b0\u1edbc t\u1eeb m\u00e1y<br \/>\n\u2022 Ch\u1ee9c n\u0103ng b\u1ea3o v\u1ec7 qu\u00e1 nhi\u1ec7t<br \/>\n\u2022 Ch\u1ee9c n\u0103ng h\u1eb9n gi\u1edd, kh\u00f3a tr\u1ebb em th\u00f4ng minh<br \/>\n\u2022 \u0110i\u1ec1u khi\u1ec3n \u0110i\u1ec7n t\u1eed, m\u00e0n h\u00ecnh led sang tr\u1ecdng<br \/>\n\u2022 \u0110\u1ed9 \u1ed3n Maximum 49dB<br \/>\n\u2022 Ti\u00eau chu\u1ea9n ti\u1ebft ki\u1ec7m n\u0103ng l\u01b0\u1ee3ng Ch\u00e2u \u00c2u A+++ (bi\u1ebfn t\u1ea7n t\u00edch h\u1ee3p)<br \/>\n\u2022 M\u1ee9c ti\u00eau th\u1ee5 \u0111i\u1ec7n n\u0103ng b\u00ecnh qu\u00e2n 0.846 Kwh\/l\u1ea7n r\u1eeda<br \/>\n\u2022 Nhi\u1ec7t \u0111\u1ed9 n\u01b0\u1edbc n\u00f3ng l\u00ean \u0111\u1ebfn 700C<br \/>\n\u2022 M\u1ee9c ti\u00eau th\u1ee5 n\u01b0\u1edbc 9 l\u00edt\/l\u1ea7n r\u1eeda<br \/>\n\u2022 \u00c1p su\u1ea5t n\u01b0\u1edbc 0.3 \u0111\u1ebfn 10 Bar<br \/>\n\u2022 \u0110i\u1ec7n n\u0103ng \u0111\u1ea7u v\u00e0o 220-240V \/ 50-60Hz<br \/>\n\u2022 Chi\u1ec1u d\u00e0i c\u00e1p \u0111i\u1ec7n 1.65m<br \/>\n\u2022 K\u00edch th\u01b0\u1edbc 850C (c\u00f3 n\u1eafp tr\u00ean) x 598R x 598S mm\/820C(Th\u00e1o n\u1eafp tr\u00ean)\/ x 598R x 598S<\/p>\n<p><img loading=\"lazy\" decoding=\"async\" class=\"alignnone size-full wp-image-21981\" src=\"https:\/\/livinghome.vn\/thiet-bi\/wp-content\/uploads\/2024\/05\/may-rua-chen-kaff-kf-carya1fw-3.jpg\" alt=\"\" width=\"1200\" height=\"1068\" title=\"\" srcset=\"https:\/\/livinghome.vn\/thiet-bi\/wp-content\/uploads\/2024\/05\/may-rua-chen-kaff-kf-carya1fw-3.jpg 1200w, https:\/\/livinghome.vn\/thiet-bi\/wp-content\/uploads\/2024\/05\/may-rua-chen-kaff-kf-carya1fw-3-449x400.jpg 449w, https:\/\/livinghome.vn\/thiet-bi\/wp-content\/uploads\/2024\/05\/may-rua-chen-kaff-kf-carya1fw-3-899x800.jpg 899w, https:\/\/livinghome.vn\/thiet-bi\/wp-content\/uploads\/2024\/05\/may-rua-chen-kaff-kf-carya1fw-3-768x684.jpg 768w, https:\/\/livinghome.vn\/thiet-bi\/wp-content\/uploads\/2024\/05\/may-rua-chen-kaff-kf-carya1fw-3-600x534.jpg 600w\" sizes=\"auto, (max-width: 1200px) 100vw, 1200px\" \/><\/p>\n","protected":false},"excerpt":{"rendered":"<p>\u2022 M\u00e1y r\u1eeda ch\u00e9n b\u00e1n \u00e2m, \u0111\u1ed9c l\u1eadp\/Semi and free standing Diswasher<br \/>\n\u2022 Xu\u1ea5t s\u1ee9: Th\u1ed5 Nh\u0129 K\u1ef3<br \/>\n\u2022 Th\u00e2n inox cao c\u1ea5p<br \/>\n\u2022 S\u1ee9c ch\u1ee9a 09 b\u1ed9 \u0111\u1ed3 \u0103n Ch\u00e2u \u00c2u<\/p>\n","protected":false},"featured_media":21983,"comment_status":"open","ping_status":"closed","template":"","meta":[],"product_brand":[],"product_cat":[92,607,71,164],"product_tag":[],"class_list":{"0":"post-21980","1":"product","2":"type-product","3":"status-publish","4":"has-post-thumbnail","6":"product_cat-may-rua-chen-bat","7":"product_cat-may-rua-chen-bat-kaff","8":"product_cat-thuong-hieu","9":"product_cat-thuong-hieu-kaff","11":"first","12":"instock","13":"sale","14":"shipping-taxable","15":"purchasable","16":"product-type-simple"},"_links":{"self":[{"href":"https:\/\/livinghome.vn\/thiet-bi\/wp-json\/wp\/v2\/product\/21980","targetHints":{"allow":["GET"]}}],"collection":[{"href":"https:\/\/livinghome.vn\/thiet-bi\/wp-json\/wp\/v2\/product"}],"about":[{"href":"https:\/\/livinghome.vn\/thiet-bi\/wp-json\/wp\/v2\/types\/product"}],"replies":[{"embeddable":true,"href":"https:\/\/livinghome.vn\/thiet-bi\/wp-json\/wp\/v2\/comments?post=21980"}],"wp:featuredmedia":[{"embeddable":true,"href":"https:\/\/livinghome.vn\/thiet-bi\/wp-json\/wp\/v2\/media\/21983"}],"wp:attachment":[{"href":"https:\/\/livinghome.vn\/thiet-bi\/wp-json\/wp\/v2\/media?parent=21980"}],"wp:term":[{"taxonomy":"product_brand","embeddable":true,"href":"https:\/\/livinghome.vn\/thiet-bi\/wp-json\/wp\/v2\/product_brand?post=21980"},{"taxonomy":"product_cat","embeddable":true,"href":"https:\/\/livinghome.vn\/thiet-bi\/wp-json\/wp\/v2\/product_cat?post=21980"},{"taxonomy":"product_tag","embeddable":true,"href":"https:\/\/livinghome.vn\/thiet-bi\/wp-json\/wp\/v2\/product_tag?post=21980"}],"curies":[{"name":"wp","href":"https:\/\/api.w.org\/{rel}","templated":true}]}}