{"id":21969,"date":"2024-05-07T17:18:10","date_gmt":"2024-05-07T10:18:10","guid":{"rendered":"https:\/\/livinghome.vn\/thiet-bi\/?post_type=product&#038;p=21969"},"modified":"2024-11-29T14:18:44","modified_gmt":"2024-11-29T07:18:44","slug":"lo-nuong-ket-hop-vi-song-kaff-kf-osm44l","status":"publish","type":"product","link":"https:\/\/livinghome.vn\/thiet-bi\/lo-nuong-ket-hop-vi-song-kaff-kf-osm44l\/","title":{"rendered":"L\u00f2 N\u01b0\u1edbng K\u1ebft H\u1ee3p Vi S\u00f3ng Kaff KF-OSM44L"},"content":{"rendered":"<h2 data-sourcepos=\"1:1-1:84\">L\u00f2 n\u01b0\u1edbng k\u1ebft h\u1ee3p vi s\u00f3ng Kaff KF-OSM44L<\/h2>\n<h4 data-sourcepos=\"3:1-3:34\"><strong>Thi\u1ebft k\u1ebf sang tr\u1ecdng, hi\u1ec7n \u0111\u1ea1i:<\/strong><\/h4>\n<ul data-sourcepos=\"5:1-8:0\">\n<li data-sourcepos=\"5:1-5:57\">M\u1eb7t k\u00ednh \u0111en c\u01b0\u1eddng l\u1ef1c ch\u1ecbu nhi\u1ec7t t\u1ed1t, d\u1ec5 d\u00e0ng v\u1ec7 sinh.<\/li>\n<li data-sourcepos=\"6:1-6:62\">B\u1ea3ng \u0111i\u1ec1u khi\u1ec3n c\u1ea3m \u1ee9ng nh\u1ea1y b\u00e9n, m\u00e0n h\u00ecnh hi\u1ec3n th\u1ecb s\u1eafc n\u00e9t.<\/li>\n<li data-sourcepos=\"7:1-8:0\">C\u1eeda l\u00f2 3 l\u1edbp k\u00ednh c\u01b0\u1eddng l\u1ef1c k\u00edn to\u00e0n ph\u1ea7n, c\u00e1ch nhi\u1ec7t t\u1ed1t.<\/li>\n<\/ul>\n<p><img loading=\"lazy\" decoding=\"async\" class=\"size-full wp-image-21971 aligncenter\" src=\"https:\/\/livinghome.vn\/thiet-bi\/wp-content\/uploads\/2024\/05\/lo-nuong-ket-hop-vi-song-kaff-kf-oms44l-1.jpg\" alt=\"\" width=\"800\" height=\"800\" title=\"\" srcset=\"https:\/\/livinghome.vn\/thiet-bi\/wp-content\/uploads\/2024\/05\/lo-nuong-ket-hop-vi-song-kaff-kf-oms44l-1.jpg 800w, https:\/\/livinghome.vn\/thiet-bi\/wp-content\/uploads\/2024\/05\/lo-nuong-ket-hop-vi-song-kaff-kf-oms44l-1-400x400.jpg 400w, https:\/\/livinghome.vn\/thiet-bi\/wp-content\/uploads\/2024\/05\/lo-nuong-ket-hop-vi-song-kaff-kf-oms44l-1-280x280.jpg 280w, https:\/\/livinghome.vn\/thiet-bi\/wp-content\/uploads\/2024\/05\/lo-nuong-ket-hop-vi-song-kaff-kf-oms44l-1-768x768.jpg 768w, https:\/\/livinghome.vn\/thiet-bi\/wp-content\/uploads\/2024\/05\/lo-nuong-ket-hop-vi-song-kaff-kf-oms44l-1-300x300.jpg 300w, https:\/\/livinghome.vn\/thiet-bi\/wp-content\/uploads\/2024\/05\/lo-nuong-ket-hop-vi-song-kaff-kf-oms44l-1-600x600.jpg 600w, https:\/\/livinghome.vn\/thiet-bi\/wp-content\/uploads\/2024\/05\/lo-nuong-ket-hop-vi-song-kaff-kf-oms44l-1-100x100.jpg 100w\" sizes=\"auto, (max-width: 800px) 100vw, 800px\" \/><\/p>\n<h4 data-sourcepos=\"9:1-9:36\"><strong>Ti\u00eau chu\u1ea9n an to\u00e0n v\u00e0 ti\u1ebft ki\u1ec7m:<\/strong><\/h4>\n<ul data-sourcepos=\"11:1-14:0\">\n<li data-sourcepos=\"11:1-11:70\">Ti\u1ebft ki\u1ec7m \u0111i\u1ec7n n\u0103ng v\u1edbi ti\u00eau chu\u1ea9n ti\u1ebft ki\u1ec7m n\u0103ng l\u01b0\u1ee3ng A++ Ch\u00e2u \u00c2u.<\/li>\n<li data-sourcepos=\"12:1-12:32\">Ch\u1ee9c n\u0103ng kh\u00f3a tr\u1ebb em an to\u00e0n.<\/li>\n<li data-sourcepos=\"13:1-14:0\">T\u1ef1 ng\u1eaft ngu\u1ed3n khi c\u00f3 s\u1ef1 c\u1ed1.<\/li>\n<\/ul>\n<h4 data-sourcepos=\"15:1-15:28\"><strong>Ch\u1ee9c n\u0103ng n\u01b0\u1edbng \u0111a d\u1ea1ng:<\/strong><\/h4>\n<ul data-sourcepos=\"17:1-21:0\">\n<li data-sourcepos=\"17:1-17:51\">N\u01b0\u1edbng \u0111\u1ed1i l\u01b0u gi\u00fap th\u1ef1c ph\u1ea9m ch\u00edn \u0111\u1ec1u, nhanh h\u01a1n.<\/li>\n<li data-sourcepos=\"18:1-18:44\">N\u01b0\u1edbng th\u01b0\u1eddng v\u1edbi thanh nhi\u1ec7t tr\u00ean v\u00e0 d\u01b0\u1edbi.<\/li>\n<li data-sourcepos=\"19:1-19:42\">Ch\u1ee9c n\u0103ng r\u00e3 \u0111\u00f4ng th\u1ef1c ph\u1ea9m nhanh ch\u00f3ng.<\/li>\n<li data-sourcepos=\"20:1-21:0\">H\u1ed7 tr\u1ee3 nhi\u1ec1u ch\u1ebf \u0111\u1ed9 n\u01b0\u1edbng kh\u00e1c nh\u01b0 n\u01b0\u1edbng b\u00e1nh, n\u01b0\u1edbng th\u1ecbt, s\u1ea5y th\u1ef1c ph\u1ea9m&#8230;<\/li>\n<\/ul>\n<h4 data-sourcepos=\"22:1-22:22\"><strong>C\u00f4ng su\u1ea5t m\u1ea1nh m\u1ebd:<\/strong><\/h4>\n<ul data-sourcepos=\"24:1-28:0\">\n<li data-sourcepos=\"24:1-24:24\">T\u1ed5ng c\u00f4ng su\u1ea5t: 3350W.<\/li>\n<li data-sourcepos=\"25:1-25:26\">C\u00f4ng su\u1ea5t vi s\u00f3ng: 900W.<\/li>\n<li data-sourcepos=\"26:1-26:25\">C\u00f4ng su\u1ea5t n\u01b0\u1edbng: 1750W.<\/li>\n<li data-sourcepos=\"27:1-28:0\">M\u1ee9c c\u00f4ng su\u1ea5t th\u1ef1c: 1750W.<\/li>\n<\/ul>\n<h4 data-sourcepos=\"29:1-29:18\"><strong>Dung t\u00edch l\u1edbn:<\/strong><\/h4>\n<ul data-sourcepos=\"31:1-33:0\">\n<li data-sourcepos=\"31:1-31:30\">Dung t\u00edch khoang l\u00f2: 44 l\u00edt.<\/li>\n<li data-sourcepos=\"32:1-33:0\">Ph\u00f9 h\u1ee3p cho gia \u0111\u00ecnh 4 &#8211; 6 ng\u01b0\u1eddi.<\/li>\n<\/ul>\n<h4 data-sourcepos=\"34:1-34:20\"><strong>L\u1eafp \u0111\u1eb7t d\u1ec5 d\u00e0ng:<\/strong><\/h4>\n<ul data-sourcepos=\"36:1-39:0\">\n<li data-sourcepos=\"36:1-36:39\">K\u00edch th\u01b0\u1edbc \u00e2m t\u1ee7: 450 x 560 x 568 mm.<\/li>\n<li data-sourcepos=\"37:1-37:40\">K\u00edch th\u01b0\u1edbc ph\u1ee7 b\u00ec: 595 x 548 x 454 mm.<\/li>\n<li data-sourcepos=\"38:1-39:0\">C\u00f3 th\u1ec3 l\u1eafp \u0111\u1eb7t \u00e2m t\u1ee7 ho\u1eb7c \u0111\u1eb7t tr\u00ean k\u1ec7 b\u1ebfp<\/li>\n<\/ul>\n<p><img loading=\"lazy\" decoding=\"async\" class=\"alignnone size-full wp-image-21970\" src=\"https:\/\/livinghome.vn\/thiet-bi\/wp-content\/uploads\/2024\/05\/lo-nuong-ket-hop-vi-song-kaff-kf-oms44l-2.jpg\" alt=\"\" width=\"1200\" height=\"789\" title=\"\" srcset=\"https:\/\/livinghome.vn\/thiet-bi\/wp-content\/uploads\/2024\/05\/lo-nuong-ket-hop-vi-song-kaff-kf-oms44l-2.jpg 1200w, https:\/\/livinghome.vn\/thiet-bi\/wp-content\/uploads\/2024\/05\/lo-nuong-ket-hop-vi-song-kaff-kf-oms44l-2-608x400.jpg 608w, https:\/\/livinghome.vn\/thiet-bi\/wp-content\/uploads\/2024\/05\/lo-nuong-ket-hop-vi-song-kaff-kf-oms44l-2-768x505.jpg 768w, https:\/\/livinghome.vn\/thiet-bi\/wp-content\/uploads\/2024\/05\/lo-nuong-ket-hop-vi-song-kaff-kf-oms44l-2-600x395.jpg 600w\" sizes=\"auto, (max-width: 1200px) 100vw, 1200px\" \/><\/p>\n","protected":false},"excerpt":{"rendered":"<p>\u2022 L\u00f2 vi s\u00f3ng k\u1ebft h\u1ee3p n\u01b0\u1edbng<br \/>\n\u2022 15 ch\u01b0\u01a1ng tr\u00ecnh t\u1ef1 \u0111\u1ed9ng<br \/>\n\u2022 Dung t\u00edch 44 l\u00edt<br \/>\n\u2022 \u0110i\u1ec1u khi\u1ec3n c\u1ea3m \u1ee9ng<br \/>\n\u2022 \u0110i\u1ec1u khi\u1ec3n hi\u1ec7n gi\u1edd \u0111i\u1ec7n t\u1eed<br \/>\n\u2022 C\u1eeda k\u00edn to\u00e0n ph\u1ea7n th\u00f4ng gi\u00f3 v\u00e0 d\u1ec5 d\u00e0ng v\u1ec7 sinh<br \/>\n\u2022 9 ch\u01b0\u01a1ng tr\u00ecnh g\u1ed3m 5 m\u1ee9c c\u00f4ng su\u1ea5t vi s\u00f3ng v\u00e0 4 ch\u01b0\u01a1ng tr\u00ecnh k\u1ebft h\u01a1p:<br \/>\n\u0110\u1ed1i l\u01b0u, vi s\u00f3ng k\u1ebft h\u1ee3p n\u01b0\u1edbng<br \/>\n\u2022 Ti\u00eau chu\u1ea9n ti\u1ebft ki\u1ec7m n\u0103ng l\u01b0\u1ee3ng: A++ Ch\u00e2u \u00e2u<br \/>\n\u2022 Kh\u00f3a tr\u1ebb em<br \/>\n\u2022 M\u1ee9c c\u00f4ng su\u1ea5t vi s\u00f3ng 900 W<br \/>\n\u2022 M\u1ee9c c\u00f4ng su\u1ea5t n\u01b0\u1edbng 1750 W<br \/>\n\u2022 M\u1ee9c c\u00f4ng su\u1ea5t th\u1ef1c 1750 W<br \/>\n\u2022 Khay n\u01b0\u1edbng nh\u1ecf<br \/>\n\u2022 Khay n\u01b0\u1edbng l\u1edbn<br \/>\n\u2022 N\u01b0\u1edbng qu\u1ea1t \u0111\u1ed1i l\u01b0u<br \/>\n\u2022 Khay an to\u00e0n<br \/>\n\u2022 \u0110i\u1ec7n n\u0103ng 220 &#8211; 240V 50 Hz<br \/>\n\u2022 T\u1ed5ng c\u00f4ng su\u1ea5t 3350 W<br \/>\n\u2022 K\u00edch th\u01b0\u1edbc s\u1ea3n ph\u1ea9m: 455C x 595R x 550S mm<br \/>\n\u2022 K\u00edch th\u01b0\u1edbc \u00e2m t\u1ee7: 450C x 560-568R x 595S mm<\/p>\n","protected":false},"featured_media":21971,"comment_status":"open","ping_status":"closed","template":"","meta":[],"product_brand":[],"product_cat":[95,2026,2034,71,164],"product_tag":[],"class_list":{"0":"post-21969","1":"product","2":"type-product","3":"status-publish","4":"has-post-thumbnail","6":"product_cat-lo-nuong","7":"product_cat-lo-nuong-kaff","8":"product_cat-lo-vi-song-kaff","9":"product_cat-thuong-hieu","10":"product_cat-thuong-hieu-kaff","12":"first","13":"instock","14":"sale","15":"shipping-taxable","16":"purchasable","17":"product-type-simple"},"_links":{"self":[{"href":"https:\/\/livinghome.vn\/thiet-bi\/wp-json\/wp\/v2\/product\/21969","targetHints":{"allow":["GET"]}}],"collection":[{"href":"https:\/\/livinghome.vn\/thiet-bi\/wp-json\/wp\/v2\/product"}],"about":[{"href":"https:\/\/livinghome.vn\/thiet-bi\/wp-json\/wp\/v2\/types\/product"}],"replies":[{"embeddable":true,"href":"https:\/\/livinghome.vn\/thiet-bi\/wp-json\/wp\/v2\/comments?post=21969"}],"wp:featuredmedia":[{"embeddable":true,"href":"https:\/\/livinghome.vn\/thiet-bi\/wp-json\/wp\/v2\/media\/21971"}],"wp:attachment":[{"href":"https:\/\/livinghome.vn\/thiet-bi\/wp-json\/wp\/v2\/media?parent=21969"}],"wp:term":[{"taxonomy":"product_brand","embeddable":true,"href":"https:\/\/livinghome.vn\/thiet-bi\/wp-json\/wp\/v2\/product_brand?post=21969"},{"taxonomy":"product_cat","embeddable":true,"href":"https:\/\/livinghome.vn\/thiet-bi\/wp-json\/wp\/v2\/product_cat?post=21969"},{"taxonomy":"product_tag","embeddable":true,"href":"https:\/\/livinghome.vn\/thiet-bi\/wp-json\/wp\/v2\/product_tag?post=21969"}],"curies":[{"name":"wp","href":"https:\/\/api.w.org\/{rel}","templated":true}]}}