{"id":21869,"date":"2024-05-07T14:24:52","date_gmt":"2024-05-07T07:24:52","guid":{"rendered":"https:\/\/livinghome.vn\/thiet-bi\/?post_type=product&#038;p=21869"},"modified":"2024-11-29T14:18:45","modified_gmt":"2024-11-29T07:18:45","slug":"may-hut-mui-co-dien-kaff-kf-701b","status":"publish","type":"product","link":"https:\/\/livinghome.vn\/thiet-bi\/may-hut-mui-co-dien-kaff-kf-701b\/","title":{"rendered":"M\u00e1y H\u00fat M\u00f9i C\u1ed5 \u0110i\u1ec3n Kaff KF-701B"},"content":{"rendered":"<p data-sourcepos=\"3:1-3:198\">M\u00e1y h\u00fat m\u00f9i Kaff KF-701B l\u00e0 gi\u1ea3i ph\u00e1p ho\u00e0n h\u1ea3o cho gian b\u1ebfp hi\u1ec7n \u0111\u1ea1i, gi\u00fap lo\u1ea1i b\u1ecf ho\u00e0n to\u00e0n m\u00f9i h\u00f4i, kh\u00f3i b\u1ee5i v\u00e0 d\u1ea7u m\u1ee1 trong qu\u00e1 tr\u00ecnh n\u1ea5u n\u01b0\u1edbng, tr\u1ea3 l\u1ea1i b\u1ea7u kh\u00f4ng kh\u00ed trong l\u00e0nh cho gia \u0111\u00ecnh b\u1ea1n.<\/p>\n<p data-sourcepos=\"5:1-5:220\">V\u1edbi 2 ch\u1ebf \u0111\u1ed9 h\u00fat kh\u1eed m\u00f9i hi\u1ec7u qu\u1ea3: h\u00fat kh\u1eed m\u00f9i b\u1eb1ng than ho\u1ea1t t\u00ednh v\u00e0 h\u00fat \u0111\u1ea9y tr\u1ef1c ti\u1ebfp ra ngo\u00e0i qua \u1ed1ng tho\u00e1t kh\u00ed, Kaff KF-701B \u0111\u1ea3m b\u1ea3o lo\u1ea1i b\u1ecf ho\u00e0n to\u00e0n m\u00f9i th\u1ee9c \u0103n, t\u1ea1o s\u1ef1 tho\u1ea3i m\u00e1i v\u00e0 an to\u00e0n cho s\u1ee9c kh\u1ecfe ng\u01b0\u1eddi d\u00f9ng.<\/p>\n<p data-sourcepos=\"7:1-7:181\">Thi\u1ebft k\u1ebf nh\u1ecf g\u1ecdn, sang tr\u1ecdng c\u00f9ng kh\u1ea3 n\u0103ng ho\u1ea1t \u0111\u1ed9ng \u00eam \u00e1i, \u0111\u1ed9 \u1ed3n th\u1ea5p, Kaff KF-701B ph\u00f9 h\u1ee3p v\u1edbi m\u1ecdi kh\u00f4ng gian b\u1ebfp, g\u00f3p ph\u1ea7n mang \u0111\u1ebfn s\u1ef1 ti\u1ec7n nghi v\u00e0 hi\u1ec7n \u0111\u1ea1i cho ng\u00f4i nh\u00e0 c\u1ee7a b\u1ea1n.<\/p>\n<p data-sourcepos=\"7:1-7:181\"><img loading=\"lazy\" decoding=\"async\" class=\"size-full wp-image-21877 aligncenter\" src=\"https:\/\/livinghome.vn\/thiet-bi\/wp-content\/uploads\/2024\/05\/may-hut-mui-kf-701b-1.jpg\" alt=\"\" width=\"800\" height=\"800\" title=\"\" srcset=\"https:\/\/livinghome.vn\/thiet-bi\/wp-content\/uploads\/2024\/05\/may-hut-mui-kf-701b-1.jpg 800w, https:\/\/livinghome.vn\/thiet-bi\/wp-content\/uploads\/2024\/05\/may-hut-mui-kf-701b-1-400x400.jpg 400w, https:\/\/livinghome.vn\/thiet-bi\/wp-content\/uploads\/2024\/05\/may-hut-mui-kf-701b-1-280x280.jpg 280w, https:\/\/livinghome.vn\/thiet-bi\/wp-content\/uploads\/2024\/05\/may-hut-mui-kf-701b-1-768x768.jpg 768w, https:\/\/livinghome.vn\/thiet-bi\/wp-content\/uploads\/2024\/05\/may-hut-mui-kf-701b-1-300x300.jpg 300w, https:\/\/livinghome.vn\/thiet-bi\/wp-content\/uploads\/2024\/05\/may-hut-mui-kf-701b-1-600x600.jpg 600w, https:\/\/livinghome.vn\/thiet-bi\/wp-content\/uploads\/2024\/05\/may-hut-mui-kf-701b-1-100x100.jpg 100w\" sizes=\"auto, (max-width: 800px) 100vw, 800px\" \/><\/p>\n<h3>Th\u00f4ng tin s\u1ea3n ph\u1ea9m<\/h3>\n<p>\u2022 M\u00e1y h\u00fat m\u00f9i c\u1ed5 \u0111i\u1ec3n th\u00f4ng d\u1ee5ng<br \/>\n\u2022 Th\u00e2n m\u00e1y b\u1eb1ng s\u01a1n t\u0129nh \u0111i\u1ec7n m\u00e0u \u0111en<br \/>\n\u2022 H\u1ec7 th\u1ed1ng \u0111i\u1ec1u khi\u1ec3n c\u01a1 3 t\u1ed1c \u0111\u1ed9<br \/>\n\u2022 \u0110\u1ed9ng c\u01a1 Turbin \u0111\u00f4i: 2\u00d780 W<br \/>\n\u2022 \u0110\u00e8n chi\u1ebfu s\u00e1ng halogen: 2x15W<br \/>\n\u2022 C\u00f4ng su\u1ea5t h\u00fat t\u1ed1i \u0111a: 700 m3\/h<br \/>\n\u2022 \u0110\u1ed9 \u1ed3n maximum: 48 dB<br \/>\n\u2022 B\u1ed9 l\u1ecdc: l\u01b0\u1edbi l\u1ecdc inox 03 l\u1edbp v\u00e0 02 l\u1edbp l\u1ecdc than ho\u1ea1t t\u00ednh<br \/>\n\u2022 \u1ed0ng tho\u00e1t h\u01a1i: D120 mm<br \/>\n\u2022 Ngu\u1ed3n \u0111i\u1ec7n: 220V \u2013 240V \/ 50 Hz<br \/>\n\u2022 K\u00edch th\u01b0\u1edbc: 140x550x700 mm<\/p>\n<p><img loading=\"lazy\" decoding=\"async\" class=\"alignnone size-full wp-image-21876\" src=\"https:\/\/livinghome.vn\/thiet-bi\/wp-content\/uploads\/2024\/05\/may-hut-mui-kf-701b-2.jpg\" alt=\"\" width=\"1200\" height=\"770\" title=\"\" srcset=\"https:\/\/livinghome.vn\/thiet-bi\/wp-content\/uploads\/2024\/05\/may-hut-mui-kf-701b-2.jpg 1200w, https:\/\/livinghome.vn\/thiet-bi\/wp-content\/uploads\/2024\/05\/may-hut-mui-kf-701b-2-623x400.jpg 623w, https:\/\/livinghome.vn\/thiet-bi\/wp-content\/uploads\/2024\/05\/may-hut-mui-kf-701b-2-768x493.jpg 768w, https:\/\/livinghome.vn\/thiet-bi\/wp-content\/uploads\/2024\/05\/may-hut-mui-kf-701b-2-600x385.jpg 600w\" sizes=\"auto, (max-width: 1200px) 100vw, 1200px\" \/><\/p>\n","protected":false},"excerpt":{"rendered":"<p>&#8211; S\u1ed1 \u0111\u1ed9ng c\u01a1: \u0111\u1ed9ng c\u01a1 turbin \u0111\u00f4i 2x80w<br \/>\n&#8211; C\u00f4ng su\u1ea5t h\u00fat: 700 m3\/h<br \/>\n&#8211; Ch\u1ebf \u0111\u1ed9 kh\u1eed m\u00f9i b\u1eb1ng than ho\u1ea1t t\u00ednh<br \/>\n&#8211; Ch\u1ebf \u0111\u1ed9 h\u00fat \u0111\u1ea9y ra ngo\u00e0i qua \u1ed1ng tho\u00e1t<br \/>\n&#8211; Ph\u00edm \u0111i\u1ec1u khi\u1ec3n \u1ea5n 3 t\u1ed1c \u0111\u1ed9<br \/>\n&#8211; L\u01b0\u1edbi l\u1ecdc 03 l\u1edbp b\u1eb1ng nhu\u00f4m k\u1ebft h\u1ee3p v\u1edbi than ho\u1ea1t t\u00ednh<br \/>\n&#8211; \u0110\u00e8n chi\u1ebfu s\u00e1ng led 2x40w<br \/>\n&#8211; Ch\u1ea5t li\u1ec7u\/ m\u00e0u s\u1eafc: th\u00e9p s\u01a1n t\u0129nh \u0111i\u1ec7n \u0111en<br \/>\n&#8211; \u0110\u1ed9 \u1ed3n t\u1ed1i \u0111a: 48 Db<br \/>\n&#8211; K\u00edch th\u01b0\u1edbc s\u1ea3n ph\u1ea9m: 140 x 550 x 700mm<br \/>\n&#8211; K\u00edch th\u01b0\u1edbc \u0111\u01b0\u1eddng tho\u00e1t: 110mm<br \/>\n&#8211; \u0110i\u1ec7n ngu\u1ed3n: 220V<\/p>\n","protected":false},"featured_media":21877,"comment_status":"open","ping_status":"closed","template":"","meta":[],"product_brand":[],"product_cat":[84,600,71,164],"product_tag":[],"class_list":{"0":"post-21869","1":"product","2":"type-product","3":"status-publish","4":"has-post-thumbnail","6":"product_cat-may-hut-mui","7":"product_cat-may-hut-mui-kaff","8":"product_cat-thuong-hieu","9":"product_cat-thuong-hieu-kaff","11":"first","12":"instock","13":"sale","14":"shipping-taxable","15":"purchasable","16":"product-type-simple"},"_links":{"self":[{"href":"https:\/\/livinghome.vn\/thiet-bi\/wp-json\/wp\/v2\/product\/21869","targetHints":{"allow":["GET"]}}],"collection":[{"href":"https:\/\/livinghome.vn\/thiet-bi\/wp-json\/wp\/v2\/product"}],"about":[{"href":"https:\/\/livinghome.vn\/thiet-bi\/wp-json\/wp\/v2\/types\/product"}],"replies":[{"embeddable":true,"href":"https:\/\/livinghome.vn\/thiet-bi\/wp-json\/wp\/v2\/comments?post=21869"}],"wp:featuredmedia":[{"embeddable":true,"href":"https:\/\/livinghome.vn\/thiet-bi\/wp-json\/wp\/v2\/media\/21877"}],"wp:attachment":[{"href":"https:\/\/livinghome.vn\/thiet-bi\/wp-json\/wp\/v2\/media?parent=21869"}],"wp:term":[{"taxonomy":"product_brand","embeddable":true,"href":"https:\/\/livinghome.vn\/thiet-bi\/wp-json\/wp\/v2\/product_brand?post=21869"},{"taxonomy":"product_cat","embeddable":true,"href":"https:\/\/livinghome.vn\/thiet-bi\/wp-json\/wp\/v2\/product_cat?post=21869"},{"taxonomy":"product_tag","embeddable":true,"href":"https:\/\/livinghome.vn\/thiet-bi\/wp-json\/wp\/v2\/product_tag?post=21869"}],"curies":[{"name":"wp","href":"https:\/\/api.w.org\/{rel}","templated":true}]}}