{"id":21735,"date":"2024-05-07T10:29:05","date_gmt":"2024-05-07T03:29:05","guid":{"rendered":"https:\/\/livinghome.vn\/thiet-bi\/?post_type=product&#038;p=21735"},"modified":"2024-11-29T14:18:47","modified_gmt":"2024-11-29T07:18:47","slug":"may-hut-mui-am-tu-kaff-kf-tl1009b","status":"publish","type":"product","link":"https:\/\/livinghome.vn\/thiet-bi\/may-hut-mui-am-tu-kaff-kf-tl1009b\/","title":{"rendered":"M\u00e1y H\u00fat M\u00f9i \u00c2m T\u1ee7 Kaff KF-TL1009B"},"content":{"rendered":"<h2 data-sourcepos=\"1:1-1:64\">M\u00e1y h\u00fat m\u00f9i Kaff KF-TL1009B<\/h2>\n<p data-sourcepos=\"3:1-3:197\">B\u1ea1n \u0111ang t\u00ecm ki\u1ebfm gi\u1ea3i ph\u00e1p cho gian b\u1ebfp hi\u1ec7n \u0111\u1ea1i, gi\u00fap lo\u1ea1i b\u1ecf ho\u00e0n to\u00e0n m\u00f9i h\u00f4i, kh\u00f3i b\u1ee5i v\u00e0 d\u1ea7u m\u1ee1 trong qu\u00e1 tr\u00ecnh n\u1ea5u n\u01b0\u1edbng? M\u00e1y h\u00fat m\u00f9i Kaff KF-TL1009B ch\u00ednh l\u00e0 l\u1ef1a ch\u1ecdn ho\u00e0n h\u1ea3o d\u00e0nh cho b\u1ea1n!<\/p>\n<p data-sourcepos=\"3:1-3:197\"><img loading=\"lazy\" decoding=\"async\" class=\"alignnone size-full wp-image-21723\" src=\"https:\/\/livinghome.vn\/thiet-bi\/wp-content\/uploads\/2024\/05\/may-hut-mui-am-tu-kf-tl1006b-2.jpg\" alt=\"\" width=\"1200\" height=\"829\" title=\"\" srcset=\"https:\/\/livinghome.vn\/thiet-bi\/wp-content\/uploads\/2024\/05\/may-hut-mui-am-tu-kf-tl1006b-2.jpg 1200w, https:\/\/livinghome.vn\/thiet-bi\/wp-content\/uploads\/2024\/05\/may-hut-mui-am-tu-kf-tl1006b-2-579x400.jpg 579w, https:\/\/livinghome.vn\/thiet-bi\/wp-content\/uploads\/2024\/05\/may-hut-mui-am-tu-kf-tl1006b-2-1158x800.jpg 1158w, https:\/\/livinghome.vn\/thiet-bi\/wp-content\/uploads\/2024\/05\/may-hut-mui-am-tu-kf-tl1006b-2-768x531.jpg 768w, https:\/\/livinghome.vn\/thiet-bi\/wp-content\/uploads\/2024\/05\/may-hut-mui-am-tu-kf-tl1006b-2-600x415.jpg 600w\" sizes=\"auto, (max-width: 1200px) 100vw, 1200px\" \/><\/p>\n<h4 data-sourcepos=\"5:1-5:34\"><strong>Thi\u1ebft k\u1ebf sang tr\u1ecdng, hi\u1ec7n \u0111\u1ea1i:<\/strong><\/h4>\n<ul data-sourcepos=\"7:1-9:0\">\n<li data-sourcepos=\"7:1-7:66\">M\u00e1y \u0111\u01b0\u1ee3c thi\u1ebft k\u1ebf d\u1ea1ng \u00e2m t\u1ee7, ti\u1ebft ki\u1ec7m kh\u00f4ng gian b\u1ebfp hi\u1ec7u qu\u1ea3.<\/li>\n<li data-sourcepos=\"8:1-9:0\">Ch\u1ea5t li\u1ec7u k\u00ednh \u0111en v\u00e0 th\u00e2n m\u00e1y th\u00e9p s\u01a1n t\u0129nh \u0111i\u1ec7n \u0111en sang tr\u1ecdng, hi\u1ec7n \u0111\u1ea1i, ph\u00f9 h\u1ee3p v\u1edbi m\u1ecdi kh\u00f4ng gian b\u1ebfp.<\/li>\n<\/ul>\n<h4 data-sourcepos=\"10:1-10:22\"><strong>Hi\u1ec7u n\u0103ng m\u1ea1nh m\u1ebd:<\/strong><\/h4>\n<ul data-sourcepos=\"12:1-14:0\">\n<li data-sourcepos=\"12:1-12:137\">\u0110\u1ed9ng c\u01a1 Turbin \u0111\u00f4i v\u1edbi c\u00f4ng su\u1ea5t h\u00fat l\u00ean \u0111\u1ebfn 750m3\/gi\u1edd, gi\u00fap lo\u1ea1i b\u1ecf nhanh ch\u00f3ng m\u00f9i h\u00f4i, kh\u00f3i b\u1ee5i v\u00e0 d\u1ea7u m\u1ee1 trong qu\u00e1 tr\u00ecnh n\u1ea5u n\u01b0\u1edbng.<\/li>\n<li data-sourcepos=\"13:1-14:0\">\u0110\u1ed9 \u1ed3n t\u1ed1i \u0111a ch\u1ec9 48dB, ho\u1ea1t \u0111\u1ed9ng \u00eam \u00e1i, kh\u00f4ng g\u00e2y \u1ea3nh h\u01b0\u1edfng \u0111\u1ebfn sinh ho\u1ea1t chung c\u1ee7a gia \u0111\u00ecnh.<\/li>\n<\/ul>\n<p><img loading=\"lazy\" decoding=\"async\" class=\"alignnone size-full wp-image-21721\" src=\"https:\/\/livinghome.vn\/thiet-bi\/wp-content\/uploads\/2024\/05\/may-hut-mui-am-tu-kf-tl1006b-3.jpg\" alt=\"\" width=\"1200\" height=\"1200\" title=\"\" srcset=\"https:\/\/livinghome.vn\/thiet-bi\/wp-content\/uploads\/2024\/05\/may-hut-mui-am-tu-kf-tl1006b-3.jpg 1200w, https:\/\/livinghome.vn\/thiet-bi\/wp-content\/uploads\/2024\/05\/may-hut-mui-am-tu-kf-tl1006b-3-400x400.jpg 400w, https:\/\/livinghome.vn\/thiet-bi\/wp-content\/uploads\/2024\/05\/may-hut-mui-am-tu-kf-tl1006b-3-800x800.jpg 800w, https:\/\/livinghome.vn\/thiet-bi\/wp-content\/uploads\/2024\/05\/may-hut-mui-am-tu-kf-tl1006b-3-280x280.jpg 280w, https:\/\/livinghome.vn\/thiet-bi\/wp-content\/uploads\/2024\/05\/may-hut-mui-am-tu-kf-tl1006b-3-768x768.jpg 768w, https:\/\/livinghome.vn\/thiet-bi\/wp-content\/uploads\/2024\/05\/may-hut-mui-am-tu-kf-tl1006b-3-300x300.jpg 300w, https:\/\/livinghome.vn\/thiet-bi\/wp-content\/uploads\/2024\/05\/may-hut-mui-am-tu-kf-tl1006b-3-600x600.jpg 600w, https:\/\/livinghome.vn\/thiet-bi\/wp-content\/uploads\/2024\/05\/may-hut-mui-am-tu-kf-tl1006b-3-100x100.jpg 100w\" sizes=\"auto, (max-width: 1200px) 100vw, 1200px\" \/><\/p>\n<h4 data-sourcepos=\"15:1-15:26\"><strong>H\u1ec7 th\u1ed1ng l\u1ecdc hi\u1ec7u qu\u1ea3:<\/strong><\/h4>\n<ul data-sourcepos=\"17:1-19:0\">\n<li data-sourcepos=\"17:1-17:85\">L\u01b0\u1edbi l\u1ecdc m\u1ee1 Aluminum 3 l\u1edbp gi\u00fap l\u1ecdc s\u1ea1ch d\u1ea7u m\u1ee1 hi\u1ec7u qu\u1ea3, b\u1ea3o v\u1ec7 \u0111\u1ed9ng c\u01a1 b\u00ean trong.<\/li>\n<li data-sourcepos=\"18:1-19:0\">Ch\u1ebf \u0111\u1ed9 h\u00fat v\u00e0 kh\u1eed m\u00f9i b\u1eb1ng than ho\u1ea1t t\u00ednh, tr\u1ea3 l\u1ea1i b\u1ea7u kh\u00f4ng kh\u00ed trong l\u00e0nh cho gian b\u1ebfp.<\/li>\n<\/ul>\n<p data-sourcepos=\"20:1-20:32\"><strong>Ti\u1ec7n l\u1ee3i v\u00e0 d\u1ec5 d\u00e0ng s\u1eed d\u1ee5ng:<\/strong><\/p>\n<ul data-sourcepos=\"22:1-24:0\">\n<li data-sourcepos=\"22:1-22:88\">\u0110i\u1ec1u khi\u1ec3n ph\u00edm b\u1ea5m c\u01a1 \u0111\u01a1n gi\u1ea3n v\u1edbi 2 t\u1ed1c \u0111\u1ed9 h\u00fat, ph\u00f9 h\u1ee3p v\u1edbi nhu c\u1ea7u s\u1eed d\u1ee5ng \u0111a d\u1ea1ng.<\/li>\n<li data-sourcepos=\"23:1-24:0\">K\u00edch th\u01b0\u1edbc nh\u1ecf g\u1ecdn 900x280x200mm, ph\u00f9 h\u1ee3p v\u1edbi nhi\u1ec1u kh\u00f4ng gian b\u1ebfp kh\u00e1c nhau.<\/li>\n<\/ul>\n<p><img loading=\"lazy\" decoding=\"async\" class=\"alignnone size-full wp-image-21722\" src=\"https:\/\/livinghome.vn\/thiet-bi\/wp-content\/uploads\/2024\/05\/may-hut-mui-am-tu-kf-tl1006b-4.jpg\" alt=\"\" width=\"1200\" height=\"1200\" title=\"\" srcset=\"https:\/\/livinghome.vn\/thiet-bi\/wp-content\/uploads\/2024\/05\/may-hut-mui-am-tu-kf-tl1006b-4.jpg 1200w, https:\/\/livinghome.vn\/thiet-bi\/wp-content\/uploads\/2024\/05\/may-hut-mui-am-tu-kf-tl1006b-4-400x400.jpg 400w, https:\/\/livinghome.vn\/thiet-bi\/wp-content\/uploads\/2024\/05\/may-hut-mui-am-tu-kf-tl1006b-4-800x800.jpg 800w, https:\/\/livinghome.vn\/thiet-bi\/wp-content\/uploads\/2024\/05\/may-hut-mui-am-tu-kf-tl1006b-4-280x280.jpg 280w, https:\/\/livinghome.vn\/thiet-bi\/wp-content\/uploads\/2024\/05\/may-hut-mui-am-tu-kf-tl1006b-4-768x768.jpg 768w, https:\/\/livinghome.vn\/thiet-bi\/wp-content\/uploads\/2024\/05\/may-hut-mui-am-tu-kf-tl1006b-4-300x300.jpg 300w, https:\/\/livinghome.vn\/thiet-bi\/wp-content\/uploads\/2024\/05\/may-hut-mui-am-tu-kf-tl1006b-4-600x600.jpg 600w, https:\/\/livinghome.vn\/thiet-bi\/wp-content\/uploads\/2024\/05\/may-hut-mui-am-tu-kf-tl1006b-4-100x100.jpg 100w\" sizes=\"auto, (max-width: 1200px) 100vw, 1200px\" \/><\/p>\n<h4 data-sourcepos=\"25:1-25:22\"><strong>Th\u00f4ng s\u1ed1 k\u1ef9 thu\u1eadt:<\/strong><\/h4>\n<ul data-sourcepos=\"27:1-37:0\">\n<li data-sourcepos=\"27:1-27:45\">Ch\u1ea5t li\u1ec7u: K\u00ednh \u0111en, th\u00e9p s\u01a1n t\u0129nh \u0111i\u1ec7n \u0111en<\/li>\n<li data-sourcepos=\"28:1-28:18\">Ki\u1ec3u d\u00e1ng: \u00c2m t\u1ee7<\/li>\n<li data-sourcepos=\"29:1-29:24\">\u0110\u1ed9ng c\u01a1: 2 \u0111\u1ed9ng c\u01a1 \u0111\u00f4i<\/li>\n<li data-sourcepos=\"30:1-30:24\">C\u00f4ng su\u1ea5t h\u00fat: 750m3\/h<\/li>\n<li data-sourcepos=\"31:1-31:15\">\u0110\u1ed9 \u1ed3n: \u2264 48dB<\/li>\n<li data-sourcepos=\"32:1-32:34\">\u0110i\u1ec1u khi\u1ec3n: Ph\u00edm b\u1ea5m c\u01a1 2 t\u1ed1c \u0111\u1ed9<\/li>\n<li data-sourcepos=\"33:1-33:18\">\u1ed0ng tho\u00e1t: 120mm<\/li>\n<li data-sourcepos=\"34:1-34:38\">L\u01b0\u1edbi l\u1ecdc: L\u01b0\u1edbi l\u1ecdc m\u1ee1 Aluminum 3 l\u1edbp<\/li>\n<li data-sourcepos=\"35:1-35:27\">K\u00edch th\u01b0\u1edbc: 900x280x200mm<\/li>\n<li data-sourcepos=\"36:1-37:0\">Ch\u1ebf \u0111\u1ed9 h\u00fat kh\u1eed m\u00f9i: Than ho\u1ea1t t\u00ednh<\/li>\n<\/ul>\n","protected":false},"excerpt":{"rendered":"<p>H\u00e3ng s\u1ea3n xu\u1ea5t: KAFF (\u0110\u1ee8C)<br \/>\nM\u00e3 s\u1ea3n ph\u1ea9m: KF-TL1006B<br \/>\nMade in Malaysia<\/p>\n","protected":false},"featured_media":21720,"comment_status":"open","ping_status":"closed","template":"","meta":[],"product_brand":[],"product_cat":[84,600,71,164],"product_tag":[],"class_list":{"0":"post-21735","1":"product","2":"type-product","3":"status-publish","4":"has-post-thumbnail","6":"product_cat-may-hut-mui","7":"product_cat-may-hut-mui-kaff","8":"product_cat-thuong-hieu","9":"product_cat-thuong-hieu-kaff","11":"first","12":"instock","13":"sale","14":"shipping-taxable","15":"purchasable","16":"product-type-simple"},"_links":{"self":[{"href":"https:\/\/livinghome.vn\/thiet-bi\/wp-json\/wp\/v2\/product\/21735","targetHints":{"allow":["GET"]}}],"collection":[{"href":"https:\/\/livinghome.vn\/thiet-bi\/wp-json\/wp\/v2\/product"}],"about":[{"href":"https:\/\/livinghome.vn\/thiet-bi\/wp-json\/wp\/v2\/types\/product"}],"replies":[{"embeddable":true,"href":"https:\/\/livinghome.vn\/thiet-bi\/wp-json\/wp\/v2\/comments?post=21735"}],"wp:featuredmedia":[{"embeddable":true,"href":"https:\/\/livinghome.vn\/thiet-bi\/wp-json\/wp\/v2\/media\/21720"}],"wp:attachment":[{"href":"https:\/\/livinghome.vn\/thiet-bi\/wp-json\/wp\/v2\/media?parent=21735"}],"wp:term":[{"taxonomy":"product_brand","embeddable":true,"href":"https:\/\/livinghome.vn\/thiet-bi\/wp-json\/wp\/v2\/product_brand?post=21735"},{"taxonomy":"product_cat","embeddable":true,"href":"https:\/\/livinghome.vn\/thiet-bi\/wp-json\/wp\/v2\/product_cat?post=21735"},{"taxonomy":"product_tag","embeddable":true,"href":"https:\/\/livinghome.vn\/thiet-bi\/wp-json\/wp\/v2\/product_tag?post=21735"}],"curies":[{"name":"wp","href":"https:\/\/api.w.org\/{rel}","templated":true}]}}