{"id":21602,"date":"2024-05-06T16:50:02","date_gmt":"2024-05-06T09:50:02","guid":{"rendered":"https:\/\/livinghome.vn\/thiet-bi\/?post_type=product&#038;p=21602"},"modified":"2024-11-29T14:18:50","modified_gmt":"2024-11-29T07:18:50","slug":"tu-bao-quan-ruou-am-tu-malloca-mwc-95bi","status":"publish","type":"product","link":"https:\/\/livinghome.vn\/thiet-bi\/tu-bao-quan-ruou-am-tu-malloca-mwc-95bi\/","title":{"rendered":"T\u1ee7 B\u1ea3o Qu\u1ea3n R\u01b0\u1ee3u \u00c2m T\u1ee7 Malloca MWC-95BI"},"content":{"rendered":"<h2>T\u1ee7 B\u1ea3o Qu\u1ea3n R\u01b0\u1ee3u \u00c2m T\u1ee7 Malloca MWC-95BI<\/h2>\n<figure id=\"attachment_21611\" aria-describedby=\"caption-attachment-21611\" style=\"width: 900px\" class=\"wp-caption aligncenter\"><img loading=\"lazy\" decoding=\"async\" class=\"size-full wp-image-21611\" src=\"https:\/\/livinghome.vn\/thiet-bi\/wp-content\/uploads\/2024\/05\/tu-bao-quan-ruou-malloca-mwc-95bi-7.jpg\" alt=\"T\u1ee7 B\u1ea3o Qu\u1ea3n R\u01b0\u1ee3u \u00c2m T\u1ee7 Malloca MWC-95BI\" width=\"900\" height=\"900\" title=\"\" srcset=\"https:\/\/livinghome.vn\/thiet-bi\/wp-content\/uploads\/2024\/05\/tu-bao-quan-ruou-malloca-mwc-95bi-7.jpg 900w, https:\/\/livinghome.vn\/thiet-bi\/wp-content\/uploads\/2024\/05\/tu-bao-quan-ruou-malloca-mwc-95bi-7-400x400.jpg 400w, https:\/\/livinghome.vn\/thiet-bi\/wp-content\/uploads\/2024\/05\/tu-bao-quan-ruou-malloca-mwc-95bi-7-800x800.jpg 800w, https:\/\/livinghome.vn\/thiet-bi\/wp-content\/uploads\/2024\/05\/tu-bao-quan-ruou-malloca-mwc-95bi-7-280x280.jpg 280w, https:\/\/livinghome.vn\/thiet-bi\/wp-content\/uploads\/2024\/05\/tu-bao-quan-ruou-malloca-mwc-95bi-7-768x768.jpg 768w, https:\/\/livinghome.vn\/thiet-bi\/wp-content\/uploads\/2024\/05\/tu-bao-quan-ruou-malloca-mwc-95bi-7-300x300.jpg 300w, https:\/\/livinghome.vn\/thiet-bi\/wp-content\/uploads\/2024\/05\/tu-bao-quan-ruou-malloca-mwc-95bi-7-600x600.jpg 600w, https:\/\/livinghome.vn\/thiet-bi\/wp-content\/uploads\/2024\/05\/tu-bao-quan-ruou-malloca-mwc-95bi-7-100x100.jpg 100w\" sizes=\"auto, (max-width: 900px) 100vw, 900px\" \/><figcaption id=\"caption-attachment-21611\" class=\"wp-caption-text\">T\u1ee7 B\u1ea3o Qu\u1ea3n R\u01b0\u1ee3u \u00c2m T\u1ee7 Malloca MWC-95BI<\/figcaption><\/figure>\n<h3>T\u00ednh n\u0103ng c\u01a1 b\u1ea3n<\/h3>\n<p>T\u1ee7 b\u1ea3o qu\u1ea3n r\u01b0\u1ee3u \u00e2m t\u1ee7<\/p>\n<p>S\u1ee9c ch\u1ee9a t\u1ed1i \u0111a: 95 chai (750ml ti\u00eau chu\u1ea9n)<\/p>\n<p>Ba v\u00f9ng nhi\u1ec7t \u0111\u1ed9, \u0111i\u1ec1u ch\u1ec9nh \u0111\u1ed9c l\u1eadp: 5-20\u00b0C<\/p>\n<p>H\u1ec7 th\u1ed1ng \u0111i\u1ec1u khi\u1ec3n c\u1ea3m \u1ee9ng<\/p>\n<h3>Th\u00f4ng s\u1ed1 k\u1ef9 thu\u1eadt<\/h3>\n<p>Dung t\u00edch: 241L<\/p>\n<p>T\u1ed5ng c\u00f4ng su\u1ea5t: 180W<\/p>\n<p>\u0110i\u1ec7n \u00e1p: 220-240V~50\/60Hz<\/p>\n<p>K\u00edch th\u01b0\u1edbc: W595 x D571 x H1816mm<\/p>\n<p>L\u01b0u \u00fd: S\u1ee9c ch\u1ee9a t\u1ee7 s\u1ebd thay \u0111\u1ed5i t\u00f9y thu\u1ed9c v\u00e0o k\u00edch th\u01b0\u1edbc chai r\u01b0\u1ee3u, c\u00f3 th\u1ec3 th\u00e1o b\u1edbt k\u1ec7 g\u1ed7 v\u00e0 x\u1ebfp ch\u1ed3ng c\u00e1c chai l\u00ean nhau \u0111\u1ec3 ph\u00f9 h\u1ee3p v\u1edbi nh\u1eefng chai c\u00f3 k\u00edch th\u01b0\u1edbc l\u1edbn.<\/p>\n<figure id=\"attachment_21608\" aria-describedby=\"caption-attachment-21608\" style=\"width: 900px\" class=\"wp-caption aligncenter\"><img loading=\"lazy\" decoding=\"async\" class=\"size-full wp-image-21608\" src=\"https:\/\/livinghome.vn\/thiet-bi\/wp-content\/uploads\/2024\/05\/tu-bao-quan-ruou-malloca-mwc-95bi-4.jpg\" alt=\"T\u1ee7 B\u1ea3o Qu\u1ea3n R\u01b0\u1ee3u \u00c2m T\u1ee7 Malloca MWC-95BI\" width=\"900\" height=\"900\" title=\"\" srcset=\"https:\/\/livinghome.vn\/thiet-bi\/wp-content\/uploads\/2024\/05\/tu-bao-quan-ruou-malloca-mwc-95bi-4.jpg 900w, https:\/\/livinghome.vn\/thiet-bi\/wp-content\/uploads\/2024\/05\/tu-bao-quan-ruou-malloca-mwc-95bi-4-400x400.jpg 400w, https:\/\/livinghome.vn\/thiet-bi\/wp-content\/uploads\/2024\/05\/tu-bao-quan-ruou-malloca-mwc-95bi-4-800x800.jpg 800w, https:\/\/livinghome.vn\/thiet-bi\/wp-content\/uploads\/2024\/05\/tu-bao-quan-ruou-malloca-mwc-95bi-4-280x280.jpg 280w, https:\/\/livinghome.vn\/thiet-bi\/wp-content\/uploads\/2024\/05\/tu-bao-quan-ruou-malloca-mwc-95bi-4-768x768.jpg 768w, https:\/\/livinghome.vn\/thiet-bi\/wp-content\/uploads\/2024\/05\/tu-bao-quan-ruou-malloca-mwc-95bi-4-300x300.jpg 300w, https:\/\/livinghome.vn\/thiet-bi\/wp-content\/uploads\/2024\/05\/tu-bao-quan-ruou-malloca-mwc-95bi-4-600x600.jpg 600w, https:\/\/livinghome.vn\/thiet-bi\/wp-content\/uploads\/2024\/05\/tu-bao-quan-ruou-malloca-mwc-95bi-4-100x100.jpg 100w\" sizes=\"auto, (max-width: 900px) 100vw, 900px\" \/><figcaption id=\"caption-attachment-21608\" class=\"wp-caption-text\">T\u1ee7 B\u1ea3o Qu\u1ea3n R\u01b0\u1ee3u \u00c2m T\u1ee7 Malloca MWC-95BI<\/figcaption><\/figure>\n<h3>Xu\u1ea5t x\u1ee9: Trung Qu\u1ed1c (theo b\u1ea3n quy\u1ec1n Malloca)<\/h3>\n","protected":false},"excerpt":{"rendered":"<h2>T\u1ee7 B\u1ea3o Qu\u1ea3n R\u01b0\u1ee3u \u00c2m T\u1ee7 Malloca MWC-95BI<\/h2>\n<ul>\n<li>T\u1ee7 b\u1ea3o qu\u1ea3n r\u01b0\u1ee3u \u00e2m t\u1ee7<\/li>\n<li>S\u1ee9c ch\u1ee9a t\u1ed1i \u0111a: 95 chai (241L)<\/li>\n<li>C\u00f4ng su\u1ea5t: 180W<\/li>\n<li>KT: W595 x D571 x H1816mm<\/li>\n<\/ul>\n","protected":false},"featured_media":21605,"comment_status":"open","ping_status":"closed","template":"","meta":[],"product_brand":[],"product_cat":[262,193],"product_tag":[305,306,532],"class_list":{"0":"post-21602","1":"product","2":"type-product","3":"status-publish","4":"has-post-thumbnail","6":"product_cat-thuong-hieu-malloca","7":"product_cat-tu-uop-ruou","8":"product_tag-tu-bao-quan-ruou","9":"product_tag-tu-bao-quan-ruou-malloca","10":"product_tag-tu-uop-ruou","12":"first","13":"instock","14":"sale","15":"shipping-taxable","16":"purchasable","17":"product-type-simple"},"_links":{"self":[{"href":"https:\/\/livinghome.vn\/thiet-bi\/wp-json\/wp\/v2\/product\/21602","targetHints":{"allow":["GET"]}}],"collection":[{"href":"https:\/\/livinghome.vn\/thiet-bi\/wp-json\/wp\/v2\/product"}],"about":[{"href":"https:\/\/livinghome.vn\/thiet-bi\/wp-json\/wp\/v2\/types\/product"}],"replies":[{"embeddable":true,"href":"https:\/\/livinghome.vn\/thiet-bi\/wp-json\/wp\/v2\/comments?post=21602"}],"wp:featuredmedia":[{"embeddable":true,"href":"https:\/\/livinghome.vn\/thiet-bi\/wp-json\/wp\/v2\/media\/21605"}],"wp:attachment":[{"href":"https:\/\/livinghome.vn\/thiet-bi\/wp-json\/wp\/v2\/media?parent=21602"}],"wp:term":[{"taxonomy":"product_brand","embeddable":true,"href":"https:\/\/livinghome.vn\/thiet-bi\/wp-json\/wp\/v2\/product_brand?post=21602"},{"taxonomy":"product_cat","embeddable":true,"href":"https:\/\/livinghome.vn\/thiet-bi\/wp-json\/wp\/v2\/product_cat?post=21602"},{"taxonomy":"product_tag","embeddable":true,"href":"https:\/\/livinghome.vn\/thiet-bi\/wp-json\/wp\/v2\/product_tag?post=21602"}],"curies":[{"name":"wp","href":"https:\/\/api.w.org\/{rel}","templated":true}]}}