{"id":21494,"date":"2024-05-06T14:41:30","date_gmt":"2024-05-06T07:41:30","guid":{"rendered":"https:\/\/livinghome.vn\/thiet-bi\/?post_type=product&#038;p=21494"},"modified":"2024-11-29T14:18:52","modified_gmt":"2024-11-29T07:18:52","slug":"may-hut-mui-kaff-kf-991b-90cm","status":"publish","type":"product","link":"https:\/\/livinghome.vn\/thiet-bi\/may-hut-mui-kaff-kf-991b-90cm\/","title":{"rendered":"M\u00e1y H\u00fat M\u00f9i Kaff KF-991B 90cm"},"content":{"rendered":"<h2>M\u00e1y h\u00fat m\u00f9i Kaff KF-991B New Black \u00e1p t\u01b0\u1eddng \u0111en sang tr\u1ecdng mang \u0111\u1ebfn kh\u00f4ng gian trong l\u00e0nh cho c\u0103n b\u1ebfp<\/h2>\n<p><a href=\"https:\/\/livinghome.vn\/thiet-bi\/may-hut-mui-kaff\/\">M\u00e1y h\u00fat m\u00f9i Kaff<\/a> KF-991B New Black s\u1edf h\u1eefu thi\u1ebft k\u1ebf \u00e1p t\u01b0\u1eddng, d\u1ec5 d\u00e0ng l\u1eafp \u0111\u1eb7t mang \u0111\u1ebfn s\u1ef1 g\u1ecdn g\u00e0ng, hi\u1ec7n \u0111\u1ea1i cho kh\u00f4ng gian b\u1ebfp.<\/p>\n<p>S\u1ea3n ph\u1ea9m \u0111\u01b0\u1ee3c c\u1ea3i ti\u1ebfn m\u1edbi phi\u00ean b\u1ea3n m\u1edbi mang s\u1eafc m\u00e0u \u0111en th\u1eddi th\u01b0\u1ee3ng, d\u1ec5 d\u00e0ng tr\u1edf th\u00e0nh \u0111i\u1ec3m nh\u1ea5n cho kh\u00f4ng gian b\u1ebfp nh\u00e0 b\u1ea1n. Ph\u1ea7n khung c\u1ee7a m\u00e1y h\u00fat m\u00f9i \u0111\u01b0\u1ee3c s\u1eed d\u1ee5ng ch\u1ea5t li\u1ec7u h\u1ee3p kim \u00e1nh nh\u00e1m, mang \u0111\u1ebfn \u0111\u1ed9 tinh t\u1ebf, \u0111\u1ed3ng th\u1eddi b\u1ea3o v\u1ec7 b\u1ec1n b\u1ec9 cho c\u00e1c linh ki\u1ec7n b\u00ean trong.<\/p>\n<h3>T\u00ednh n\u0103ng c\u01a1 b\u1ea3n<\/h3>\n<ul>\n<li><a href=\"https:\/\/livinghome.vn\/thiet-bi\/may-hut-mui\/\">M\u00e1y h\u00fat kh\u00f3i kh\u1eed m\u00f9i<\/a> \u2013 kh\u1eed m\u00f9i <a href=\"https:\/\/livinghome.vn\/thiet-bi\/may-hut-mui-gan-tuong\/\">g\u1eafn \u00e1p t\u01b0\u1eddng<\/a><\/li>\n<li>Th\u00e2n \u0111en s\u01a1n t\u0129nh \u0111i\u1ec7n cao c\u1ea5p<\/li>\n<li>\u0110i\u1ec1u khi\u1ec3n c\u1ea3m \u1ee9ng 9 t\u1ed1c \u0111\u1ed9<\/li>\n<li>L\u01b0\u1edbi l\u1ecdc thang inox + than ho\u1ea1t t\u00ednh<\/li>\n<li>\u0110\u00e8n led 1x3Wx420mm<\/li>\n<li>\u0110\u1ed9ng c\u01a1 BLDC Inverter si\u00eau \u00eam 1x100W<\/li>\n<li>C\u00f4ng su\u1ea5t h\u00fat t\u1ed1i \u0111a 1200m3\/h<\/li>\n<li>\u0110\u1ed9 \u1ed3n 48-54dB<\/li>\n<li>B\u1ea3o h\u00e0nh 3 n\u0103m ch\u00ednh h\u00e3ng<\/li>\n<\/ul>\n<h3><img loading=\"lazy\" decoding=\"async\" class=\"alignnone size-full wp-image-21521\" src=\"https:\/\/livinghome.vn\/thiet-bi\/wp-content\/uploads\/2024\/05\/may-hut-mui-kaff-kf-991b-2.jpg\" alt=\"\" width=\"1200\" height=\"1200\" title=\"\" srcset=\"https:\/\/livinghome.vn\/thiet-bi\/wp-content\/uploads\/2024\/05\/may-hut-mui-kaff-kf-991b-2.jpg 1200w, https:\/\/livinghome.vn\/thiet-bi\/wp-content\/uploads\/2024\/05\/may-hut-mui-kaff-kf-991b-2-400x400.jpg 400w, https:\/\/livinghome.vn\/thiet-bi\/wp-content\/uploads\/2024\/05\/may-hut-mui-kaff-kf-991b-2-800x800.jpg 800w, https:\/\/livinghome.vn\/thiet-bi\/wp-content\/uploads\/2024\/05\/may-hut-mui-kaff-kf-991b-2-280x280.jpg 280w, https:\/\/livinghome.vn\/thiet-bi\/wp-content\/uploads\/2024\/05\/may-hut-mui-kaff-kf-991b-2-768x768.jpg 768w, https:\/\/livinghome.vn\/thiet-bi\/wp-content\/uploads\/2024\/05\/may-hut-mui-kaff-kf-991b-2-300x300.jpg 300w, https:\/\/livinghome.vn\/thiet-bi\/wp-content\/uploads\/2024\/05\/may-hut-mui-kaff-kf-991b-2-600x600.jpg 600w, https:\/\/livinghome.vn\/thiet-bi\/wp-content\/uploads\/2024\/05\/may-hut-mui-kaff-kf-991b-2-100x100.jpg 100w\" sizes=\"auto, (max-width: 1200px) 100vw, 1200px\" \/><\/h3>\n<h3>Th\u00f4ng s\u1ed1 k\u1ef9 thu\u1eadt<\/h3>\n<ul>\n<li>\u1ed0ng tho\u00e1t D150 + 2m \u1ed1ng m\u1ec1m k\u00e8m theo<\/li>\n<li>\u1ed0p \u1ed1ng kh\u00f3i inox 2x500mm<\/li>\n<li>K\u00edch th\u01b0\u1edbc: 40x500x900mm<\/li>\n<\/ul>\n<p>M\u1ed9t s\u1ed1 l\u01b0u \u00fd khi s\u1eed d\u1ee5ng:<\/p>\n<p>&#8211; Th\u01b0\u1eddng xuy\u00ean l\u00e0m s\u1ea1ch, m\u1ed7i 1 &#8211; 2 tu\u1ea7n 1 l\u1ea7n \u0111\u1ec3 k\u00e9o d\u00e0i tu\u1ed5i th\u1ecd, t\u0103ng hi\u1ec7u su\u1ea5t h\u00fat.<\/p>\n<p>&#8211; \u0110\u1ec3 tr\u00e1nh l\u00e0m bong tr\u00f3c, kh\u00f4ng v\u1ec7 sinh b\u1eb1ng n\u01b0\u1edbc r\u1eeda ch\u00e9n.<\/p>\n<p>&#8211; Ng\u00e2m l\u01b0\u1edbi l\u1ecdc trong h\u1ed7n h\u1ee3p x\u00e0 ph\u00f2ng pha n\u01b0\u1edbc \u1ea5m trong v\u00e0i ph\u00fat s\u1ebd gi\u00fap lo\u1ea1i b\u1ecf v\u1ebft b\u1ea9n d\u1ec5 d\u00e0ng.<\/p>\n<p>&#8211; C\u00f3 th\u1ec3 s\u1eed d\u1ee5ng c\u00e1c ch\u1ea5t t\u1ea9y t\u1ef1 nhi\u00ean nh\u01b0 gi\u1ea5m, baking soda, chanh,&#8230; \u0111\u1ec3 v\u1ec7 sinh d\u1ec5 d\u00e0ng v\u00e0 b\u1ea3o v\u1ec7 l\u01b0\u1edbi l\u1ecdc h\u01a1n.<\/p>\n<h3>Xu\u1ea5t x\u1ee9: Malaysia<\/h3>\n<h3><\/h3>\n","protected":false},"excerpt":{"rendered":"<p>\u2022 M\u00e1y h\u00fat m\u00f9i k\u00ednh toa<br \/>\n\u2022 Th\u00e2n m\u00e1y b\u1eb1ng inox s\u00e1ng \u0111\u1eb9p<br \/>\n\u2022 \u0110i\u1ec1u khi\u1ec3n c\u1ea3m \u1ee9ng 3 t\u1ed1c \u0111\u1ed9<br \/>\n\u2022 Ch\u1ee9c n\u0103ng c\u1ea3m \u1ee9ng kh\u00f3i, nhi\u1ec7t hi\u1ec7n \u0111\u1ea1i<br \/>\n\u2022 L\u01b0\u1edbi l\u1ecdc inox + than ho\u1ea1t t\u00ednh<br \/>\n\u2022 \u0110\u00e8n led 2x2W<br \/>\n\u2022 Motor 1x170W<br \/>\n\u2022 C\u00f4ng su\u1ea5t h\u00fat t\u1ed1i \u0111a 1000m\u00b3\/h<br \/>\n\u2022 \u0110\u1ed9 \u1ed3n maximum 48 dB<br \/>\n\u2022 \u0110i\u1ec7n \u00e1p: 220V &#8211; 240V \/ 50Hz<br \/>\n\u2022 \u1ed0ng tho\u00e1t D150 + 2m \u1ed1ng m\u1ec1m k\u00e8m theo<br \/>\n\u2022 \u1ed0p \u1ed1ng kh\u00f3i inox 2x450x300 mm<br \/>\n\u2022 K\u00edch th\u01b0\u1edbc: 475&#215;900 mm<\/p>\n","protected":false},"featured_media":21522,"comment_status":"open","ping_status":"closed","template":"","meta":[],"product_brand":[],"product_cat":[15],"product_tag":[],"class_list":{"0":"post-21494","1":"product","2":"type-product","3":"status-publish","4":"has-post-thumbnail","6":"product_cat-khac","8":"first","9":"instock","10":"sale","11":"shipping-taxable","12":"purchasable","13":"product-type-simple"},"_links":{"self":[{"href":"https:\/\/livinghome.vn\/thiet-bi\/wp-json\/wp\/v2\/product\/21494","targetHints":{"allow":["GET"]}}],"collection":[{"href":"https:\/\/livinghome.vn\/thiet-bi\/wp-json\/wp\/v2\/product"}],"about":[{"href":"https:\/\/livinghome.vn\/thiet-bi\/wp-json\/wp\/v2\/types\/product"}],"replies":[{"embeddable":true,"href":"https:\/\/livinghome.vn\/thiet-bi\/wp-json\/wp\/v2\/comments?post=21494"}],"wp:featuredmedia":[{"embeddable":true,"href":"https:\/\/livinghome.vn\/thiet-bi\/wp-json\/wp\/v2\/media\/21522"}],"wp:attachment":[{"href":"https:\/\/livinghome.vn\/thiet-bi\/wp-json\/wp\/v2\/media?parent=21494"}],"wp:term":[{"taxonomy":"product_brand","embeddable":true,"href":"https:\/\/livinghome.vn\/thiet-bi\/wp-json\/wp\/v2\/product_brand?post=21494"},{"taxonomy":"product_cat","embeddable":true,"href":"https:\/\/livinghome.vn\/thiet-bi\/wp-json\/wp\/v2\/product_cat?post=21494"},{"taxonomy":"product_tag","embeddable":true,"href":"https:\/\/livinghome.vn\/thiet-bi\/wp-json\/wp\/v2\/product_tag?post=21494"}],"curies":[{"name":"wp","href":"https:\/\/api.w.org\/{rel}","templated":true}]}}