{"id":2137,"date":"2023-01-12T16:46:17","date_gmt":"2023-01-12T16:46:17","guid":{"rendered":"https:\/\/livinghome.vn\/thiet-bi\/?post_type=product&#038;p=2137"},"modified":"2024-11-29T14:20:33","modified_gmt":"2024-11-29T07:20:33","slug":"chau-rua-teka-flexlinea-rs15-50-40-lap-am-1-hoc-rua-54cm","status":"publish","type":"product","link":"https:\/\/livinghome.vn\/thiet-bi\/chau-rua-teka-flexlinea-rs15-50-40-lap-am-1-hoc-rua-54cm\/","title":{"rendered":"Ch\u1eadu r\u1eeda Teka FLEXLINEA RS15 50-40 l\u1eafp \u00e2m 1 h\u1ed9c r\u1eeda 54cm"},"content":{"rendered":"<h2>Ch\u1eadu r\u1eeda Teka FLEXLINEA RS15 50-40 l\u1eafp \u00e2m 1 h\u1ed9c r\u1eeda \u0111a c\u00f4ng d\u1ee5ng<\/h2>\n<p>T\u00ednh linh ho\u1ea1t l\u00e0 m\u1ed9t trong nh\u1eefng \u01b0u ti\u00ean ch\u00ednh c\u1ee7a Teka v\u00e0 \u0111\u00f3 l\u00e0 l\u00fd do t\u1ea1i sao d\u00f2ng s\u1ea3n ph\u1ea9m m\u1edbi n\u00e0y \u0111\u00e3 \u0111\u01b0\u1ee3c ph\u00e1t tri\u1ec3n. N\u00f3 cung c\u1ea5p nhi\u1ec1u lo\u1ea1i th\u00e0nh ph\u1ea7n b\u1ed3n r\u1eeda kh\u00e1c nhau v\u00e0 t\u1ea5t c\u1ea3 ch\u00fang \u0111\u1ec1u \u0111i k\u00e8m v\u1edbi \u0111\u01b0\u1eddng \u1ed1ng k\u00edch c\u1ee1 l\u1edbn ch\u1ed1ng tr\u00e0n, \u0111\u1ec3 mang \u0111\u1ebfn m\u1ed9t c\u00e1i nh\u00ecn theo xu h\u01b0\u1edbng hi\u1ec7n t\u1ea1i, c\u00f9ng v\u1edbi b\u00e1n k\u00ednh d\u1ec5 d\u00e0ng l\u00e0m s\u1ea1ch. M\u1ed9t b\u1ed3n r\u1eeda b\u1ea1n c\u00f3 th\u1ec3 l\u1eafp \u0111\u1eb7t tr\u00ean m\u1ecdi lo\u1ea1i m\u1eb7t b\u00e0n nh\u1edd l\u1eafp \u0111\u1eb7t linh ho\u1ea1t: th\u00e1o l\u1eafp, g\u1eafn tr\u00ean c\u00f9ng c\u1ee7a ng\u00e0m ph\u1eb3ng.<\/p>\n<figure id=\"attachment_65564\" aria-describedby=\"caption-attachment-65564\" style=\"width: 800px\" class=\"wp-caption alignnone\"><img loading=\"lazy\" decoding=\"async\" class=\"size-large wp-image-65564\" src=\"https:\/\/livinghome.vn\/thiet-bi\/wp-content\/uploads\/nha-bep\/teka\/chau-rua\/chau-rua-teka-flexlinea-rs15-50-40\/chau-rua-teka-flexlinea-rs15-50-40-1-800x800.jpg\" alt=\"Ch\u1eadu r\u1eeda Teka FLEXLINEA RS15 50-40 l\u1eafp \u00e2m 1 h\u1ed9c r\u1eeda 54cm\" width=\"800\" height=\"800\" title=\"\"><figcaption id=\"caption-attachment-65564\" class=\"wp-caption-text\">Ch\u1eadu r\u1eeda Teka FLEXLINEA RS15 50-40 l\u1eafp \u00e2m 1 h\u1ed9c r\u1eeda 54cm<\/figcaption><\/figure>\n<p>Ch\u1eadu r\u1eeda Teka FLEXLINEA RS15 50-40 c\u00f3 kh\u1ea3 n\u0103ng l\u1ecdc s\u1ea1ch t\u1ea1p ch\u1ea5t trong n\u01b0\u1edbc: H\u1ec7 th\u1ed1ng l\u1ecdc m\u1edbi gi\u00fap l\u1ecdc s\u1ea1ch 95% m\u00f9i v\u00e0 v\u1ecb c\u1ee7a n\u01b0\u1edbc, trung h\u00f2a clo v\u00e0 c\u00e1c t\u1ea1p ch\u1ea5t h\u1eefu c\u01a1 c\u00f3 th\u1ec3.<\/p>\n<figure id=\"attachment_65568\" aria-describedby=\"caption-attachment-65568\" style=\"width: 1200px\" class=\"wp-caption alignnone\"><img loading=\"lazy\" decoding=\"async\" class=\"size-full wp-image-65568\" src=\"https:\/\/livinghome.vn\/thiet-bi\/wp-content\/uploads\/nha-bep\/teka\/chau-rua\/chau-rua-teka-flexlinea-rs15-50-40\/chau-rua-teka-flexlinea-rs15-50-40-5.jpg\" alt=\"Ch\u1eadu r\u1eeda Teka FLEXLINEA RS15 50-40 l\u1eafp \u00e2m 1 h\u1ed9c r\u1eeda 54cm\" width=\"1200\" height=\"676\" title=\"\"><figcaption id=\"caption-attachment-65568\" class=\"wp-caption-text\">Ch\u1eadu r\u1eeda Teka FLEXLINEA RS15 50-40 l\u1eafp \u00e2m 1 h\u1ed9c r\u1eeda 54cm<\/figcaption><\/figure>\n<h3><strong>T\u00ednh n\u0103ng c\u01a1 b\u1ea3n<\/strong><\/h3>\n<ul>\n<li><a href=\"https:\/\/livinghome.vn\/thiet-bi\/dung-cu-nha-bep\/chau-rua-chen\/\">Ch\u1eadu r\u1eeda<\/a> l\u1eafp \u00e2m<\/li>\n<li>Ki\u1ec3u d\u00e1ng: 1 h\u1ed9c r\u1eeda<\/li>\n<li>Ch\u1eadu r\u1eeda c\u00f3 h\u1ec7 th\u1ed1ng l\u00e0m s\u1ea1ch hi\u1ec7n \u0111\u1ea1i<\/li>\n<li>Ch\u1ea5t li\u1ec7u th\u00e9p kh\u00f4ng g\u1ec9<\/li>\n<li>C\u00f4ng ngh\u1ec7 PureClean ch\u1ed1ng th\u1ea5m n\u01b0\u1edbc<\/li>\n<li>Ch\u1ed1ng in d\u1ea5u v\u00e2n tay<\/li>\n<li>K\u00edch th\u01b0\u1edbc h\u1ed9c r\u1eeda: 500 x 400 x 200mm<\/li>\n<li>Gi\u1edbi h\u1ea1n h\u1ed9c t\u1ee7 d\u01b0\u1edbi &gt;60cm<\/li>\n<li>Ph\u1ee5 ki\u1ec7n: B\u1ed9 x\u1ea3 3\u00bd v\u00e0 x\u1ea3 tr\u00e0n<\/li>\n<\/ul>\n<figure id=\"attachment_65567\" aria-describedby=\"caption-attachment-65567\" style=\"width: 800px\" class=\"wp-caption alignnone\"><img loading=\"lazy\" decoding=\"async\" class=\"size-large wp-image-65567\" src=\"https:\/\/livinghome.vn\/thiet-bi\/wp-content\/uploads\/nha-bep\/teka\/chau-rua\/chau-rua-teka-flexlinea-rs15-50-40\/chau-rua-teka-flexlinea-rs15-50-40-4-800x800.jpg\" alt=\"Ch\u1eadu r\u1eeda Teka FLEXLINEA RS15 50-40 l\u1eafp \u00e2m 1 h\u1ed9c r\u1eeda 54cm\" width=\"800\" height=\"800\" title=\"\"><figcaption id=\"caption-attachment-65567\" class=\"wp-caption-text\">Ch\u1eadu r\u1eeda Teka FLEXLINEA RS15 50-40 l\u1eafp \u00e2m ki\u1ec3u d\u00e1ng b\u1eaft m\u1eaft<\/figcaption><\/figure>\n<h3><strong>Th\u00f4ng s\u1ed1 k\u1ef9 thu\u1eadt<\/strong><\/h3>\n<ul>\n<li><strong>Lo\u1ea1i van l\u1ed7:\u00a0<\/strong>3\u00bd&#8221; SQUARED<\/li>\n<li><strong>Khoang l\u00f2 (cm):\u00a0<\/strong>60<\/li>\n<\/ul>\n<h4 class=\"et_pb_toggle_title\">K\u00edch th\u01b0\u1edbc chung<\/h4>\n<div class=\"et_pb_toggle_content clearfix\">\n<ul>\n<li><strong>Chi\u1ec1u r\u1ed9ng (mm):\u00a0<\/strong>440<\/li>\n<li><strong>\u0110\u1ed9 s\u00e2u (mm):\u00a0<\/strong>200<\/li>\n<li><strong>Tr\u1ecdng l\u01b0\u1ee3ng (Kgs):\u00a0<\/strong>4,1<\/li>\n<\/ul>\n<h4 class=\"et_pb_toggle_title\">K\u00edch th\u01b0\u1edbc b\u00e1t ch\u00ednh<\/h4>\n<div class=\"et_pb_toggle_content clearfix\">\n<ul>\n<li><strong>Chi\u1ec1u d\u00e0i b\u00e1t ch\u00ednh (mm):\u00a0<\/strong>500<\/li>\n<li><strong>Chi\u1ec1u r\u1ed9ng b\u00e1t ch\u00ednh (mm):\u00a0<\/strong>400<\/li>\n<li><strong>\u0110\u1ed9 s\u00e2u b\u00e1t ch\u00ednh (mm):\u00a0<\/strong>200<\/li>\n<\/ul>\n<\/div>\n<\/div>\n<h3><strong>Xu\u1ea5t x\u1ee9:\u00a0T\u00e2y Ban Nha<\/strong><\/h3>\n","protected":false},"excerpt":{"rendered":"<div id=\"product-title\" class=\"et_pb_module et_pb_text et_pb_bg_layout_light et_pb_text_align_left\">\n<div class=\"et_pb_text_inner\">\n<div id=\"product-title\" class=\"et_pb_module et_pb_text et_pb_bg_layout_light et_pb_text_align_left\">\n<div class=\"et_pb_text_inner\">\n<h2 style=\"text-align: center;\"><strong>Ch\u1eadu r\u1eeda Teka FLEXLINEA RS15 50-40<\/strong><\/h2>\n<\/div>\n<\/div>\n<div class=\"et_pb_module et_pb_text et_pb_text_1 et_pb_bg_layout_light et_pb_text_align_left\">\n<div class=\"et_pb_text_inner\">\n<div id=\"product-content\">\n<p style=\"text-align: center;\">Ch\u1eadu r\u1eeda c\u00f3 h\u1ec7 th\u1ed1ng l\u00e0m s\u1ea1ch hi\u1ec7n \u0111\u1ea1i<\/p>\n<p style=\"text-align: center;\">Ch\u1ea5t li\u1ec7u th\u00e9p kh\u00f4ng g\u1ec9<\/p>\n<p style=\"text-align: center;\">C\u00f4ng ngh\u1ec7 PureClean ch\u1ed1ng th\u1ea5m n\u01b0\u1edbc<\/p>\n<p style=\"text-align: center;\">Ch\u1ed1ng in d\u1ea5u v\u00e2n tay<\/p>\n<p style=\"text-align: center;\">Xu\u1ea5t x\u1ee9 : T\u00e2y Ban Nha<\/p>\n<\/div>\n<\/div>\n<\/div>\n<\/div>\n<\/div>\n","protected":false},"featured_media":2309,"comment_status":"open","ping_status":"closed","template":"","meta":[],"product_brand":[],"product_cat":[331,311],"product_tag":[148,336,332,333],"class_list":{"0":"post-2137","1":"product","2":"type-product","3":"status-publish","4":"has-post-thumbnail","6":"product_cat-chau-rua-chen-teka","7":"product_cat-thuong-hieu-teka","8":"product_tag-chau-rua-chen","9":"product_tag-chau-rua-chen-lap-am","10":"product_tag-chau-rua-chen-teka","11":"product_tag-chau-rua-chen-thep","13":"first","14":"instock","15":"sale","16":"shipping-taxable","17":"purchasable","18":"product-type-simple"},"_links":{"self":[{"href":"https:\/\/livinghome.vn\/thiet-bi\/wp-json\/wp\/v2\/product\/2137","targetHints":{"allow":["GET"]}}],"collection":[{"href":"https:\/\/livinghome.vn\/thiet-bi\/wp-json\/wp\/v2\/product"}],"about":[{"href":"https:\/\/livinghome.vn\/thiet-bi\/wp-json\/wp\/v2\/types\/product"}],"replies":[{"embeddable":true,"href":"https:\/\/livinghome.vn\/thiet-bi\/wp-json\/wp\/v2\/comments?post=2137"}],"wp:featuredmedia":[{"embeddable":true,"href":"https:\/\/livinghome.vn\/thiet-bi\/wp-json\/wp\/v2\/media\/2309"}],"wp:attachment":[{"href":"https:\/\/livinghome.vn\/thiet-bi\/wp-json\/wp\/v2\/media?parent=2137"}],"wp:term":[{"taxonomy":"product_brand","embeddable":true,"href":"https:\/\/livinghome.vn\/thiet-bi\/wp-json\/wp\/v2\/product_brand?post=2137"},{"taxonomy":"product_cat","embeddable":true,"href":"https:\/\/livinghome.vn\/thiet-bi\/wp-json\/wp\/v2\/product_cat?post=2137"},{"taxonomy":"product_tag","embeddable":true,"href":"https:\/\/livinghome.vn\/thiet-bi\/wp-json\/wp\/v2\/product_tag?post=2137"}],"curies":[{"name":"wp","href":"https:\/\/api.w.org\/{rel}","templated":true}]}}