{"id":21327,"date":"2024-05-03T15:27:13","date_gmt":"2024-05-03T08:27:13","guid":{"rendered":"https:\/\/livinghome.vn\/thiet-bi\/?post_type=product&#038;p=21327"},"modified":"2024-11-29T14:18:54","modified_gmt":"2024-11-29T07:18:54","slug":"may-hut-mui-am-tu-malloca-mh-600gt-60cm","status":"publish","type":"product","link":"https:\/\/livinghome.vn\/thiet-bi\/may-hut-mui-am-tu-malloca-mh-600gt-60cm\/","title":{"rendered":"M\u00e1y H\u00fat M\u00f9i \u00c2m T\u1ee7 Malloca MH 600GT, 60CM, 850 m3\/h, \u0110en"},"content":{"rendered":"<h2>M\u00e1y H\u00fat Kh\u00f3i Kh\u1eed M\u00f9i \u00c2m T\u1ee7 Malloca MH 600GT C\u1ea3m \u1ee8ng<\/h2>\n<figure id=\"attachment_22225\" aria-describedby=\"caption-attachment-22225\" style=\"width: 800px\" class=\"wp-caption alignnone\"><img loading=\"lazy\" decoding=\"async\" class=\"size-full wp-image-22225\" src=\"https:\/\/livinghome.vn\/thiet-bi\/wp-content\/uploads\/2024\/05\/malloca-mh-600gt-2.jpg\" alt=\"M\u00e1y H\u00fat M\u00f9i \u00c2m T\u1ee7 Malloca MH 600GT, 60CM, 850 m3\/h, \u0110en\" width=\"800\" height=\"800\" title=\"\" srcset=\"https:\/\/livinghome.vn\/thiet-bi\/wp-content\/uploads\/2024\/05\/malloca-mh-600gt-2.jpg 800w, https:\/\/livinghome.vn\/thiet-bi\/wp-content\/uploads\/2024\/05\/malloca-mh-600gt-2-400x400.jpg 400w, https:\/\/livinghome.vn\/thiet-bi\/wp-content\/uploads\/2024\/05\/malloca-mh-600gt-2-280x280.jpg 280w, https:\/\/livinghome.vn\/thiet-bi\/wp-content\/uploads\/2024\/05\/malloca-mh-600gt-2-768x768.jpg 768w, https:\/\/livinghome.vn\/thiet-bi\/wp-content\/uploads\/2024\/05\/malloca-mh-600gt-2-300x300.jpg 300w, https:\/\/livinghome.vn\/thiet-bi\/wp-content\/uploads\/2024\/05\/malloca-mh-600gt-2-600x600.jpg 600w, https:\/\/livinghome.vn\/thiet-bi\/wp-content\/uploads\/2024\/05\/malloca-mh-600gt-2-100x100.jpg 100w\" sizes=\"auto, (max-width: 800px) 100vw, 800px\" \/><figcaption id=\"caption-attachment-22225\" class=\"wp-caption-text\">Thi\u1ebft k\u1ebf sang tr\u1ecdng \u0111\u1eb3ng c\u1ea5p c\u1ee7a M\u00e1y H\u00fat M\u00f9i \u00c2m T\u1ee7 Malloca MH 600G v\u1edbi k\u00edch th\u01b0\u1edbc 60CM, l\u1ef1c h\u00fat 850 m3\/h, m\u00e0u \u0110en \u0111\u1eb9p<\/figcaption><\/figure>\n<h2>T\u00ednh n\u0103ng c\u01a1 b\u1ea3n<\/h2>\n<ul>\n<li>M\u00e1y h\u00fat kh\u00f3i d\u1ea1ng \u00e2m t\u1ee7<\/li>\n<li>Ch\u1ea5t li\u1ec7u: K\u00ednh \u0110en<\/li>\n<li>\u0110i\u1ec1u khi\u1ec3n c\u1ea3m \u1ee9ng<\/li>\n<li>\u0110i\u1ec1u khi\u1ec3n b\u1eb1ng c\u1eed ch\u1ec9<\/li>\n<\/ul>\n<h2>Th\u00f4ng s\u1ed1 k\u1ef9 thu\u1eadt<\/h2>\n<ul>\n<li>\u0110\u00e8n LED: 1 x 8W<\/li>\n<li>C\u00f4ng su\u1ea5t h\u00fat: 850 m3\/h<\/li>\n<li>\u0110\u1ed9 \u1ed3n: 52dB<\/li>\n<li>C\u00f4ng su\u1ea5t: 230W<\/li>\n<li>K\u00edch th\u01b0\u1edbc: W598 x D288 x H250mm<\/li>\n<\/ul>\n<figure id=\"attachment_22224\" aria-describedby=\"caption-attachment-22224\" style=\"width: 800px\" class=\"wp-caption alignnone\"><img loading=\"lazy\" decoding=\"async\" class=\"size-full wp-image-22224\" src=\"https:\/\/livinghome.vn\/thiet-bi\/wp-content\/uploads\/2024\/05\/malloca-mh-600gt-1.jpg\" alt=\"M\u00e1y H\u00fat M\u00f9i \u00c2m T\u1ee7 Malloca MH 600GT, 60CM, 850 m3\/h, \u0110en\" width=\"800\" height=\"800\" title=\"\" srcset=\"https:\/\/livinghome.vn\/thiet-bi\/wp-content\/uploads\/2024\/05\/malloca-mh-600gt-1.jpg 800w, https:\/\/livinghome.vn\/thiet-bi\/wp-content\/uploads\/2024\/05\/malloca-mh-600gt-1-400x400.jpg 400w, https:\/\/livinghome.vn\/thiet-bi\/wp-content\/uploads\/2024\/05\/malloca-mh-600gt-1-280x280.jpg 280w, https:\/\/livinghome.vn\/thiet-bi\/wp-content\/uploads\/2024\/05\/malloca-mh-600gt-1-768x768.jpg 768w, https:\/\/livinghome.vn\/thiet-bi\/wp-content\/uploads\/2024\/05\/malloca-mh-600gt-1-300x300.jpg 300w, https:\/\/livinghome.vn\/thiet-bi\/wp-content\/uploads\/2024\/05\/malloca-mh-600gt-1-600x600.jpg 600w, https:\/\/livinghome.vn\/thiet-bi\/wp-content\/uploads\/2024\/05\/malloca-mh-600gt-1-100x100.jpg 100w\" sizes=\"auto, (max-width: 800px) 100vw, 800px\" \/><figcaption id=\"caption-attachment-22224\" class=\"wp-caption-text\">K\u00edch th\u01b0\u1edbc c\u1ee7a M\u00e1y H\u00fat M\u00f9i \u00c2m T\u1ee7 Malloca MH 600GT, 60CM<\/figcaption><\/figure>\n<h3>Xu\u1ea5t x\u1ee9: Trung Qu\u1ed1c (theo b\u1ea3n quy\u1ec1n Malloca)<\/h3>\n","protected":false},"excerpt":{"rendered":"<h2>M\u00e1y H\u00fat Kh\u00f3i Kh\u1eed M\u00f9i \u00c2m T\u1ee7 Malloca MH 600GT<\/h2>\n<ul>\n<li>M\u00e0u s\u1eafc: k\u00ednh \u0111en<\/li>\n<li>\u0110i\u1ec1u khi\u1ec3n c\u1ea3m \u1ee9ng \/ \u0110i\u1ec1u khi\u1ec3n b\u1eb1ng c\u1eed ch\u1ec9<\/li>\n<li>S\u1ee9c h\u00fat: 850m3\/h<\/li>\n<li>\u0110\u1ed9 \u1ed3n: 52dB<\/li>\n<li>C\u00f4ng su\u1ea5t: 230W<\/li>\n<li>KT: W697\/598 x D287\/288 x H250mm<\/li>\n<\/ul>\n","protected":false},"featured_media":22223,"comment_status":"open","ping_status":"closed","template":"","meta":[],"product_brand":[],"product_cat":[84,595,274,262],"product_tag":[86,271],"class_list":{"0":"post-21327","1":"product","2":"type-product","3":"status-publish","4":"has-post-thumbnail","6":"product_cat-may-hut-mui","7":"product_cat-may-hut-mui-am-tu","8":"product_cat-may-hut-mui-malloca","9":"product_cat-thuong-hieu-malloca","10":"product_tag-may-hut-mui","11":"product_tag-may-hut-mui-malloca","13":"first","14":"instock","15":"sale","16":"shipping-taxable","17":"purchasable","18":"product-type-simple"},"_links":{"self":[{"href":"https:\/\/livinghome.vn\/thiet-bi\/wp-json\/wp\/v2\/product\/21327","targetHints":{"allow":["GET"]}}],"collection":[{"href":"https:\/\/livinghome.vn\/thiet-bi\/wp-json\/wp\/v2\/product"}],"about":[{"href":"https:\/\/livinghome.vn\/thiet-bi\/wp-json\/wp\/v2\/types\/product"}],"replies":[{"embeddable":true,"href":"https:\/\/livinghome.vn\/thiet-bi\/wp-json\/wp\/v2\/comments?post=21327"}],"wp:featuredmedia":[{"embeddable":true,"href":"https:\/\/livinghome.vn\/thiet-bi\/wp-json\/wp\/v2\/media\/22223"}],"wp:attachment":[{"href":"https:\/\/livinghome.vn\/thiet-bi\/wp-json\/wp\/v2\/media?parent=21327"}],"wp:term":[{"taxonomy":"product_brand","embeddable":true,"href":"https:\/\/livinghome.vn\/thiet-bi\/wp-json\/wp\/v2\/product_brand?post=21327"},{"taxonomy":"product_cat","embeddable":true,"href":"https:\/\/livinghome.vn\/thiet-bi\/wp-json\/wp\/v2\/product_cat?post=21327"},{"taxonomy":"product_tag","embeddable":true,"href":"https:\/\/livinghome.vn\/thiet-bi\/wp-json\/wp\/v2\/product_tag?post=21327"}],"curies":[{"name":"wp","href":"https:\/\/api.w.org\/{rel}","templated":true}]}}