{"id":21306,"date":"2024-05-03T15:00:15","date_gmt":"2024-05-03T08:00:15","guid":{"rendered":"https:\/\/livinghome.vn\/thiet-bi\/?post_type=product&#038;p=21306"},"modified":"2024-11-29T14:18:54","modified_gmt":"2024-11-29T07:18:54","slug":"may-hut-mui-am-tu-malloca-mh-60btc-60cm","status":"publish","type":"product","link":"https:\/\/livinghome.vn\/thiet-bi\/may-hut-mui-am-tu-malloca-mh-60btc-60cm\/","title":{"rendered":"M\u00e1y H\u00fat M\u00f9i \u00c2m T\u1ee7 Malloca MH 60BTC, 60CM, 500m3\/h, \u0110en"},"content":{"rendered":"<h2>M\u00e1y H\u00fat Kh\u00f3i Kh\u1eed M\u00f9i \u00c2m T\u1ee7 Malloca MH 60BTC<\/h2>\n<figure id=\"attachment_22238\" aria-describedby=\"caption-attachment-22238\" style=\"width: 800px\" class=\"wp-caption alignnone\"><img loading=\"lazy\" decoding=\"async\" class=\"size-full wp-image-22238\" src=\"https:\/\/livinghome.vn\/thiet-bi\/wp-content\/uploads\/2024\/05\/malloca-mh-60btc.jpg\" alt=\"M\u00e1y H\u00fat M\u00f9i \u00c2m T\u1ee7 Malloca MH 60BTC, 60CM, 500m3\/h, \u0110en\" width=\"800\" height=\"800\" title=\"\" srcset=\"https:\/\/livinghome.vn\/thiet-bi\/wp-content\/uploads\/2024\/05\/malloca-mh-60btc.jpg 800w, https:\/\/livinghome.vn\/thiet-bi\/wp-content\/uploads\/2024\/05\/malloca-mh-60btc-400x400.jpg 400w, https:\/\/livinghome.vn\/thiet-bi\/wp-content\/uploads\/2024\/05\/malloca-mh-60btc-280x280.jpg 280w, https:\/\/livinghome.vn\/thiet-bi\/wp-content\/uploads\/2024\/05\/malloca-mh-60btc-768x768.jpg 768w, https:\/\/livinghome.vn\/thiet-bi\/wp-content\/uploads\/2024\/05\/malloca-mh-60btc-300x300.jpg 300w, https:\/\/livinghome.vn\/thiet-bi\/wp-content\/uploads\/2024\/05\/malloca-mh-60btc-600x600.jpg 600w, https:\/\/livinghome.vn\/thiet-bi\/wp-content\/uploads\/2024\/05\/malloca-mh-60btc-100x100.jpg 100w\" sizes=\"auto, (max-width: 800px) 100vw, 800px\" \/><figcaption id=\"caption-attachment-22238\" class=\"wp-caption-text\">Thi\u1ebft K\u1ebf Hi\u1ec7n \u0110\u1ea1i c\u1ee7a M\u00e1y H\u00fat M\u00f9i \u00c2m T\u1ee7 Malloca MH 60BTC v\u1edbi K\u00edch Th\u01b0\u1edbc 60CM, L\u1ef1c H\u00fat 500m3\/h, M\u00e0u \u0110en Thanh L\u1ecbch<\/figcaption><\/figure>\n<h3>T\u00ednh n\u0103ng c\u01a1 b\u1ea3n<\/h3>\n<ul>\n<li>M\u00e1y h\u00fat kh\u00f3i kh\u1eed m\u00f9i \u2013 d\u1ea1ng \u00e2m t\u1ee7<\/li>\n<li>Th\u00e2n m\u00e1y: S\u01a1n t\u0129nh \u0111i\u1ec7n \u0111en v\u00e0 k\u00ednh<\/li>\n<li>\u0110i\u1ec1u khi\u1ec3n c\u1ea3m \u1ee9ng, 3 t\u1ed1c \u0111\u1ed9<\/li>\n<li>Kh\u1eed m\u00f9i b\u1eb1ng than ho\u1ea1t t\u00ednh v\u00e0 \u1ed1ng tho\u00e1t \u00d8120<\/li>\n<li>L\u01b0\u1edbi l\u1ecdc: Nh\u00f4m<\/li>\n<\/ul>\n<h3>Th\u00f4ng s\u1ed1 k\u1ef9 thu\u1eadt<\/h3>\n<ul>\n<li>\u0110\u00e8n Led: 4W<\/li>\n<li>C\u00f4ng su\u1ea5t h\u00fat 550 m3\/h<\/li>\n<li>\u0110\u1ed9 \u1ed3n: &lt;55dB<\/li>\n<li>C\u00f4ng Su\u1ea5t: 120W<\/li>\n<li>\u0110i\u1ec7n \u00e1p: 220-240V\/50Hz<\/li>\n<li>K\u00edch th\u01b0\u1edbc: W600 x D303 x H205mm<\/li>\n<\/ul>\n<figure id=\"attachment_22237\" aria-describedby=\"caption-attachment-22237\" style=\"width: 900px\" class=\"wp-caption alignnone\"><img loading=\"lazy\" decoding=\"async\" class=\"size-full wp-image-22237\" src=\"https:\/\/livinghome.vn\/thiet-bi\/wp-content\/uploads\/2024\/05\/malloca-mh-60btc-1.jpg\" alt=\"M\u00e1y H\u00fat M\u00f9i \u00c2m T\u1ee7 Malloca MH 60BTC, 60CM, 500m3\/h, \u0110en\" width=\"900\" height=\"901\" title=\"\" srcset=\"https:\/\/livinghome.vn\/thiet-bi\/wp-content\/uploads\/2024\/05\/malloca-mh-60btc-1.jpg 900w, https:\/\/livinghome.vn\/thiet-bi\/wp-content\/uploads\/2024\/05\/malloca-mh-60btc-1-400x400.jpg 400w, https:\/\/livinghome.vn\/thiet-bi\/wp-content\/uploads\/2024\/05\/malloca-mh-60btc-1-799x800.jpg 799w, https:\/\/livinghome.vn\/thiet-bi\/wp-content\/uploads\/2024\/05\/malloca-mh-60btc-1-280x280.jpg 280w, https:\/\/livinghome.vn\/thiet-bi\/wp-content\/uploads\/2024\/05\/malloca-mh-60btc-1-768x769.jpg 768w, https:\/\/livinghome.vn\/thiet-bi\/wp-content\/uploads\/2024\/05\/malloca-mh-60btc-1-300x300.jpg 300w, https:\/\/livinghome.vn\/thiet-bi\/wp-content\/uploads\/2024\/05\/malloca-mh-60btc-1-600x601.jpg 600w, https:\/\/livinghome.vn\/thiet-bi\/wp-content\/uploads\/2024\/05\/malloca-mh-60btc-1-100x100.jpg 100w\" sizes=\"auto, (max-width: 900px) 100vw, 900px\" \/><figcaption id=\"caption-attachment-22237\" class=\"wp-caption-text\">K\u00edch Th\u01b0\u1edbc c\u1ee7a M\u00e1y H\u00fat M\u00f9i \u00c2m T\u1ee7 Malloca MH 60BTC, 60CM<\/figcaption><\/figure>\n<h3>Xu\u1ea5t x\u1ee9: Trung Qu\u1ed1c (theo b\u1ea3n quy\u1ec1n Malloca)<\/h3>\n<p>&nbsp;<\/p>\n","protected":false},"excerpt":{"rendered":"<h2>M\u00e1y H\u00fat Kh\u00f3i Kh\u1eed M\u00f9i \u00c2m T\u1ee7 Malloca MH 60BTC<\/h2>\n<ul>\n<li>M\u00e0u s\u1eafc: s\u01a1n t\u0129nh \u0111i\u1ec7n \u0111en, k\u00ednh \u0111en<\/li>\n<li>\u0110i\u1ec1u khi\u1ec3n c\u1ea3m \u1ee9ng, 3 t\u1ed1c \u0111\u1ed9<\/li>\n<li>S\u1ee9c h\u00fat: 550m3\/h<\/li>\n<li>\u0110\u1ed9 \u1ed3n: 55dB<\/li>\n<li>C\u00f4ng su\u1ea5t: 120W<\/li>\n<li>KT: W600\/700\/900 x D303 x H205mm<\/li>\n<\/ul>\n","protected":false},"featured_media":22238,"comment_status":"open","ping_status":"closed","template":"","meta":[],"product_brand":[],"product_cat":[84,595,274,262],"product_tag":[86,271],"class_list":{"0":"post-21306","1":"product","2":"type-product","3":"status-publish","4":"has-post-thumbnail","6":"product_cat-may-hut-mui","7":"product_cat-may-hut-mui-am-tu","8":"product_cat-may-hut-mui-malloca","9":"product_cat-thuong-hieu-malloca","10":"product_tag-may-hut-mui","11":"product_tag-may-hut-mui-malloca","13":"first","14":"instock","15":"sale","16":"shipping-taxable","17":"purchasable","18":"product-type-simple"},"_links":{"self":[{"href":"https:\/\/livinghome.vn\/thiet-bi\/wp-json\/wp\/v2\/product\/21306","targetHints":{"allow":["GET"]}}],"collection":[{"href":"https:\/\/livinghome.vn\/thiet-bi\/wp-json\/wp\/v2\/product"}],"about":[{"href":"https:\/\/livinghome.vn\/thiet-bi\/wp-json\/wp\/v2\/types\/product"}],"replies":[{"embeddable":true,"href":"https:\/\/livinghome.vn\/thiet-bi\/wp-json\/wp\/v2\/comments?post=21306"}],"wp:featuredmedia":[{"embeddable":true,"href":"https:\/\/livinghome.vn\/thiet-bi\/wp-json\/wp\/v2\/media\/22238"}],"wp:attachment":[{"href":"https:\/\/livinghome.vn\/thiet-bi\/wp-json\/wp\/v2\/media?parent=21306"}],"wp:term":[{"taxonomy":"product_brand","embeddable":true,"href":"https:\/\/livinghome.vn\/thiet-bi\/wp-json\/wp\/v2\/product_brand?post=21306"},{"taxonomy":"product_cat","embeddable":true,"href":"https:\/\/livinghome.vn\/thiet-bi\/wp-json\/wp\/v2\/product_cat?post=21306"},{"taxonomy":"product_tag","embeddable":true,"href":"https:\/\/livinghome.vn\/thiet-bi\/wp-json\/wp\/v2\/product_tag?post=21306"}],"curies":[{"name":"wp","href":"https:\/\/api.w.org\/{rel}","templated":true}]}}