{"id":21228,"date":"2024-05-03T10:15:33","date_gmt":"2024-05-03T03:15:33","guid":{"rendered":"https:\/\/livinghome.vn\/thiet-bi\/?post_type=product&#038;p=21228"},"modified":"2024-11-29T14:18:56","modified_gmt":"2024-11-29T07:18:56","slug":"may-hut-dao-malloca-indust-k140b-treo-doc-lap","status":"publish","type":"product","link":"https:\/\/livinghome.vn\/thiet-bi\/may-hut-dao-malloca-indust-k140b-treo-doc-lap\/","title":{"rendered":"M\u00e1y H\u00fat Kh\u00f3i Kh\u1eed M\u00f9i Malloca INDUST K140B Treo \u0110\u1ed9c L\u1eadp"},"content":{"rendered":"<h2>M\u00e1y H\u00fat Kh\u00f3i Kh\u1eed M\u00f9i Malloca INDUST K140B Treo \u0110\u1ed9c L\u1eadp<\/h2>\n<figure id=\"attachment_21241\" aria-describedby=\"caption-attachment-21241\" style=\"width: 900px\" class=\"wp-caption aligncenter\"><img loading=\"lazy\" decoding=\"async\" class=\"size-full wp-image-21241\" src=\"https:\/\/livinghome.vn\/thiet-bi\/wp-content\/uploads\/2024\/05\/may-hut-khoi-khu-mui-malloca-indust-k140b-3.jpg\" alt=\"M\u00e1y H\u00fat Kh\u00f3i Kh\u1eed M\u00f9i Malloca INDUST K140B Treo \u0110\u1ed9c L\u1eadp\" width=\"900\" height=\"900\" title=\"\" srcset=\"https:\/\/livinghome.vn\/thiet-bi\/wp-content\/uploads\/2024\/05\/may-hut-khoi-khu-mui-malloca-indust-k140b-3.jpg 900w, https:\/\/livinghome.vn\/thiet-bi\/wp-content\/uploads\/2024\/05\/may-hut-khoi-khu-mui-malloca-indust-k140b-3-400x400.jpg 400w, https:\/\/livinghome.vn\/thiet-bi\/wp-content\/uploads\/2024\/05\/may-hut-khoi-khu-mui-malloca-indust-k140b-3-800x800.jpg 800w, https:\/\/livinghome.vn\/thiet-bi\/wp-content\/uploads\/2024\/05\/may-hut-khoi-khu-mui-malloca-indust-k140b-3-280x280.jpg 280w, https:\/\/livinghome.vn\/thiet-bi\/wp-content\/uploads\/2024\/05\/may-hut-khoi-khu-mui-malloca-indust-k140b-3-768x768.jpg 768w, https:\/\/livinghome.vn\/thiet-bi\/wp-content\/uploads\/2024\/05\/may-hut-khoi-khu-mui-malloca-indust-k140b-3-300x300.jpg 300w, https:\/\/livinghome.vn\/thiet-bi\/wp-content\/uploads\/2024\/05\/may-hut-khoi-khu-mui-malloca-indust-k140b-3-600x600.jpg 600w, https:\/\/livinghome.vn\/thiet-bi\/wp-content\/uploads\/2024\/05\/may-hut-khoi-khu-mui-malloca-indust-k140b-3-100x100.jpg 100w\" sizes=\"auto, (max-width: 900px) 100vw, 900px\" \/><figcaption id=\"caption-attachment-21241\" class=\"wp-caption-text\">M\u00e1y H\u00fat Kh\u00f3i Kh\u1eed M\u00f9i Malloca INDUST K140B Treo \u0110\u1ed9c L\u1eadp<\/figcaption><\/figure>\n<h3>T\u00ednh n\u0103ng c\u01a1 b\u1ea3n<\/h3>\n<p>M\u00e1y h\u00fat kh\u00f3i kh\u1eed m\u00f9i \u2013 treo \u0111\u1ed9c l\u1eadp<\/p>\n<p>Ch\u1ea5t li\u1ec7u: K\u00ednh, Th\u00e9p s\u01a1n t\u0129nh \u0111i\u1ec7n<\/p>\n<p>\u0110i\u1ec1u khi\u1ec3n remote, 4 t\u1ed1c \u0111\u1ed9<\/p>\n<h3>Th\u00f4ng s\u1ed1 k\u1ef9 thu\u1eadt<\/h3>\n<p>\u0110\u00e8n LED 2 x 4.8W<\/p>\n<p>C\u00f4ng su\u1ea5t h\u00fat: 750m3\/h<\/p>\n<p>\u0110\u1ed9 \u1ed3n: 59dB<\/p>\n<p>C\u00f4ng su\u1ea5t: 229.6W<\/p>\n<p>K\u00edch th\u01b0\u1edbc: W1400 x D600 x H(965-1200)mm<\/p>\n<figure id=\"attachment_21240\" aria-describedby=\"caption-attachment-21240\" style=\"width: 900px\" class=\"wp-caption aligncenter\"><img loading=\"lazy\" decoding=\"async\" class=\"size-full wp-image-21240\" src=\"https:\/\/livinghome.vn\/thiet-bi\/wp-content\/uploads\/2024\/05\/may-hut-khoi-khu-mui-malloca-indust-k140b-2.jpg\" alt=\"M\u00e1y H\u00fat Kh\u00f3i Kh\u1eed M\u00f9i Malloca INDUST K140B Treo \u0110\u1ed9c L\u1eadp\" width=\"900\" height=\"900\" title=\"\" srcset=\"https:\/\/livinghome.vn\/thiet-bi\/wp-content\/uploads\/2024\/05\/may-hut-khoi-khu-mui-malloca-indust-k140b-2.jpg 900w, https:\/\/livinghome.vn\/thiet-bi\/wp-content\/uploads\/2024\/05\/may-hut-khoi-khu-mui-malloca-indust-k140b-2-400x400.jpg 400w, https:\/\/livinghome.vn\/thiet-bi\/wp-content\/uploads\/2024\/05\/may-hut-khoi-khu-mui-malloca-indust-k140b-2-800x800.jpg 800w, https:\/\/livinghome.vn\/thiet-bi\/wp-content\/uploads\/2024\/05\/may-hut-khoi-khu-mui-malloca-indust-k140b-2-280x280.jpg 280w, https:\/\/livinghome.vn\/thiet-bi\/wp-content\/uploads\/2024\/05\/may-hut-khoi-khu-mui-malloca-indust-k140b-2-768x768.jpg 768w, https:\/\/livinghome.vn\/thiet-bi\/wp-content\/uploads\/2024\/05\/may-hut-khoi-khu-mui-malloca-indust-k140b-2-300x300.jpg 300w, https:\/\/livinghome.vn\/thiet-bi\/wp-content\/uploads\/2024\/05\/may-hut-khoi-khu-mui-malloca-indust-k140b-2-600x600.jpg 600w, https:\/\/livinghome.vn\/thiet-bi\/wp-content\/uploads\/2024\/05\/may-hut-khoi-khu-mui-malloca-indust-k140b-2-100x100.jpg 100w\" sizes=\"auto, (max-width: 900px) 100vw, 900px\" \/><figcaption id=\"caption-attachment-21240\" class=\"wp-caption-text\">M\u00e1y H\u00fat Kh\u00f3i Kh\u1eed M\u00f9i Malloca INDUST K140B Treo \u0110\u1ed9c L\u1eadp<\/figcaption><\/figure>\n<h3>Xu\u1ea5t x\u1ee9: \u00dd<\/h3>\n<p>&nbsp;<\/p>\n","protected":false},"excerpt":{"rendered":"<h2>M\u00e1y H\u00fat Kh\u00f3i Kh\u1eed M\u00f9i Malloca INDUST K140B Treo \u0110\u1ed9c L\u1eadp<\/h2>\n<ul>\n<li>M\u00e0u s\u1eafc: k\u00ednh, Th\u00e9p s\u01a1n t\u0129nh \u0111i\u1ec7n<\/li>\n<li>\u0110i\u1ec1u khi\u1ec3n remote, 4 t\u1ed1c \u0111\u1ed9<\/li>\n<li>S\u1ee9c h\u00fat: 750m3\/h &#8211; \u0110\u1ed9 \u1ed3n: 59dB<\/li>\n<li>C\u00f4ng su\u1ea5t: 137W<\/li>\n<li>KT: W1400 x D600 x H(965-1200)mm<\/li>\n<\/ul>\n","protected":false},"featured_media":21239,"comment_status":"open","ping_status":"closed","template":"","meta":[],"product_brand":[],"product_cat":[84,274,262],"product_tag":[86,271],"class_list":{"0":"post-21228","1":"product","2":"type-product","3":"status-publish","4":"has-post-thumbnail","6":"product_cat-may-hut-mui","7":"product_cat-may-hut-mui-malloca","8":"product_cat-thuong-hieu-malloca","9":"product_tag-may-hut-mui","10":"product_tag-may-hut-mui-malloca","12":"first","13":"instock","14":"sale","15":"shipping-taxable","16":"purchasable","17":"product-type-simple"},"_links":{"self":[{"href":"https:\/\/livinghome.vn\/thiet-bi\/wp-json\/wp\/v2\/product\/21228","targetHints":{"allow":["GET"]}}],"collection":[{"href":"https:\/\/livinghome.vn\/thiet-bi\/wp-json\/wp\/v2\/product"}],"about":[{"href":"https:\/\/livinghome.vn\/thiet-bi\/wp-json\/wp\/v2\/types\/product"}],"replies":[{"embeddable":true,"href":"https:\/\/livinghome.vn\/thiet-bi\/wp-json\/wp\/v2\/comments?post=21228"}],"wp:featuredmedia":[{"embeddable":true,"href":"https:\/\/livinghome.vn\/thiet-bi\/wp-json\/wp\/v2\/media\/21239"}],"wp:attachment":[{"href":"https:\/\/livinghome.vn\/thiet-bi\/wp-json\/wp\/v2\/media?parent=21228"}],"wp:term":[{"taxonomy":"product_brand","embeddable":true,"href":"https:\/\/livinghome.vn\/thiet-bi\/wp-json\/wp\/v2\/product_brand?post=21228"},{"taxonomy":"product_cat","embeddable":true,"href":"https:\/\/livinghome.vn\/thiet-bi\/wp-json\/wp\/v2\/product_cat?post=21228"},{"taxonomy":"product_tag","embeddable":true,"href":"https:\/\/livinghome.vn\/thiet-bi\/wp-json\/wp\/v2\/product_tag?post=21228"}],"curies":[{"name":"wp","href":"https:\/\/api.w.org\/{rel}","templated":true}]}}