{"id":20876,"date":"2024-04-23T16:33:36","date_gmt":"2024-04-23T09:33:36","guid":{"rendered":"https:\/\/livinghome.vn\/thiet-bi\/?post_type=product&#038;p=20876"},"modified":"2024-11-29T14:18:57","modified_gmt":"2024-11-29T07:18:57","slug":"tu-lanh-mitsubishi-electric-inverter-mr-wx70c-br-v","status":"publish","type":"product","link":"https:\/\/livinghome.vn\/thiet-bi\/tu-lanh-mitsubishi-electric-inverter-mr-wx70c-br-v\/","title":{"rendered":"T\u1ee7 l\u1ea1nh Mitsubishi Electric Inverter MR-WX70C-BR-V"},"content":{"rendered":"<h2>T\u00ednh n\u0103ng n\u1ed5i b\u1eadt<\/h2>\n<h3>M\u00e0u s\u1eafc sang tr\u1ecdng<\/h3>\n<p>T\u1ee7 l\u1ea1nh Side By Side MR-WX70C-BR-V l\u00e0 m\u1ed9t s\u1ea3n ph\u1ea9m \u0111\u1eb3ng c\u1ea5p v\u1edbi thi\u1ebft k\u1ebf s\u00e1ng b\u00f3ng v\u00e0 m\u00e0u n\u00e2u \u00e1nh kim quy\u1ebfn r\u0169. \u0110i\u1ec3m nh\u1ea5n c\u1ee7a s\u1ea3n ph\u1ea9m l\u00e0 b\u1ec1 m\u1eb7t g\u01b0\u01a1ng l\u1ea5p l\u00e1nh, t\u1ea1o n\u00ean m\u1ed9t v\u1ebb \u0111\u1eb9p m\u1ec1m m\u1ea1i v\u00e0 tinh t\u1ebf, thu h\u00fat m\u1ecdi \u00e1nh nh\u00ecn.<\/p>\n<p class=\"_ilcss0_\"><img loading=\"lazy\" decoding=\"async\" class=\"alignnone size-full wp-image-20884\" src=\"https:\/\/livinghome.vn\/thiet-bi\/wp-content\/uploads\/2024\/04\/tu-lanh-mitsubishi-mr-wx70c-br-v-2.jpg\" alt=\"\" width=\"1200\" height=\"900\" title=\"\" srcset=\"https:\/\/livinghome.vn\/thiet-bi\/wp-content\/uploads\/2024\/04\/tu-lanh-mitsubishi-mr-wx70c-br-v-2.jpg 1200w, https:\/\/livinghome.vn\/thiet-bi\/wp-content\/uploads\/2024\/04\/tu-lanh-mitsubishi-mr-wx70c-br-v-2-533x400.jpg 533w, https:\/\/livinghome.vn\/thiet-bi\/wp-content\/uploads\/2024\/04\/tu-lanh-mitsubishi-mr-wx70c-br-v-2-1067x800.jpg 1067w, https:\/\/livinghome.vn\/thiet-bi\/wp-content\/uploads\/2024\/04\/tu-lanh-mitsubishi-mr-wx70c-br-v-2-768x576.jpg 768w, https:\/\/livinghome.vn\/thiet-bi\/wp-content\/uploads\/2024\/04\/tu-lanh-mitsubishi-mr-wx70c-br-v-2-600x450.jpg 600w\" sizes=\"auto, (max-width: 1200px) 100vw, 1200px\" \/><\/p>\n<h3 class=\"_ilcss0_\">C\u1ea5u t\u1ea1o<\/h3>\n<p>V\u1edbi dung t\u00edch t\u1ed5ng l\u00ean \u0111\u1ebfn 694 l\u00edt, t\u1ee7 l\u1ea1nh Mitsubishi cung c\u1ea5p kh\u00f4ng gian b\u1ea3o qu\u1ea3n r\u1ed9ng r\u00e3i cho m\u1ecdi nhu c\u1ea7u c\u1ee7a gia \u0111\u00ecnh. V\u1edbi kh\u1ea3 n\u0103ng ch\u1ee9a l\u01b0\u1ee3ng l\u1edbn th\u1ef1c ph\u1ea9m, b\u1ea1n c\u00f3 th\u1ec3 an t\u00e2m s\u1eafp x\u1ebfp v\u00e0 b\u1ea3o qu\u1ea3n ch\u00fang m\u00e0 kh\u00f4ng c\u1ea7n ph\u1ea3i mua s\u1eafm h\u00e0ng ng\u00e0y. \u0110\u1eb7c bi\u1ec7t, v\u1edbi dung t\u00edch n\u00e0y, t\u1ee7 l\u1ea1nh Mitsubishi 694 l\u00edt l\u00e0 l\u1ef1a ch\u1ecdn ho\u00e0n h\u1ea3o cho c\u00e1c gia \u0111\u00ecnh c\u00f3 tr\u00ean 6 th\u00e0nh vi\u00ean.<\/p>\n<p class=\"_ilcss0_\"><img loading=\"lazy\" decoding=\"async\" class=\"alignnone size-full wp-image-20882\" src=\"https:\/\/livinghome.vn\/thiet-bi\/wp-content\/uploads\/2024\/04\/tu-lanh-mitsubishi-mr-wx70c-br-v-3.jpg\" alt=\"\" width=\"1200\" height=\"900\" title=\"\" srcset=\"https:\/\/livinghome.vn\/thiet-bi\/wp-content\/uploads\/2024\/04\/tu-lanh-mitsubishi-mr-wx70c-br-v-3.jpg 1200w, https:\/\/livinghome.vn\/thiet-bi\/wp-content\/uploads\/2024\/04\/tu-lanh-mitsubishi-mr-wx70c-br-v-3-533x400.jpg 533w, https:\/\/livinghome.vn\/thiet-bi\/wp-content\/uploads\/2024\/04\/tu-lanh-mitsubishi-mr-wx70c-br-v-3-1067x800.jpg 1067w, https:\/\/livinghome.vn\/thiet-bi\/wp-content\/uploads\/2024\/04\/tu-lanh-mitsubishi-mr-wx70c-br-v-3-768x576.jpg 768w, https:\/\/livinghome.vn\/thiet-bi\/wp-content\/uploads\/2024\/04\/tu-lanh-mitsubishi-mr-wx70c-br-v-3-600x450.jpg 600w\" sizes=\"auto, (max-width: 1200px) 100vw, 1200px\" \/><\/p>\n<p class=\"_ilcss0_\">T\u1ee7 l\u1ea1nh c\u00f3 ng\u0103n \u0111\u00f4ng d\u01b0\u1edbi<\/p>\n<h3>B\u1ea3ng \u0111i\u1ec1u khi\u1ec3n c\u1ea3m \u1ee9ng<\/h3>\n<p>T\u1ee7 l\u1ea1nh \u0111\u01b0\u1ee3c trang b\u1ecb b\u1ea3ng \u0111i\u1ec1u khi\u1ec3n c\u1ea3m \u1ee9ng hi\u1ec7n \u0111\u1ea1i, \u0111\u01b0\u1ee3c \u0111\u1eb7t \u1edf ph\u00eda tr\u01b0\u1edbc c\u1ee7a c\u1eeda t\u1ee7, gi\u00fap b\u1ea1n d\u1ec5 d\u00e0ng \u0111i\u1ec1u ch\u1ec9nh nhi\u1ec7t \u0111\u1ed9 v\u00e0 c\u00e1c ch\u1ee9c n\u0103ng m\u1ed9t c\u00e1ch nhanh ch\u00f3ng v\u00e0 nh\u1ea1y b\u00e9n.<\/p>\n<p class=\"_ilcss0_\"><img loading=\"lazy\" decoding=\"async\" class=\"alignnone size-full wp-image-20880\" src=\"https:\/\/livinghome.vn\/thiet-bi\/wp-content\/uploads\/2024\/04\/tu-lanh-mitsubishi-mr-wx70c-br-v-6.jpg\" alt=\"\" width=\"1200\" height=\"718\" title=\"\" srcset=\"https:\/\/livinghome.vn\/thiet-bi\/wp-content\/uploads\/2024\/04\/tu-lanh-mitsubishi-mr-wx70c-br-v-6.jpg 1200w, https:\/\/livinghome.vn\/thiet-bi\/wp-content\/uploads\/2024\/04\/tu-lanh-mitsubishi-mr-wx70c-br-v-6-669x400.jpg 669w, https:\/\/livinghome.vn\/thiet-bi\/wp-content\/uploads\/2024\/04\/tu-lanh-mitsubishi-mr-wx70c-br-v-6-768x460.jpg 768w, https:\/\/livinghome.vn\/thiet-bi\/wp-content\/uploads\/2024\/04\/tu-lanh-mitsubishi-mr-wx70c-br-v-6-600x359.jpg 600w\" sizes=\"auto, (max-width: 1200px) 100vw, 1200px\" \/><\/p>\n<p class=\"_ilcss0_\">B\u1ea3ng \u0111i\u1ec1u khi\u1ec3n c\u1ea3m \u1ee9ng<\/p>\n<h3>C\u00f4ng ngh\u1ec7 Neuro Inverter<img loading=\"lazy\" decoding=\"async\" class=\"alignnone size-full wp-image-20877\" src=\"https:\/\/livinghome.vn\/thiet-bi\/wp-content\/uploads\/2024\/04\/tu-lanh-mitsubishi-mr-wx70c-br-v-5.jpg\" alt=\"\" width=\"1200\" height=\"900\" title=\"\" srcset=\"https:\/\/livinghome.vn\/thiet-bi\/wp-content\/uploads\/2024\/04\/tu-lanh-mitsubishi-mr-wx70c-br-v-5.jpg 1200w, https:\/\/livinghome.vn\/thiet-bi\/wp-content\/uploads\/2024\/04\/tu-lanh-mitsubishi-mr-wx70c-br-v-5-533x400.jpg 533w, https:\/\/livinghome.vn\/thiet-bi\/wp-content\/uploads\/2024\/04\/tu-lanh-mitsubishi-mr-wx70c-br-v-5-1067x800.jpg 1067w, https:\/\/livinghome.vn\/thiet-bi\/wp-content\/uploads\/2024\/04\/tu-lanh-mitsubishi-mr-wx70c-br-v-5-768x576.jpg 768w, https:\/\/livinghome.vn\/thiet-bi\/wp-content\/uploads\/2024\/04\/tu-lanh-mitsubishi-mr-wx70c-br-v-5-600x450.jpg 600w\" sizes=\"auto, (max-width: 1200px) 100vw, 1200px\" \/><\/h3>\n<p>T\u1ee7 l\u1ea1nh Mitsubishi Electric Inverter MR-WX70C-BR-V s\u1eed d\u1ee5ng c\u00f4ng ngh\u1ec7 ti\u00ean ti\u1ebfn Neuro Inverter, bao g\u1ed3m vi x\u1eed l\u00fd Neuro Fuzzy, \u0111\u1ec3 \u0111i\u1ec1u khi\u1ec3n ho\u1ea1t \u0111\u1ed9ng c\u1ee7a m\u00e1y n\u00e9n Inverter v\u00e0 t\u1ed1c \u0111\u1ed9 qu\u1ea1t. Vi x\u1eed l\u00fd n\u00e0y t\u1ef1 \u0111\u1ed9ng h\u1ecdc v\u00e0 ghi nh\u1edb th\u00f3i quen s\u1eed d\u1ee5ng c\u1ee7a ng\u01b0\u1eddi d\u00f9ng, nh\u01b0 t\u1ea7n su\u1ea5t m\u1edf\/c\u1eeda t\u1ee7, l\u01b0\u1ee3ng th\u1ef1c ph\u1ea9m, v\u00e0 nhi\u1ec7t \u0111\u1ed9 m\u00f4i tr\u01b0\u1eddng trong t\u1eebng kho\u1ea3ng th\u1eddi gian kh\u00e1c nhau. D\u1ef1a tr\u00ean th\u00f4ng tin n\u00e0y, t\u1ee7 \u0111i\u1ec1u ch\u1ec9nh c\u00f4ng su\u1ea5t l\u00e0m l\u1ea1nh \u0111\u1ec3 \u0111\u1ea3m b\u1ea3o hi\u1ec7u qu\u1ea3 l\u00e0m l\u1ea1nh t\u1ed1i \u01b0u v\u00e0 ti\u1ebft ki\u1ec7m \u0111i\u1ec7n n\u0103ng. C\u00f4ng ngh\u1ec7 Inverter c\u0169ng gi\u00fap t\u1ee7 ho\u1ea1t \u0111\u1ed9ng \u00eam \u00e1i v\u00e0 \u0111\u00e1ng tin c\u1eady h\u01a1n, t\u0103ng tu\u1ed5i th\u1ecd v\u00e0 hi\u1ec7u su\u1ea5t s\u1eed d\u1ee5ng.<\/p>\n<p class=\"_ilcss0_\"><img loading=\"lazy\" decoding=\"async\" class=\"alignnone size-full wp-image-20881\" src=\"https:\/\/livinghome.vn\/thiet-bi\/wp-content\/uploads\/2024\/04\/tu-lanh-mitsubishi-mr-wx70c-br-v-7.jpg\" alt=\"\" width=\"1200\" height=\"900\" title=\"\" srcset=\"https:\/\/livinghome.vn\/thiet-bi\/wp-content\/uploads\/2024\/04\/tu-lanh-mitsubishi-mr-wx70c-br-v-7.jpg 1200w, https:\/\/livinghome.vn\/thiet-bi\/wp-content\/uploads\/2024\/04\/tu-lanh-mitsubishi-mr-wx70c-br-v-7-533x400.jpg 533w, https:\/\/livinghome.vn\/thiet-bi\/wp-content\/uploads\/2024\/04\/tu-lanh-mitsubishi-mr-wx70c-br-v-7-1067x800.jpg 1067w, https:\/\/livinghome.vn\/thiet-bi\/wp-content\/uploads\/2024\/04\/tu-lanh-mitsubishi-mr-wx70c-br-v-7-768x576.jpg 768w, https:\/\/livinghome.vn\/thiet-bi\/wp-content\/uploads\/2024\/04\/tu-lanh-mitsubishi-mr-wx70c-br-v-7-600x450.jpg 600w\" sizes=\"auto, (max-width: 1200px) 100vw, 1200px\" \/><\/p>\n<p class=\"_ilcss0_\">T\u1ee7 l\u1ea1nh ti\u1ebft ki\u1ec7m \u0111i\u1ec7n<\/p>\n<h3>C\u00f4ng ngh\u1ec7 l\u00e0m l\u1ea1nh \u0111a chi\u1ec1u<\/h3>\n<p>C\u00f4ng ngh\u1ec7 l\u00e0m l\u1ea1nh \u0111a chi\u1ec1u t\u1ed1i \u01b0u h\u00f3a qu\u00e1 tr\u00ecnh l\u00e0m l\u1ea1nh, \u0111\u1ea3m b\u1ea3o r\u1eb1ng h\u01a1i l\u1ea1nh \u0111\u01b0\u1ee3c ph\u00e2n ph\u1ed1i \u0111\u1ec1u kh\u1eafp m\u1ecdi ng\u00f3c ng\u00e1ch trong t\u1ee7. \u0110i\u1ec1u n\u00e0y gi\u00fap b\u1ea3o qu\u1ea3n th\u1ef1c ph\u1ea9m m\u1ed9t c\u00e1ch \u0111\u1ed3ng \u0111\u1ec1u v\u00e0 hi\u1ec7u qu\u1ea3, gi\u1eef cho ch\u00fang lu\u00f4n t\u01b0\u01a1i ngon trong th\u1eddi gian d\u00e0i.n<\/p>\n<p><span style=\"font-size: 20.16px;color: #333333\">Ng\u0103n c\u1ea5p \u0111\u00f4ng m\u1ec1m<\/span><\/p>\n<p>T\u1ee7 l\u1ea1nh \u0111\u01b0\u1ee3c trang b\u1ecb ng\u0103n \u0111\u00f4ng m\u1ec1m v\u1edbi nhi\u1ec7t \u0111\u1ed9 t\u1eeb -3 \u0111\u1ed9 C \u0111\u1ebfn 0 \u0111\u1ed9 C, gi\u00fap b\u1ea3o qu\u1ea3n th\u1ef1c ph\u1ea9m lu\u00f4n gi\u1eef \u0111\u01b0\u1ee3c h\u01b0\u01a1ng v\u1ecb v\u00e0 m\u00e0u s\u1eafc nh\u01b0 m\u1edbi mua. Kh\u00f4ng ch\u1ec9 v\u1eady, ng\u0103n \u0111\u00f4ng m\u1ec1m c\u00f2n ng\u0103n ch\u1eb7n hi\u1ec7n t\u01b0\u1ee3ng \u0111\u00f3ng b\u0103ng, gi\u00fap ti\u1ebft ki\u1ec7m th\u1eddi gian v\u00e0 c\u00f4ng s\u1ee9c cho vi\u1ec7c r\u00e3 \u0111\u00f4ng.<\/p>\n<p class=\"_ilcss0_\"><img loading=\"lazy\" decoding=\"async\" class=\"alignnone size-full wp-image-20879\" src=\"https:\/\/livinghome.vn\/thiet-bi\/wp-content\/uploads\/2024\/04\/tu-lanh-mitsubishi-mr-wx70c-br-v-8.jpg\" alt=\"\" width=\"1200\" height=\"666\" title=\"\" srcset=\"https:\/\/livinghome.vn\/thiet-bi\/wp-content\/uploads\/2024\/04\/tu-lanh-mitsubishi-mr-wx70c-br-v-8.jpg 1200w, https:\/\/livinghome.vn\/thiet-bi\/wp-content\/uploads\/2024\/04\/tu-lanh-mitsubishi-mr-wx70c-br-v-8-721x400.jpg 721w, https:\/\/livinghome.vn\/thiet-bi\/wp-content\/uploads\/2024\/04\/tu-lanh-mitsubishi-mr-wx70c-br-v-8-768x426.jpg 768w, https:\/\/livinghome.vn\/thiet-bi\/wp-content\/uploads\/2024\/04\/tu-lanh-mitsubishi-mr-wx70c-br-v-8-600x333.jpg 600w\" sizes=\"auto, (max-width: 1200px) 100vw, 1200px\" \/><\/p>\n<p class=\"_ilcss0_\">T\u1ee7 l\u1ea1nh b\u1ea3o qu\u1ea3n th\u1ef1c ph\u1ea9m lu\u00f4n t\u01b0\u01a1i ngon<\/p>\n<h3>Kh\u00e1ng khu\u1ea9n, kh\u1eed m\u00f9i<\/h3>\n<p>T\u1ee7 l\u1ea1nh n\u00e0y \u0111\u01b0\u1ee3c t\u00edch h\u1ee3p v\u1edbi c\u00f4ng ngh\u1ec7 kh\u00e1ng khu\u1ea9n s\u1eed d\u1ee5ng ph\u00e2n t\u1eed b\u1ea1c, gi\u00fap ng\u0103n ch\u1eb7n s\u1ef1 ph\u00e1t tri\u1ec3n c\u1ee7a vi khu\u1ea9n b\u00ean trong, duy tr\u00ec m\u00f4i tr\u01b0\u1eddng b\u1ea3o qu\u1ea3n s\u1ea1ch s\u1ebd. B\u00ean c\u1ea1nh \u0111\u00f3, t\u1ee7 c\u0169ng \u0111\u01b0\u1ee3c trang b\u1ecb b\u1ed9 l\u1ecdc Cacbon ho\u1ea1t t\u00ednh, lo\u1ea1i b\u1ecf hi\u1ec7u qu\u1ea3 vi khu\u1ea9n v\u00e0 m\u00f9i kh\u00f3 ch\u1ecbu, \u0111\u1ea3m b\u1ea3o th\u1ef1c ph\u1ea9m \u0111\u01b0\u1ee3c b\u1ea3o qu\u1ea3n kh\u00f4ng ch\u1ec9 t\u01b0\u01a1i ngon m\u00e0 c\u00f2n kh\u00f4ng l\u1eabn m\u00f9i, gi\u1eef v\u1ecb ngon \u0111\u00fang chu\u1ea9n.<\/p>\n<h3>Ng\u0103n rau c\u1ee7 r\u1ed9ng r\u00e3i<\/h3>\n<p>Ng\u0103n rau c\u1ee7 c\u1ee7a t\u1ee7 l\u1ea1nh \u0111\u01b0\u1ee3c thi\u1ebft k\u1ebf th\u00f4ng minh v\u1edbi hai khay ri\u00eang bi\u1ec7t, cho ph\u00e9p b\u1ea1n d\u1ec5 d\u00e0ng ph\u00e2n lo\u1ea1i v\u00e0 t\u00ecm ki\u1ebfm th\u1ef1c ph\u1ea9m m\u1ed9t c\u00e1ch nhanh ch\u00f3ng. \u0110\u1eb7c bi\u1ec7t, ng\u0103n n\u00e0y c\u00f2n \u0111\u01b0\u1ee3c trang b\u1ecb \u0111\u00e8n LED m\u00e0u v\u00e0ng cam gi\u1ea3 l\u1eadp \u00e1nh s\u00e1ng m\u1eb7t tr\u1eddi, h\u1ed7 tr\u1ee3 qu\u00e1 tr\u00ecnh quang h\u1ee3p, t\u1eeb \u0111\u00f3 n\u00e2ng cao h\u00e0m l\u01b0\u1ee3ng vitamin C v\u00e0 gi\u1eef cho rau c\u1ee7 lu\u00f4n t\u01b0\u01a1i ngon v\u00e0 gi\u00e0u dinh d\u01b0\u1ee1ng.<\/p>\n<h3>L\u00e0m \u0111\u00e1 t\u1ef1 \u0111\u1ed9ng<\/h3>\n<p>T\u1ee7 l\u1ea1nh n\u00e0y t\u00edch h\u1ee3p h\u1ec7 th\u1ed1ng l\u00e0m \u0111\u00e1 t\u1ef1 \u0111\u1ed9ng hi\u1ec7u qu\u1ea3, ch\u1ec9 c\u1ea7n b\u1ea1n \u0111\u1ed5 n\u01b0\u1edbc v\u00e0o khay ch\u1ee9a, \u0111\u00e1 s\u1ebd \u0111\u01b0\u1ee3c s\u1ea3n xu\u1ea5t t\u1ef1 \u0111\u1ed9ng v\u00e0 t\u1ef1 \u0111\u1ed9ng chuy\u1ec3n v\u00e0o h\u1ed9p ch\u1ee9a, gi\u00fap b\u1ea1n lu\u00f4n c\u00f3 s\u1eb5n \u0111\u00e1 vi\u00ean s\u1eed d\u1ee5ng b\u1ea5t c\u1ee9 khi n\u00e0o c\u1ea7n. H\u01a1n n\u1eefa, khay \u0111\u00e1 \u0111\u01b0\u1ee3c tr\u00e1ng m\u1ed9t l\u1edbp kh\u00e1ng khu\u1ea9n \u0111\u1ec3 \u0111\u1ea3m b\u1ea3o \u0111\u00e1 lu\u00f4n tinh khi\u1ebft. C\u00e1c b\u1ed9 ph\u1eadn nh\u01b0 khay \u0111\u00e1, \u1ed1ng d\u1eabn n\u01b0\u1edbc, v\u00e0 b\u1ed9 l\u1ecdc \u0111\u1ec1u c\u00f3 th\u1ec3 th\u00e1o r\u1eddi, gi\u00fap vi\u1ec7c v\u1ec7 sinh tr\u1edf n\u00ean thu\u1eadn ti\u1ec7n v\u00e0 d\u1ec5 d\u00e0ng.<\/p>\n<h3>Khay k\u00ednh ch\u1ecbu l\u1ef1c<\/h3>\n<p>Mitsubishi MR-WX70C-BR-V \u0111\u01b0\u1ee3c thi\u1ebft k\u1ebf v\u1edbi c\u00e1c khay k\u1ec7 b\u1eb1ng k\u00ednh ch\u1ecbu l\u1ef1c, kh\u00f4ng ch\u1ec9 b\u1ec1n b\u1ec9 m\u00e0 c\u00f2n d\u1ec5 d\u00e0ng lau ch\u00f9i. Ng\u0103n k\u1ec7 c\u00f3 t\u00ednh n\u0103ng \u0111i\u1ec1u ch\u1ec9nh v\u00e0 d\u1ec5 d\u00e0ng di chuy\u1ec3n, cho ph\u00e9p b\u1ea1n linh ho\u1ea1t s\u1eafp x\u1ebfp kh\u00f4ng gian b\u1ea3o qu\u1ea3n th\u1ef1c ph\u1ea9m theo nhu c\u1ea7u.<\/p>\n<p class=\"_ilcss0_\"><img loading=\"lazy\" decoding=\"async\" class=\"alignnone size-full wp-image-20881\" src=\"https:\/\/livinghome.vn\/thiet-bi\/wp-content\/uploads\/2024\/04\/tu-lanh-mitsubishi-mr-wx70c-br-v-7.jpg\" alt=\"\" width=\"1200\" height=\"900\" title=\"\" srcset=\"https:\/\/livinghome.vn\/thiet-bi\/wp-content\/uploads\/2024\/04\/tu-lanh-mitsubishi-mr-wx70c-br-v-7.jpg 1200w, https:\/\/livinghome.vn\/thiet-bi\/wp-content\/uploads\/2024\/04\/tu-lanh-mitsubishi-mr-wx70c-br-v-7-533x400.jpg 533w, https:\/\/livinghome.vn\/thiet-bi\/wp-content\/uploads\/2024\/04\/tu-lanh-mitsubishi-mr-wx70c-br-v-7-1067x800.jpg 1067w, https:\/\/livinghome.vn\/thiet-bi\/wp-content\/uploads\/2024\/04\/tu-lanh-mitsubishi-mr-wx70c-br-v-7-768x576.jpg 768w, https:\/\/livinghome.vn\/thiet-bi\/wp-content\/uploads\/2024\/04\/tu-lanh-mitsubishi-mr-wx70c-br-v-7-600x450.jpg 600w\" sizes=\"auto, (max-width: 1200px) 100vw, 1200px\" \/><\/p>\n<p class=\"_ilcss0_\">T\u1ee7 l\u1ea1nh c\u00f3 6 c\u1eeda<\/p>\n<p class=\"_ilcss0_\">T\u1ee7 l\u1ea1nh s\u1edf h\u1eefu m\u00e0u s\u1eafc sang tr\u1ecdng<\/p>\n<p><b>L\u01b0u \u00fd: <\/b>H\u00ecnh \u1ea3nh s\u1ea3n ph\u1ea9m ch\u1ec9 c\u00f3 t\u00ednh ch\u1ea5t minh h\u1ecda<\/p>\n","protected":false},"excerpt":{"rendered":"<p>Ki\u1ec3u t\u1ee7 l\u1ea1nh: Multidoor<\/p>\n<p>Dung t\u00edch s\u1eed d\u1ee5ng: 694 l\u00edt<\/p>\n<p>Dung t\u00edch ng\u0103n \u0111\u00e1: 116 l\u00edt<\/p>\n<p>C\u00f4ng ngh\u1ec7 Inverter: C\u00f3<\/p>\n<p>Kh\u00e1ng khu\u1ea9n, kh\u1eed m\u00f9i: C\u00f3<\/p>\n<p>S\u1ed1 c\u1eeda: 6 c\u1eeda<\/p>\n<p>C\u00f4ng ngh\u1ec7 l\u00e0m l\u1ea1nh: L\u00e0m l\u1ea1nh \u0111a chi\u1ec1u<\/p>\n<p>Ti\u1ec7n \u00edch: L\u00e0m \u0111\u00e1 t\u1ef1 \u0111\u1ed9ng,\u00a0Ng\u0103n \u0111\u00e1 d\u01b0\u1edbi,\u00a0Ng\u0103n \u0111\u00f4ng m\u1ec1m<\/p>\n<p>\u0110i\u1ec7n n\u0103ng ti\u00eau th\u1ee5: 1.29 kWh\/ng\u00e0y<\/p>\n<p>Ch\u1ea5t li\u1ec7u: C\u1eeda t\u1ee7\u00a0(M\u1eb7t k\u00ednh c\u01b0\u1eddng l\u1ef1c)<\/p>\n<p>\u0110\u00f3ng tuy\u1ebft: Kh\u00f4ng<\/p>\n<p>Ch\u1ea5t li\u1ec7u khay: Khay k\u00ednh ch\u1ecbu l\u1ef1c<\/p>\n<p>Ngu\u1ed3n \u0111i\u1ec7n \u00e1p: 220V\/50Hz<\/p>\n<p>M\u00e0u s\u1eafc: n\u00e2u \u00e1nh kim<\/p>\n<p>K\u00edch th\u01b0\u1edbc: Cao x r\u1ed9ng x s\u00e2u\u00a0(182.1cm x 80cm x 73.8cm)<\/p>\n<p>Tr\u1ecdng l\u01b0\u1ee3ng s\u1ea3n ph\u1ea9m: 149kg<\/p>\n<p>Xu\u1ea5t x\u1ee9 th\u01b0\u01a1ng hi\u1ec7u: Nh\u1eadt B\u1ea3n<\/p>\n<p>S\u1ea3n xu\u1ea5t t\u1ea1i: Nh\u1eadt B\u1ea3n<\/p>\n<p>&nbsp;<\/p>\n","protected":false},"featured_media":21168,"comment_status":"open","ping_status":"closed","template":"","meta":[],"product_brand":[],"product_cat":[1992,201,1990],"product_tag":[],"class_list":{"0":"post-20876","1":"product","2":"type-product","3":"status-publish","4":"has-post-thumbnail","6":"product_cat-thuong-hieu-mitsubishi-electric","7":"product_cat-tu-lanh","8":"product_cat-tu-lanh-mitsubishi-electric","10":"first","11":"instock","12":"sale","13":"shipping-taxable","14":"purchasable","15":"product-type-simple"},"_links":{"self":[{"href":"https:\/\/livinghome.vn\/thiet-bi\/wp-json\/wp\/v2\/product\/20876","targetHints":{"allow":["GET"]}}],"collection":[{"href":"https:\/\/livinghome.vn\/thiet-bi\/wp-json\/wp\/v2\/product"}],"about":[{"href":"https:\/\/livinghome.vn\/thiet-bi\/wp-json\/wp\/v2\/types\/product"}],"replies":[{"embeddable":true,"href":"https:\/\/livinghome.vn\/thiet-bi\/wp-json\/wp\/v2\/comments?post=20876"}],"wp:featuredmedia":[{"embeddable":true,"href":"https:\/\/livinghome.vn\/thiet-bi\/wp-json\/wp\/v2\/media\/21168"}],"wp:attachment":[{"href":"https:\/\/livinghome.vn\/thiet-bi\/wp-json\/wp\/v2\/media?parent=20876"}],"wp:term":[{"taxonomy":"product_brand","embeddable":true,"href":"https:\/\/livinghome.vn\/thiet-bi\/wp-json\/wp\/v2\/product_brand?post=20876"},{"taxonomy":"product_cat","embeddable":true,"href":"https:\/\/livinghome.vn\/thiet-bi\/wp-json\/wp\/v2\/product_cat?post=20876"},{"taxonomy":"product_tag","embeddable":true,"href":"https:\/\/livinghome.vn\/thiet-bi\/wp-json\/wp\/v2\/product_tag?post=20876"}],"curies":[{"name":"wp","href":"https:\/\/api.w.org\/{rel}","templated":true}]}}