{"id":20737,"date":"2024-04-22T16:27:47","date_gmt":"2024-04-22T09:27:47","guid":{"rendered":"https:\/\/livinghome.vn\/thiet-bi\/?post_type=product&#038;p=20737"},"modified":"2024-11-29T14:18:58","modified_gmt":"2024-11-29T07:18:58","slug":"tu-lanh-mitsubishi-electric-inverter-365-lit-mr-cx46er-brw-v","status":"publish","type":"product","link":"https:\/\/livinghome.vn\/thiet-bi\/tu-lanh-mitsubishi-electric-inverter-365-lit-mr-cx46er-brw-v\/","title":{"rendered":"T\u1ee7 l\u1ea1nh Mitsubishi Electric Inverter 365 l\u00edt MR-CX46ER-BRW-V"},"content":{"rendered":"<h2>Gi\u1edbi thi\u1ec7u v\u1ec1 t\u1ee7 l\u1ea1nh Mitsubishi Electric Inverter 365 l\u00edt MR-CX46ER-BRW-V<\/h2>\n<figure id=\"attachment_20752\" aria-describedby=\"caption-attachment-20752\" style=\"width: 800px\" class=\"wp-caption aligncenter\"><img loading=\"lazy\" decoding=\"async\" class=\"size-full wp-image-20752\" src=\"https:\/\/livinghome.vn\/thiet-bi\/wp-content\/uploads\/2024\/04\/tu-lanh-mitsubishi-electric-inverter-365-lit-mr-cx46er-brw-v-1.jpg\" alt=\"T\u1ee7 l\u1ea1nh Mitsubishi Electric Inverter 365 l\u00edt MR-CX46ER-BRW-V\" width=\"800\" height=\"800\" title=\"\" srcset=\"https:\/\/livinghome.vn\/thiet-bi\/wp-content\/uploads\/2024\/04\/tu-lanh-mitsubishi-electric-inverter-365-lit-mr-cx46er-brw-v-1.jpg 800w, https:\/\/livinghome.vn\/thiet-bi\/wp-content\/uploads\/2024\/04\/tu-lanh-mitsubishi-electric-inverter-365-lit-mr-cx46er-brw-v-1-400x400.jpg 400w, https:\/\/livinghome.vn\/thiet-bi\/wp-content\/uploads\/2024\/04\/tu-lanh-mitsubishi-electric-inverter-365-lit-mr-cx46er-brw-v-1-280x280.jpg 280w, https:\/\/livinghome.vn\/thiet-bi\/wp-content\/uploads\/2024\/04\/tu-lanh-mitsubishi-electric-inverter-365-lit-mr-cx46er-brw-v-1-768x768.jpg 768w, https:\/\/livinghome.vn\/thiet-bi\/wp-content\/uploads\/2024\/04\/tu-lanh-mitsubishi-electric-inverter-365-lit-mr-cx46er-brw-v-1-300x300.jpg 300w, https:\/\/livinghome.vn\/thiet-bi\/wp-content\/uploads\/2024\/04\/tu-lanh-mitsubishi-electric-inverter-365-lit-mr-cx46er-brw-v-1-600x600.jpg 600w, https:\/\/livinghome.vn\/thiet-bi\/wp-content\/uploads\/2024\/04\/tu-lanh-mitsubishi-electric-inverter-365-lit-mr-cx46er-brw-v-1-100x100.jpg 100w\" sizes=\"auto, (max-width: 800px) 100vw, 800px\" \/><figcaption id=\"caption-attachment-20752\" class=\"wp-caption-text\">T\u1ee7 l\u1ea1nh Mitsubishi Electric Inverter 365 l\u00edt MR-CX46ER-BRW-V<\/figcaption><\/figure>\n<h2>\u01afu \u0111i\u1ec3m c\u1ee7a t\u1ee7 l\u1ea1nh Mitsubishi Electric Inverter 365 l\u00edt MR-CX46ER-BRW-V<\/h2>\n<p>T\u1ee7 l\u1ea1nh Mitsubishi Electric Inverter MR-CX46ER-BRW-V (dung t\u00edch 365 l\u00edt) c\u00f3 nhi\u1ec1u \u01b0u \u0111i\u1ec3m:<\/p>\n<ul>\n<li>Thi\u1ebft k\u1ebf sang tr\u1ecdng, hi\u1ec7n \u0111\u1ea1i, l\u00e0m t\u00f4n l\u00ean v\u1ebb \u0111\u1eb9p c\u1ee7a kh\u00f4ng gian b\u1ebfp.<\/li>\n<li>Dung t\u00edch ph\u00f9 h\u1ee3p cho gia \u0111\u00ecnh t\u1eeb 3 &#8211; 5 ng\u01b0\u1eddi.<\/li>\n<li>C\u00f3 3 ng\u0103n v\u1edbi ch\u1ee9c n\u0103ng b\u1ea3o qu\u1ea3n kh\u00e1c nhau, gi\u00fap d\u1ec5 d\u00e0ng ph\u00e2n lo\u1ea1i v\u00e0 b\u1ea3o qu\u1ea3n th\u1ef1c ph\u1ea9m.<\/li>\n<li>Ng\u0103n \u01b0\u1edbp l\u1ea1nh m\u1ec1m trong 7 ng\u00e0y, gi\u1eef th\u1ef1c ph\u1ea9m t\u01b0\u01a1i ngon m\u00e0 kh\u00f4ng b\u1ecb \u0111\u00f3ng b\u0103ng.<\/li>\n<li>H\u1ec7 th\u1ed1ng l\u00e0m \u0111\u00e1 t\u1ef1 \u0111\u1ed9ng ti\u1ec7n l\u1ee3i v\u00e0 d\u1ec5 v\u1ec7 sinh.<\/li>\n<li>L\u00e0m l\u1ea1nh \u0111a chi\u1ec1u ph\u00e2n ph\u1ed1i h\u01a1i l\u1ea1nh \u0111\u1ed3ng \u0111\u1ec1u kh\u1eafp t\u1ee7.<\/li>\n<li>C\u00f4ng ngh\u1ec7 Neuro Inverter gi\u00fap ti\u1ebft ki\u1ec7m \u0111i\u1ec7n v\u00e0 t\u0103ng \u0111\u1ed9 b\u1ec1n b\u1ec9 cho t\u1ee7.<\/li>\n<li>C\u00f4ng ngh\u1ec7 than ho\u1ea1t t\u00ednh Carbon kh\u1eed m\u00f9i kh\u00f4ng gian t\u1ee7.<\/li>\n<li>Ng\u0103n rau c\u1ee7 gi\u1eef \u1ea9m, b\u1ea3o qu\u1ea3n th\u1ef1c ph\u1ea9m l\u00e2u h\u01a1n.<\/li>\n<li>Th\u00e0nh t\u1ee7 ph\u1ee7 l\u1edbp kh\u00e1ng khu\u1ea9n gi\u1ea3m thi\u1ec3u s\u1ef1 ph\u00e1t tri\u1ec3n c\u1ee7a vi khu\u1ea9n.<\/li>\n<\/ul>\n<figure id=\"attachment_20751\" aria-describedby=\"caption-attachment-20751\" style=\"width: 800px\" class=\"wp-caption aligncenter\"><img loading=\"lazy\" decoding=\"async\" class=\"size-full wp-image-20751\" src=\"https:\/\/livinghome.vn\/thiet-bi\/wp-content\/uploads\/2024\/04\/tu-lanh-mitsubishi-electric-inverter-365-lit-mr-cx46er-brw-v-6.jpg\" alt=\"T\u1ee7 l\u1ea1nh Mitsubishi Electric Inverter 365 l\u00edt MR-CX46ER-BRW-V\" width=\"800\" height=\"800\" title=\"\" srcset=\"https:\/\/livinghome.vn\/thiet-bi\/wp-content\/uploads\/2024\/04\/tu-lanh-mitsubishi-electric-inverter-365-lit-mr-cx46er-brw-v-6.jpg 800w, https:\/\/livinghome.vn\/thiet-bi\/wp-content\/uploads\/2024\/04\/tu-lanh-mitsubishi-electric-inverter-365-lit-mr-cx46er-brw-v-6-400x400.jpg 400w, https:\/\/livinghome.vn\/thiet-bi\/wp-content\/uploads\/2024\/04\/tu-lanh-mitsubishi-electric-inverter-365-lit-mr-cx46er-brw-v-6-280x280.jpg 280w, https:\/\/livinghome.vn\/thiet-bi\/wp-content\/uploads\/2024\/04\/tu-lanh-mitsubishi-electric-inverter-365-lit-mr-cx46er-brw-v-6-768x768.jpg 768w, https:\/\/livinghome.vn\/thiet-bi\/wp-content\/uploads\/2024\/04\/tu-lanh-mitsubishi-electric-inverter-365-lit-mr-cx46er-brw-v-6-300x300.jpg 300w, https:\/\/livinghome.vn\/thiet-bi\/wp-content\/uploads\/2024\/04\/tu-lanh-mitsubishi-electric-inverter-365-lit-mr-cx46er-brw-v-6-600x600.jpg 600w, https:\/\/livinghome.vn\/thiet-bi\/wp-content\/uploads\/2024\/04\/tu-lanh-mitsubishi-electric-inverter-365-lit-mr-cx46er-brw-v-6-100x100.jpg 100w\" sizes=\"auto, (max-width: 800px) 100vw, 800px\" \/><figcaption id=\"caption-attachment-20751\" class=\"wp-caption-text\">T\u1ee7 l\u1ea1nh Mitsubishi Electric Inverter 365 l\u00edt MR-CX46ER-BRW-V<\/figcaption><\/figure>\n","protected":false},"excerpt":{"rendered":"<p>Ki\u1ec3u t\u1ee7 l\u1ea1nh: Multidoor<\/p>\n<p>Dung t\u00edch s\u1eed d\u1ee5ng: 365 l\u00edt<\/p>\n<p>Dung t\u00edch ng\u0103n l\u1ea1nh: 215 l\u00edt<\/p>\n<p>Dung t\u00edch ng\u0103n \u0111\u00e1: 80 l\u00edt<\/p>\n<p>C\u00f4ng ngh\u1ec7 Inverter: C\u00f3<\/p>\n<p>Kh\u00e1ng khu\u1ea9n, kh\u1eed m\u00f9i: C\u00f3<\/p>\n<p>S\u1ed1 c\u1eeda: 3 c\u1eeda<\/p>\n<p>Ti\u1ec7n \u00edch: L\u00e0m \u0111\u00e1 t\u1ef1 \u0111\u1ed9ng,\u00a0Ng\u0103n \u0111\u00e1 d\u01b0\u1edbi<\/p>\n<p>Ng\u0103n rau qu\u1ea3: 70 l\u00edt<\/p>\n<p>K\u00edch th\u01b0\u1edbc: Cao x r\u1ed9ng x s\u00e2u\u00a0(182cm x 60cm x 65,6cm)<\/p>\n<p>Tr\u1ecdng l\u01b0\u1ee3ng s\u1ea3n ph\u1ea9m: 69kg<\/p>\n<p>Xu\u1ea5t x\u1ee9 th\u01b0\u01a1ng hi\u1ec7u: Nh\u1eadt B\u1ea3n<\/p>\n<p>S\u1ea3n xu\u1ea5t t\u1ea1i: Th\u00e1i Lan<\/p>\n","protected":false},"featured_media":21174,"comment_status":"open","ping_status":"closed","template":"","meta":[],"product_brand":[],"product_cat":[201,1990],"product_tag":[203,1989],"class_list":{"0":"post-20737","1":"product","2":"type-product","3":"status-publish","4":"has-post-thumbnail","6":"product_cat-tu-lanh","7":"product_cat-tu-lanh-mitsubishi-electric","8":"product_tag-tu-lanh","9":"product_tag-tu-lanh-mitsubishi-electric","11":"first","12":"instock","13":"sale","14":"shipping-taxable","15":"purchasable","16":"product-type-simple"},"_links":{"self":[{"href":"https:\/\/livinghome.vn\/thiet-bi\/wp-json\/wp\/v2\/product\/20737","targetHints":{"allow":["GET"]}}],"collection":[{"href":"https:\/\/livinghome.vn\/thiet-bi\/wp-json\/wp\/v2\/product"}],"about":[{"href":"https:\/\/livinghome.vn\/thiet-bi\/wp-json\/wp\/v2\/types\/product"}],"replies":[{"embeddable":true,"href":"https:\/\/livinghome.vn\/thiet-bi\/wp-json\/wp\/v2\/comments?post=20737"}],"wp:featuredmedia":[{"embeddable":true,"href":"https:\/\/livinghome.vn\/thiet-bi\/wp-json\/wp\/v2\/media\/21174"}],"wp:attachment":[{"href":"https:\/\/livinghome.vn\/thiet-bi\/wp-json\/wp\/v2\/media?parent=20737"}],"wp:term":[{"taxonomy":"product_brand","embeddable":true,"href":"https:\/\/livinghome.vn\/thiet-bi\/wp-json\/wp\/v2\/product_brand?post=20737"},{"taxonomy":"product_cat","embeddable":true,"href":"https:\/\/livinghome.vn\/thiet-bi\/wp-json\/wp\/v2\/product_cat?post=20737"},{"taxonomy":"product_tag","embeddable":true,"href":"https:\/\/livinghome.vn\/thiet-bi\/wp-json\/wp\/v2\/product_tag?post=20737"}],"curies":[{"name":"wp","href":"https:\/\/api.w.org\/{rel}","templated":true}]}}