{"id":2068,"date":"2023-01-12T16:44:50","date_gmt":"2023-01-12T16:44:50","guid":{"rendered":"https:\/\/livinghome.vn\/thiet-bi\/?post_type=product&#038;p=2068"},"modified":"2024-11-29T14:20:33","modified_gmt":"2024-11-29T07:20:33","slug":"lo-nuong-teka-hlc-844c-bk-ss-doi-luu-ket-hop-vi-song-dung-tich-40l","status":"publish","type":"product","link":"https:\/\/livinghome.vn\/thiet-bi\/lo-nuong-teka-hlc-844c-bk-ss-doi-luu-ket-hop-vi-song-dung-tich-40l\/","title":{"rendered":"L\u00f2 n\u01b0\u1edbng Teka HLC 844C BK SS \u0111\u1ed1i l\u01b0u k\u1ebft h\u1ee3p vi s\u00f3ng dung t\u00edch 40L"},"content":{"rendered":"<h3>L\u00f2 n\u01b0\u1edbng Teka HLC 844C BK SS \u0111\u1ed1i l\u01b0u k\u1ebft h\u1ee3p vi s\u00f3ng dung t\u00edch 40L<\/h3>\n<figure id=\"attachment_65727\" aria-describedby=\"caption-attachment-65727\" style=\"width: 900px\" class=\"wp-caption alignnone\"><img loading=\"lazy\" decoding=\"async\" class=\"wp-image-65727\" src=\"https:\/\/livinghome.vn\/thiet-bi\/wp-content\/uploads\/nha-bep\/teka\/lo-nuong\/lo-nuong-teka-hlc-844c-bk-ss\/lo-nuong-teka-hlc-844c-bk-ss-3.jpg\" alt=\"L\u00f2 n\u01b0\u1edbng Teka HLC 844C BK SS \u0111\u1ed1i l\u01b0u k\u1ebft h\u1ee3p vi s\u00f3ng dung t\u00edch 40L\" width=\"900\" height=\"506\" title=\"\"><figcaption id=\"caption-attachment-65727\" class=\"wp-caption-text\">L\u00f2 n\u01b0\u1edbng Teka HLC 844C BK SS \u0111\u1ed1i l\u01b0u k\u1ebft h\u1ee3p vi s\u00f3ng dung t\u00edch 40L<\/figcaption><\/figure>\n<p>S\u1edf h\u1eefu thi\u1ebft k\u1ebf tinh t\u1ebf mang d\u00e1ng v\u1ebd hi\u1ec7n \u0111\u1ea1i, m\u00e0u s\u1eafc h\u00e0i h\u00f2a sang tr\u1ecdng k\u1ebft h\u1ee3p v\u1edbi c\u00e1c chi ti\u1ebft inox m\u00e0u den sang tr\u1ecdng, c\u1eeda l\u00f2 vi s\u00f3ng s\u1eed d\u1ee5ng m\u1eb7t k\u00ednh 2 l\u1edbp trong su\u1ed1t ch\u1ecbu nhi\u1ec7t t\u1ed1t, \u0111\u1ed3ng th\u1eddi c\u1eeda l\u00f2 \u00f4m v\u1edbi m\u00e1y n\u00ean ti\u1ebft ti\u1ec7m t\u1ed1i \u0111a \u0111i\u1ec7n n\u0103ng ti\u00eau th\u1ee5, ngo\u00e0i ra, l\u00f2 c\u00f3 \u0111\u00e8n chi\u1ebfu s\u00e1ng b\u00ean trong khoan l\u00f2 c\u0169ng gi\u00fap b\u1ea1n d\u1ec5 d\u00e0ng quan s\u00e1t \u0111\u01b0\u1ee3c m\u00f3n \u0103n b\u00ean trong h\u01a1n.<\/p>\n<figure id=\"attachment_65728\" aria-describedby=\"caption-attachment-65728\" style=\"width: 900px\" class=\"wp-caption alignnone\"><img loading=\"lazy\" decoding=\"async\" class=\"wp-image-65728\" src=\"https:\/\/livinghome.vn\/thiet-bi\/wp-content\/uploads\/nha-bep\/teka\/lo-nuong\/lo-nuong-teka-hlc-844c-bk-ss\/lo-nuong-teka-hlc-844c-bk-ss-5.jpg\" alt=\"L\u00f2 n\u01b0\u1edbng Teka HLC 844C BK SS \u0111\u1ed1i l\u01b0u k\u1ebft h\u1ee3p vi s\u00f3ng dung t\u00edch 40L\" width=\"900\" height=\"506\" title=\"\"><figcaption id=\"caption-attachment-65728\" class=\"wp-caption-text\">L\u00f2 n\u01b0\u1edbng Teka HLC 844C BK SS \u0111\u1ed1i l\u01b0u k\u1ebft h\u1ee3p vi s\u00f3ng dung t\u00edch 40L<\/figcaption><\/figure>\n<p>Tr\u00ean l\u00f2 n\u01b0\u1eddng \u0111\u01b0\u1ee3c trang b\u1ecb m\u00e0n h\u00ecnh LED hi\u1ec3n th\u1ecb r\u00f5 n\u00e9t m\u1ecdi th\u00f4ng s\u1ed1, c\u00f9ng h\u1ec7 th\u1ed1ng \u0111i\u1ec1u ch\u1ec9nh ch\u1ee9c n\u0103ng v\u00e0 nhi\u1ec7t \u0111\u1ed9 d\u1ec5 thao t\u00e1c, vi\u1ec7c s\u1eed d\u1ee5ng l\u00f2 s\u1ebd d\u1ec5 d\u00e0ng h\u01a1n.<\/p>\n<h3>T\u00ednh n\u0103ng c\u01a1 b\u1ea3n<\/h3>\n<ul>\n<li><a href=\"https:\/\/livinghome.vn\/thiet-bi\/lo-nuong-am\/\">L\u00f2 n\u01b0\u1edbng<\/a> &#8211; L\u00f2 n\u01b0\u1edbng \u00e2m t\u1ee7<\/li>\n<li>L\u00f2 n\u01b0\u1edbng \u0111\u1ed1i l\u01b0u k\u1ebft h\u1ee3p vi s\u00f3ng<\/li>\n<li>Dung t\u00edch (t\u1ed5ng \/th\u1ef1c): 41\/40 l\u00edt<\/li>\n<li>11 ch\u1ee9c n\u0103ng n\u01b0\u1edbng<\/li>\n<li>5 m\u1ee9c c\u00f4ng su\u1ea5t vi s\u00f3ng, cao nh\u1ea5t 1000W<\/li>\n<li>M\u00e0n h\u00ecnh \u0111i\u1ec1u khi\u1ec3n c\u1ea3m \u1ee9ng v\u1edbi n\u00fat v\u1eb7n<\/li>\n<li>C\u00f4ng su\u1ea5t n\u01b0\u1edbng 2500W<\/li>\n<li>R\u00e3 \u0111\u00f4ng theo th\u1eddi gian v\u00e0 kh\u1ed1i l\u01b0\u1ee3ng<\/li>\n<li>V\u1ec7 sinh l\u00f2 b\u1eb1ng h\u01a1i n\u01b0\u1edbc HydroClean ECO<\/li>\n<li>H\u1eb9n gi\u1edd n\u1ea5u (tr\u00ec ho\u00e3n\/b\u1eaft \u0111\u1ea7u t\u00ednh n\u0103ng)<\/li>\n<li>H\u1ec7 th\u1ed1ng t\u1ef1 \u0111\u1ed9ng ng\u1eaft ngu\u1ed3n an to\u00e0n<\/li>\n<li>C\u1eeda k\u00ednh c\u00e1ch nhi\u1ec7t 3 l\u1edbp c\u00f3 th\u1ec3 th\u00e1o r\u1eddi<\/li>\n<li>Kh\u00f3a an to\u00e0n cho tr\u1ebb em<\/li>\n<\/ul>\n<figure id=\"attachment_66878\" aria-describedby=\"caption-attachment-66878\" style=\"width: 800px\" class=\"wp-caption alignnone\"><img loading=\"lazy\" decoding=\"async\" class=\"wp-image-66878 size-large\" src=\"https:\/\/livinghome.vn\/thiet-bi\/wp-content\/uploads\/nha-bep\/teka\/lo-nuong\/lo-nuong-teka-hlc-844c-bk-ss\/lo-nuong-teka-hlc-844c-bk-ss-7-800x800.jpg\" alt=\"L\u00f2 n\u01b0\u1edbng Teka HLC 844C BK SS \u0111\u1ed1i l\u01b0u k\u1ebft h\u1ee3p vi s\u00f3ng dung t\u00edch 40L\" width=\"800\" height=\"800\" title=\"\"><figcaption id=\"caption-attachment-66878\" class=\"wp-caption-text\">L\u00f2 n\u01b0\u1edbng Teka HLC 844C BK SS \u0111\u1ed1i l\u01b0u k\u1ebft h\u1ee3p vi s\u00f3ng dung t\u00edch 40L<\/figcaption><\/figure>\n<p>T\u00ednh n\u0103ng Hydroclean l\u00e0m n\u00f3ng b\u00ean trong l\u00f2 \u0111\u1ec3 l\u00e0m cho n\u01b0\u1edbc b\u1ed1c h\u01a1i v\u00e0 l\u00e0m m\u1ec1m ph\u1ea7n c\u00f2n l\u1ea1i v\u00e0 nh\u1edd l\u1edbp ph\u1ee7 men \u0111\u1ed9c quy\u1ec1n c\u1ee7a Teka, b\u1ea1n s\u1ebd c\u00f3 th\u1ec3 lo\u1ea1i b\u1ecf ch\u00fang d\u1ec5 d\u00e0ng ch\u1ec9 b\u1eb1ng m\u1ed9t mi\u1ebfng v\u1ea3i.<\/p>\n<h3>Th\u00f4ng s\u1ed1 k\u1ef9 thu\u1eadt<\/h3>\n<ul>\n<li>Dung t\u00edch (t\u1ed5ng \/th\u1ef1c): 41\/40 l\u00edt<\/li>\n<li>C\u00f4ng su\u1ea5t n\u01b0\u1edbng 2500W<\/li>\n<\/ul>\n<h4 class=\"et_pb_toggle_title\">K\u00edch th\u01b0\u1edbc chung<\/h4>\n<div class=\"et_pb_toggle_content clearfix\">\n<ul>\n<li>Chi\u1ec1u cao(mm):\u00a0455<\/li>\n<li>Chi\u1ec1u r\u1ed9ng (mm):\u00a0595<\/li>\n<li>\u0110\u1ed9 s\u00e2u (mm):\u00a0559<\/li>\n<li>Tr\u1ecdng l\u01b0\u1ee3ng (Kgs):\u00a030,0<\/li>\n<\/ul>\n<h4 class=\"et_pb_toggle_title\">K\u00edch th\u01b0\u1edbc trong khoang \u0111\u00f4i<\/h4>\n<div class=\"et_pb_toggle_content clearfix\">\n<ul>\n<li>Chi\u1ec1u cao b\u00ean trong (mm):\u00a0232<\/li>\n<li>Chi\u1ec1u r\u1ed9ng b\u00ean trong (mm):\u00a0475<\/li>\n<li>\u0110\u1ed9 s\u00e2u b\u00ean trong (mm):\u00a0365<\/li>\n<li>Dung t\u00edch r\u00f2ng (l\u00edt):\u00a040<\/li>\n<li>T\u1ed5ng dung t\u00edch (l\u00edt):\u00a041<\/li>\n<\/ul>\n<h4 class=\"et_pb_toggle_title\">K\u1ebft n\u1ed1i \u0111i\u1ec7n<\/h4>\n<div class=\"et_pb_toggle_content clearfix\">\n<ul>\n<li>C\u00f4ng su\u1ea5t ti\u00eau chu\u1ea9n t\u1ed1i \u0111a (W):\u00a03400<\/li>\n<li>T\u1ea7n s\u1ed1 (Hz):\u00a050<\/li>\n<li>C\u00f4ng su\u1ea5t (V):\u00a0220-240<\/li>\n<li>Chi\u1ec1u d\u00e0i d\u00e2y c\u00e1p (cm):\u00a0110<\/li>\n<li>\u0110i\u1ec7n n\u0103ng ti\u00eau th\u1ee5 \u0111\u00e8n b\u00ean trong (W):\u00a025<\/li>\n<\/ul>\n<h4 class=\"et_pb_toggle_title\">Ti\u00eau th\u1ee5 n\u0103ng l\u01b0\u1ee3ng<\/h4>\n<div class=\"et_pb_toggle_content clearfix\">\n<ul>\n<li>\u0110i\u1ec7n n\u0103ng thanh nhi\u1ec7t d\u01b0\u1edbi (W):\u00a01000<\/li>\n<li>N\u01b0\u1edbng l\u1eeda l\u1edbn Maxi (W):\u00a02500<\/li>\n<li>Truy\u1ec1n th\u1ed1ng (W):\u00a02100<\/li>\n<li>N\u01b0\u1edbng \u0111\u1ed1i l\u01b0u Turbo (W):\u00a01600<\/li>\n<li>\u0110a ch\u1ee9c n\u0103ng Turbo (W):\u00a030<\/li>\n<li>\u0110\u1ed9ng c\u01a1 qu\u1ea1t l\u00e0m m\u00e1t (W):\u00a018<\/li>\n<\/ul>\n<\/div>\n<\/div>\n<\/div>\n<p>L\u00f2 n\u01b0\u1edbng \u00e2m t\u1ee7 Teka HLC 844C BK-SS s\u1ebd l\u00e0 s\u1ef1 l\u1ef1a ch\u1ecdn ph\u00f9 h\u1ee3p cho nh\u1eefng ng\u01b0\u1eddi mu\u1ed1n ti\u1ebft ki\u1ec7m kh\u00f4ng gian b\u1ebfp nh\u01b0ng v\u1eabn \u0111\u1ea3m b\u1ea3o \u0111\u01b0\u1ee3c khoang l\u00f2 \u0111\u01b0\u1ee3c r\u1ed9ng.<\/p>\n<\/div>\n<h3>Xu\u1ea5t x\u1ee9: B\u1ed3 \u0110\u00e0o Nha<\/h3>\n<div><\/div>\n","protected":false},"excerpt":{"rendered":"<div id=\"product-title\" class=\"et_pb_module et_pb_text et_pb_bg_layout_light et_pb_text_align_left\">\n<div class=\"et_pb_text_inner\">\n<h1>L\u00f2 n\u01b0\u1edbng \u0111\u1ed1i l\u01b0u k\u1ebft h\u1ee3p vi s\u00f3ng<\/h1>\n<\/div>\n<\/div>\n<div class=\"et_pb_module et_pb_text et_pb_text_1 et_pb_bg_layout_light et_pb_text_align_left\">\n<div class=\"et_pb_text_inner\">\n<div id=\"product-content\">\n<ul>\n<li>Dung t\u00edch (t\u1ed5ng\/th\u1ef1c): 41\/40 l\u00edt<\/li>\n<li>11 ch\u1ee9c n\u0103ng n\u01b0\u1edbng<\/li>\n<li>5 m\u1ee9c c\u00f4ng su\u1ea5t vi s\u00f3ng<\/li>\n<li>R\u00e3 \u0111\u00f4ng theo th\u1eddi gian v\u00e0 kh\u1ed1i l\u01b0\u1ee3ng<\/li>\n<li>V\u1ec7 sinh l\u00f2 b\u1eb1ng h\u01a1i n\u01b0\u1edbc HydroClean ECO<\/li>\n<\/ul>\n<\/div>\n<\/div>\n<\/div>\n","protected":false},"featured_media":2235,"comment_status":"open","ping_status":"closed","template":"","meta":[],"product_brand":[],"product_cat":[352,311],"product_tag":[96,154,330,313],"class_list":{"0":"post-2068","1":"product","2":"type-product","3":"status-publish","4":"has-post-thumbnail","6":"product_cat-lo-vi-song-teka","7":"product_cat-thuong-hieu-teka","8":"product_tag-lo-nuong","9":"product_tag-lo-nuong-am","10":"product_tag-lo-nuong-teka","11":"product_tag-teka","13":"first","14":"instock","15":"sale","16":"shipping-taxable","17":"purchasable","18":"product-type-simple"},"_links":{"self":[{"href":"https:\/\/livinghome.vn\/thiet-bi\/wp-json\/wp\/v2\/product\/2068","targetHints":{"allow":["GET"]}}],"collection":[{"href":"https:\/\/livinghome.vn\/thiet-bi\/wp-json\/wp\/v2\/product"}],"about":[{"href":"https:\/\/livinghome.vn\/thiet-bi\/wp-json\/wp\/v2\/types\/product"}],"replies":[{"embeddable":true,"href":"https:\/\/livinghome.vn\/thiet-bi\/wp-json\/wp\/v2\/comments?post=2068"}],"wp:featuredmedia":[{"embeddable":true,"href":"https:\/\/livinghome.vn\/thiet-bi\/wp-json\/wp\/v2\/media\/2235"}],"wp:attachment":[{"href":"https:\/\/livinghome.vn\/thiet-bi\/wp-json\/wp\/v2\/media?parent=2068"}],"wp:term":[{"taxonomy":"product_brand","embeddable":true,"href":"https:\/\/livinghome.vn\/thiet-bi\/wp-json\/wp\/v2\/product_brand?post=2068"},{"taxonomy":"product_cat","embeddable":true,"href":"https:\/\/livinghome.vn\/thiet-bi\/wp-json\/wp\/v2\/product_cat?post=2068"},{"taxonomy":"product_tag","embeddable":true,"href":"https:\/\/livinghome.vn\/thiet-bi\/wp-json\/wp\/v2\/product_tag?post=2068"}],"curies":[{"name":"wp","href":"https:\/\/api.w.org\/{rel}","templated":true}]}}