{"id":2066,"date":"2023-01-12T16:44:50","date_gmt":"2023-01-12T16:44:50","guid":{"rendered":"https:\/\/livinghome.vn\/thiet-bi\/?post_type=product&#038;p=2066"},"modified":"2024-11-29T14:20:33","modified_gmt":"2024-11-29T07:20:33","slug":"lo-nuong-teka-hlc-840-am-9-chuc-nang-nuong-dung-tich-44l","status":"publish","type":"product","link":"https:\/\/livinghome.vn\/thiet-bi\/lo-nuong-teka-hlc-840-am-9-chuc-nang-nuong-dung-tich-44l\/","title":{"rendered":"L\u00f2 n\u01b0\u1edbng Teka HLC 840 \u00e2m 9 ch\u1ee9c n\u0103ng n\u01b0\u1edbng dung t\u00edch 44L"},"content":{"rendered":"<h3>L\u00f2 n\u01b0\u1edbng Teka HLC 840 \u00e2m 9 ch\u1ee9c n\u0103ng n\u01b0\u1edbng dung t\u00edch 44L<\/h3>\n<figure id=\"attachment_65722\" aria-describedby=\"caption-attachment-65722\" style=\"width: 900px\" class=\"wp-caption alignnone\"><img loading=\"lazy\" decoding=\"async\" class=\"wp-image-65722\" src=\"https:\/\/livinghome.vn\/thiet-bi\/wp-content\/uploads\/nha-bep\/teka\/lo-nuong\/lo-nuong-teka-hlc-840\/lo-nuong-teka-hlc-840-6.jpg\" alt=\"L\u00f2 n\u01b0\u1edbng Teka HLC 840 \u00e2m 9 ch\u1ee9c n\u0103ng n\u01b0\u1edbng dung t\u00edch 44L\" width=\"900\" height=\"506\" title=\"\"><figcaption id=\"caption-attachment-65722\" class=\"wp-caption-text\">L\u00f2 n\u01b0\u1edbng Teka HLC 840 \u00e2m 9 ch\u1ee9c n\u0103ng n\u01b0\u1edbng dung t\u00edch 44L<\/figcaption><\/figure>\n<p>&nbsp;<\/p>\n<figure id=\"attachment_65717\" aria-describedby=\"caption-attachment-65717\" style=\"width: 900px\" class=\"wp-caption alignnone\"><img loading=\"lazy\" decoding=\"async\" class=\"wp-image-65717\" src=\"https:\/\/livinghome.vn\/thiet-bi\/wp-content\/uploads\/nha-bep\/teka\/lo-nuong\/lo-nuong-teka-hlc-840\/lo-nuong-teka-hlc-840-5.jpg\" alt=\"L\u00f2 n\u01b0\u1edbng Teka HLC 840 \u00e2m 9 ch\u1ee9c n\u0103ng n\u01b0\u1edbng dung t\u00edch 44L\" width=\"900\" height=\"506\" title=\"\"><figcaption id=\"caption-attachment-65717\" class=\"wp-caption-text\">L\u00f2 n\u01b0\u1edbng Teka HLC 840 \u00e2m 9 ch\u1ee9c n\u0103ng n\u01b0\u1edbng dung t\u00edch 44L<\/figcaption><\/figure>\n<p>L\u00f2 \u0111\u01b0\u1ee3c thi\u1ebft k\u1ebf \u0111\u1ec3 ti\u1ebft ki\u1ec7m: gi\u1ea3m m\u1ee9c ti\u00eau th\u1ee5 \u0111i\u1ec7n n\u0103ng l\u00ean \u0111\u1ebfn 20% \u0111\u1ec3 gi\u00fap ti\u1ebft ki\u1ec7m \u0111i\u1ec7n v\u00e0 b\u1ea3o t\u1ed3n m\u00f4i tr\u01b0\u1eddng.<\/p>\n<h3>T\u00ednh n\u0103ng c\u01a1 b\u1ea3n<\/h3>\n<ul>\n<li><a href=\"https:\/\/livinghome.vn\/thiet-bi\/lo-nuong-am\/\">L\u00f2 n\u01b0\u1edbng<\/a> &#8211; L\u00f2 n\u01b0\u1edbng \u00e2m t\u1ee7<\/li>\n<li>L\u00f2 n\u01b0\u1edbng \u0111\u1ed1i l\u01b0u v\u1edbi 9 ch\u1ee9c n\u0103ng n\u1ea5u, n\u01b0\u1edbng<\/li>\n<li>H\u1ec7 th\u1ed1ng v\u1ec7 sinh l\u00f2 HydroClean\u00ae PRO<\/li>\n<li>M\u1ee9c n\u0103ng l\u01b0\u01a1ng A+ ti\u1ebft ki\u1ec7m 20% \u0111i\u1ec7n n\u0103ng ti\u00eau th\u1ee5<\/li>\n<li>Khoang l\u00f2 tr\u00e1ng men tr\u01a1n \u0111\u1eb7c bi\u1ec7t<\/li>\n<li>Dung t\u00edch l\u00f2: 44 l\u00edt<\/li>\n<li>M\u00e0n h\u00ecnh \u0111i\u1ec1u khi\u1ec3n c\u1ea3m \u1ee9ng LED<\/li>\n<li>Ch\u1ee9c n\u0103ng l\u00e0m n\u00f3ng l\u00f2 c\u1ef1c nhanh<\/li>\n<li>Ch\u1ee9c n\u0103ng r\u00e3 \u0111\u00f4ng v\u00e0 ECO<\/li>\n<li>Ch\u1ee9c n\u0103ng kh\u00f3a an to\u00e0n<\/li>\n<li>C\u1eeda k\u00ednh 3 l\u1edbp c\u00e1ch nhi\u1ec7t<\/li>\n<li>H\u1ec7 th\u1ed1ng thanh tr\u01b0\u1ee3t gi\u00fap l\u1ea5y khay ra d\u1ec5 d\u00e0ng<\/li>\n<li>H\u1ec7 th\u1ed1ng tho\u00e1t kh\u00ed ra ngo\u00e0i<\/li>\n<li>Ph\u1ee5 ki\u1ec7n: Khay s\u00e2u ch\u1ed1ng tr\u01b0\u1ee3t, v\u00e0 v\u1ec9 n\u01b0\u1edbng<\/li>\n<\/ul>\n<figure id=\"attachment_66866\" aria-describedby=\"caption-attachment-66866\" style=\"width: 800px\" class=\"wp-caption alignnone\"><img loading=\"lazy\" decoding=\"async\" class=\"wp-image-66866 size-large\" src=\"https:\/\/livinghome.vn\/thiet-bi\/wp-content\/uploads\/nha-bep\/teka\/lo-nuong\/lo-nuong-teka-hlb-8415-bk\/lo-nuong-teka-hlb-8415-bk-8-800x800.jpg\" alt=\"L\u00f2 n\u01b0\u1edbng Teka HLB 8415 BK \u00e2m ti\u1ebft ki\u1ec7m \u0111i\u1ec7n\" width=\"800\" height=\"800\" title=\"\"><figcaption id=\"caption-attachment-66866\" class=\"wp-caption-text\">L\u00f2 n\u01b0\u1edbng Teka HLB 8415 BK \u00e2m ti\u1ebft ki\u1ec7m \u0111i\u1ec7n<\/figcaption><\/figure>\n<p>&nbsp;<\/p>\n<h3>Th\u00f4ng s\u1ed1 k\u1ef9 thu\u1eadt<\/h3>\n<ul>\n<li>Dung t\u00edch l\u00f2: 44 l\u00edt<\/li>\n<\/ul>\n<h4 class=\"et_pb_toggle_title\">K\u00edch th\u01b0\u1edbc chung<\/h4>\n<div class=\"et_pb_toggle_content clearfix\">\n<ul>\n<li>Chi\u1ec1u cao(mm):\u00a0455<\/li>\n<li>Chi\u1ec1u r\u1ed9ng (mm):\u00a0595<\/li>\n<li>\u0110\u1ed9 s\u00e2u (mm):\u00a0537+22<\/li>\n<li>Tr\u1ecdng l\u01b0\u1ee3ng (Kgs):\u00a025<\/li>\n<\/ul>\n<h4 class=\"et_pb_toggle_title\">K\u00edch th\u01b0\u1edbc trong khoang \u0111\u00f4i<\/h4>\n<div class=\"et_pb_toggle_content clearfix\">\n<ul>\n<li>Chi\u1ec1u cao b\u00ean trong (mm):\u00a0232<\/li>\n<li>Chi\u1ec1u r\u1ed9ng b\u00ean trong (mm):\u00a0475<\/li>\n<li>\u0110\u1ed9 s\u00e2u b\u00ean trong (mm):\u00a0402<\/li>\n<li>Dung t\u00edch r\u00f2ng (l\u00edt):\u00a044<\/li>\n<li>T\u1ed5ng dung t\u00edch (l\u00edt):\u00a045<\/li>\n<\/ul>\n<h4 class=\"et_pb_toggle_title\">K\u1ebft n\u1ed1i \u0111i\u1ec7n<\/h4>\n<div class=\"et_pb_toggle_content clearfix\">\n<ul>\n<li>C\u00f4ng su\u1ea5t ti\u00eau chu\u1ea9n t\u1ed1i \u0111a (W):\u00a03015<\/li>\n<li>T\u1ea7n s\u1ed1 (Hz):\u00a050\/60<\/li>\n<li>C\u00f4ng su\u1ea5t (V):\u00a0220-240<\/li>\n<li>Chi\u1ec1u d\u00e0i d\u00e2y c\u00e1p (cm):\u00a0110<\/li>\n<li>\u0110i\u1ec7n n\u0103ng ti\u00eau th\u1ee5 \u0111\u00e8n b\u00ean trong (W):\u00a025<\/li>\n<\/ul>\n<h4 class=\"et_pb_toggle_title\">Ti\u00eau th\u1ee5 n\u0103ng l\u01b0\u1ee3ng<\/h4>\n<div class=\"et_pb_toggle_content clearfix\">\n<ul>\n<li>N\u0103ng l\u01b0\u1ee3ng ti\u00eau th\u1ee5 tr\u00ean m\u1ed7i chu k\u1ef3 \u1edf ch\u1ebf \u0111\u1ed9 th\u00f4ng th\u01b0\u1eddng (kWh):\u00a00.72<\/li>\n<li>N\u0103ng l\u01b0\u1ee3ng ti\u00eau th\u1ee5 tr\u00ean m\u1ed7i chu k\u1ef3 \u1edf ch\u1ebf \u0111\u1ed9 \u0111\u1ed1i l\u01b0u c\u01b0\u1ee1ng b\u1ee9c qu\u1ea1t (kWh):\u00a00,59<\/li>\n<li>\u0110i\u1ec7n n\u0103ng thanh nhi\u1ec7t d\u01b0\u1edbi (W):\u00a01150<\/li>\n<li>N\u01b0\u1edbng (W):\u00a01400<\/li>\n<li>N\u01b0\u1edbng l\u1eeda l\u1edbn Maxi (W):\u00a02500<\/li>\n<li>Truy\u1ec1n th\u1ed1ng (W):\u00a02550<\/li>\n<li>N\u01b0\u1edbng \u0111\u1ed1i l\u01b0u Turbo (W):\u00a01800<\/li>\n<li>\u0110a ch\u1ee9c n\u0103ng Turbo (W):\u00a022<\/li>\n<li>\u0110\u1ed9ng c\u01a1 qu\u1ea1t l\u00e0m m\u00e1t (W):\u00a018<\/li>\n<\/ul>\n<\/div>\n<\/div>\n<\/div>\n<p>Thi\u1ebft b\u1ecb b\u1ebfp cao c\u1ea5p Teka l\u00e0 th\u01b0\u01a1ng hi\u1ec7u h\u00e0ng \u0111\u1ea7u Ch\u00e2u \u00c2u, chuy\u00ean cung c\u1ea5p c\u00e1c d\u00f2ng s\u1ea3n ph\u1ea9m nh\u01b0: L\u00f2 n\u01b0\u1edbng, l\u00f2 vi s\u00f3ng, b\u1ebfp, m\u00e1y h\u00fat m\u00f9i, t\u1ee7 l\u1ea1nh, t\u1ee7 r\u01b0\u1ee3u, m\u00e1y gi\u1eb7t, m\u00e1y s\u1ea5y, m\u00e1y r\u1eeda ch\u00e9n, v\u00f2i r\u1eeda, ch\u1eadu r\u1eeda, m\u00e1y h\u1ee7y r\u00e1c. C\u00e1c s\u1ea3n ph\u1ea9m c\u1ee7a Teka \u0111\u1ec1u \u0111\u1ea1t chu\u1ea9n v\u1ec1 ch\u1ea5t l\u01b0\u1ee3ng, m\u1eabu m\u00e3 \u0111\u1eb9p, c\u00f4ng ngh\u1ec7 th\u00f4ng minh nh\u1ea5t hi\u1ec7n nay.<\/p>\n<\/div>\n<h3>Xu\u1ea5t x\u1ee9:\u00a0T\u00e2y Ban Nha<\/h3>\n<div><\/div>\n","protected":false},"excerpt":{"rendered":"<div id=\"product-title\" class=\"et_pb_module et_pb_text et_pb_bg_layout_light et_pb_text_align_left\">\n<div class=\"et_pb_text_inner\">\n<h1>L\u00f2 n\u01b0\u1edbng \u0111\u1ed1i l\u01b0u v\u1edbi 9 ch\u1ee9c n\u0103ng n\u01b0\u1edbng<\/h1>\n<\/div>\n<\/div>\n<div class=\"et_pb_module et_pb_text et_pb_text_1 et_pb_bg_layout_light et_pb_text_align_left\">\n<div class=\"et_pb_text_inner\">\n<div id=\"product-content\">\n<ul>\n<li>C\u00f4ng ngh\u1ec7 v\u1ec7 sinh HydroClean\u00ae PRO<\/li>\n<li>M\u1ee9c n\u0103ng l\u01b0\u1ee3ng A +<\/li>\n<li>H\u1ec7 th\u1ed1ng thanh tr\u01b0\u1ee3t ho\u00e0n h\u1ea3o<\/li>\n<li>M\u00e0n h\u00ecnh \u0111i\u1ec1u khi\u1ec3n c\u1ea3m \u1ee9ng LED<\/li>\n<li>9 ch\u1ee9c n\u0103ng n\u1ea5u, n\u01b0\u1edbng<\/li>\n<li>Ch\u1ee9c n\u0103ng l\u00e0m n\u00f3ng l\u00f2 nhanh<\/li>\n<\/ul>\n<\/div>\n<\/div>\n<\/div>\n","protected":false},"featured_media":2218,"comment_status":"open","ping_status":"closed","template":"","meta":[],"product_brand":[],"product_cat":[95,328,311],"product_tag":[96,154,330,313],"class_list":{"0":"post-2066","1":"product","2":"type-product","3":"status-publish","4":"has-post-thumbnail","6":"product_cat-lo-nuong","7":"product_cat-lo-nuong-teka","8":"product_cat-thuong-hieu-teka","9":"product_tag-lo-nuong","10":"product_tag-lo-nuong-am","11":"product_tag-lo-nuong-teka","12":"product_tag-teka","14":"first","15":"instock","16":"sale","17":"shipping-taxable","18":"purchasable","19":"product-type-simple"},"_links":{"self":[{"href":"https:\/\/livinghome.vn\/thiet-bi\/wp-json\/wp\/v2\/product\/2066","targetHints":{"allow":["GET"]}}],"collection":[{"href":"https:\/\/livinghome.vn\/thiet-bi\/wp-json\/wp\/v2\/product"}],"about":[{"href":"https:\/\/livinghome.vn\/thiet-bi\/wp-json\/wp\/v2\/types\/product"}],"replies":[{"embeddable":true,"href":"https:\/\/livinghome.vn\/thiet-bi\/wp-json\/wp\/v2\/comments?post=2066"}],"wp:featuredmedia":[{"embeddable":true,"href":"https:\/\/livinghome.vn\/thiet-bi\/wp-json\/wp\/v2\/media\/2218"}],"wp:attachment":[{"href":"https:\/\/livinghome.vn\/thiet-bi\/wp-json\/wp\/v2\/media?parent=2066"}],"wp:term":[{"taxonomy":"product_brand","embeddable":true,"href":"https:\/\/livinghome.vn\/thiet-bi\/wp-json\/wp\/v2\/product_brand?post=2066"},{"taxonomy":"product_cat","embeddable":true,"href":"https:\/\/livinghome.vn\/thiet-bi\/wp-json\/wp\/v2\/product_cat?post=2066"},{"taxonomy":"product_tag","embeddable":true,"href":"https:\/\/livinghome.vn\/thiet-bi\/wp-json\/wp\/v2\/product_tag?post=2066"}],"curies":[{"name":"wp","href":"https:\/\/api.w.org\/{rel}","templated":true}]}}