{"id":20608,"date":"2024-04-22T09:54:38","date_gmt":"2024-04-22T02:54:38","guid":{"rendered":"https:\/\/livinghome.vn\/thiet-bi\/?post_type=product&#038;p=20608"},"modified":"2024-11-29T14:18:58","modified_gmt":"2024-11-29T07:18:58","slug":"may-nuoc-nong-truc-tiep-stiebel-eltron-ds-45-ec","status":"publish","type":"product","link":"https:\/\/livinghome.vn\/thiet-bi\/may-nuoc-nong-truc-tiep-stiebel-eltron-ds-45-ec\/","title":{"rendered":"M\u00e1y N\u01b0\u1edbc N\u00f3ng Tr\u1ef1c Ti\u1ebfp Stiebel Eltron DS 45 EC"},"content":{"rendered":"<div>Stiebel Eltron DS 45 EC c\u00f3 thi\u1ebft k\u1ebf ph\u1ed1i m\u00e0u tr\u1eafng x\u00e1m \u0111\u1eb9p m\u1eaft v\u00e0 \u0111\u01b0\u1ee3c trang b\u1ecb c\u00f4ng su\u1ea5t l\u00e0m n\u00f3ng n\u01b0\u1edbc l\u00ean \u0111\u1ebfn 4500W, gi\u00fap n\u01b0\u1edbc \u0111\u01b0\u1ee3c l\u00e0m n\u00f3ng t\u1ee9c th\u00ec. M\u00e1y n\u00e0y c\u0169ng cho ph\u00e9p \u0111i\u1ec1u ch\u1ec9nh nhi\u1ec7t \u0111\u1ed9 v\u00e0 l\u01b0u l\u01b0\u1ee3ng n\u01b0\u1edbc, \u0111\u1ed3ng th\u1eddi t\u00edch h\u1ee3p nhi\u1ec1u t\u00ednh n\u0103ng an to\u00e0n nh\u01b0 c\u1ea3m bi\u1ebfn l\u01b0u l\u01b0\u1ee3ng n\u01b0\u1edbc, c\u1ea7u dao ch\u1ed1ng r\u00f2 \u0111i\u1ec7n ELCB, v\u00e0 b\u1ed9 \u1ed5n \u0111\u1ecbnh nhi\u1ec7t k\u00e9p.<\/div>\n<h3>\u0110\u1eb7c \u0111i\u1ec3m n\u1ed5i b\u1eadt<\/h3>\n<ul>\n<li>M\u00e1y n\u01b0\u1edbc n\u00f3ng \u0111\u01b0\u1ee3c trang b\u1ecb v\u00f2i sen t\u1eafm 5 ch\u1ebf \u0111\u1ed9 phun c\u00f9ng gi\u00e1 \u0111\u1ee1 treo t\u01b0\u1eddng, thanh tr\u01b0\u1ee3t v\u00e0 khay \u0111\u1ef1ng x\u00e0 ph\u00f2ng ti\u1ec7n d\u1ee5ng.<\/li>\n<li>M\u00e1y c\u00f3 c\u00f4ng su\u1ea5t \u0111\u1ed9ng c\u01a1 4500W, cho ph\u00e9p l\u00e0m n\u00f3ng n\u01b0\u1edbc m\u1ed9t c\u00e1ch nhanh ch\u00f3ng.<\/li>\n<li>Nhi\u1ec7t \u0111\u1ed9 t\u1ed1i \u0111a c\u00f3 th\u1ec3 \u0111\u1ea1t \u0111\u01b0\u1ee3c l\u00e0 42 \u0111\u1ed9 C, v\u00e0 b\u1ed9 \u1ed5n \u0111\u1ecbnh nhi\u1ec7t k\u00e9p gi\u00fap ng\u0103n ng\u1eeba nguy c\u01a1 b\u1ecfng khi s\u1eed d\u1ee5ng.<\/li>\n<li>C\u1ea7u dao ELCB ch\u1ed1ng r\u00f2 \u0111i\u1ec7n t\u0103ng c\u01b0\u1eddng an to\u00e0n cho ng\u01b0\u1eddi d\u00f9ng.<\/li>\n<li>B\u1ea3ng m\u1ea1ch \u0111i\u1ec7n t\u1eed c\u1ee7a m\u00e1y c\u00f3 kh\u1ea3 n\u0103ng ch\u1ed1ng ch\u00e1y, gi\u00fap h\u1ea1n ch\u1ebf c\u00e1c s\u1ef1 c\u1ed1 nghi\u00eam tr\u1ecdng.<\/li>\n<li>Thanh \u0111\u1ed1t l\u00e0m n\u00f3ng l\u00e0m t\u1eeb \u0111\u1ed3ng, \u0111\u1ea3m b\u1ea3o kh\u1ea3 n\u0103ng l\u00e0m n\u00f3ng nhanh v\u00e0 \u0111\u1ed9 b\u1ec1n cao.<\/li>\n<li>V\u00f2i sen c\u00f3 th\u1ec3 \u0111i\u1ec1u ch\u1ec9nh v\u1edbi 5 ch\u1ebf \u0111\u1ed9 phun kh\u00e1c nhau \u0111\u1ec3 ph\u00f9 h\u1ee3p v\u1edbi nhi\u1ec1u nhu c\u1ea7u s\u1eed d\u1ee5ng.<\/li>\n<li>C\u1ea3m bi\u1ebfn l\u01b0u l\u01b0\u1ee3ng n\u01b0\u1edbc gi\u00fap ki\u1ec3m so\u00e1t nhi\u1ec7t \u0111\u1ed9 n\u01b0\u1edbc ch\u1ea3y ra m\u1ed9t c\u00e1ch ch\u00ednh x\u00e1c.<\/li>\n<li>B\u1ea3ng \u0111i\u1ec1u khi\u1ec3n n\u00fam v\u1eb7n t\u00edch h\u1ee3p \u0111\u00e8n b\u00e1o n\u01b0\u1edbc n\u00f3ng gi\u00fap d\u1ec5 d\u00e0ng quan s\u00e1t t\u00ecnh tr\u1ea1ng ho\u1ea1t \u0111\u1ed9ng c\u1ee7a m\u00e1y.<\/li>\n<\/ul>\n<p class=\"_ilcss0_\"><img loading=\"lazy\" decoding=\"async\" class=\"alignnone size-full wp-image-20612\" src=\"https:\/\/livinghome.vn\/thiet-bi\/wp-content\/uploads\/2024\/04\/may-nuoc-nong-stiebel-eltron-ds-45-ec-8.jpg\" alt=\"\" width=\"1200\" height=\"900\" title=\"\" srcset=\"https:\/\/livinghome.vn\/thiet-bi\/wp-content\/uploads\/2024\/04\/may-nuoc-nong-stiebel-eltron-ds-45-ec-8.jpg 1200w, https:\/\/livinghome.vn\/thiet-bi\/wp-content\/uploads\/2024\/04\/may-nuoc-nong-stiebel-eltron-ds-45-ec-8-533x400.jpg 533w, https:\/\/livinghome.vn\/thiet-bi\/wp-content\/uploads\/2024\/04\/may-nuoc-nong-stiebel-eltron-ds-45-ec-8-1067x800.jpg 1067w, https:\/\/livinghome.vn\/thiet-bi\/wp-content\/uploads\/2024\/04\/may-nuoc-nong-stiebel-eltron-ds-45-ec-8-768x576.jpg 768w, https:\/\/livinghome.vn\/thiet-bi\/wp-content\/uploads\/2024\/04\/may-nuoc-nong-stiebel-eltron-ds-45-ec-8-600x450.jpg 600w\" sizes=\"auto, (max-width: 1200px) 100vw, 1200px\" \/><\/p>\n<h3>\u0110\u00e1nh gi\u00e1 chi ti\u1ebft<\/h3>\n<h4>M\u00e1y n\u01b0\u1edbc n\u00f3ng c\u00f3 thi\u1ebft k\u1ebf nh\u1ecf g\u1ecdn, thu\u1eadn ti\u1ec7n cho vi\u1ec7c l\u1eafp \u0111\u1eb7t. Ph\u1ea7n m\u1eb7t tr\u01b0\u1edbc c\u1ee7a m\u00e1y bao g\u1ed3m m\u1ed9t n\u00fam v\u1eb7n \u0111i\u1ec1u ch\u1ec9nh nhi\u1ec7t \u0111\u1ed9 n\u01b0\u1edbc li\u00ean t\u1ee5c, cho ph\u00e9p ng\u01b0\u1eddi d\u00f9ng d\u1ec5 d\u00e0ng t\u00f9y ch\u1ec9nh theo nhu c\u1ea7u. Th\u00eam v\u00e0o \u0111\u00f3, b\u00ecnh n\u01b0\u1edbc n\u00f3ng c\u0169ng \u0111\u01b0\u1ee3c trang b\u1ecb d\u1ea3i \u0111\u00e8n b\u00e1o n\u01b0\u1edbc n\u00f3ng, gi\u00fap quan s\u00e1t t\u00ecnh tr\u1ea1ng ho\u1ea1t \u0111\u1ed9ng c\u1ee7a m\u00e1y m\u1ed9t c\u00e1ch ti\u1ec7n l\u1ee3i.<\/h4>\n<p class=\"_ilcss0_\"><img loading=\"lazy\" decoding=\"async\" class=\"alignnone size-full wp-image-20610\" src=\"https:\/\/livinghome.vn\/thiet-bi\/wp-content\/uploads\/2024\/04\/may-nuoc-nong-stiebel-eltron-ds-45-ec-9.jpg\" alt=\"\" width=\"1200\" height=\"800\" title=\"\" srcset=\"https:\/\/livinghome.vn\/thiet-bi\/wp-content\/uploads\/2024\/04\/may-nuoc-nong-stiebel-eltron-ds-45-ec-9.jpg 1200w, https:\/\/livinghome.vn\/thiet-bi\/wp-content\/uploads\/2024\/04\/may-nuoc-nong-stiebel-eltron-ds-45-ec-9-600x400.jpg 600w, https:\/\/livinghome.vn\/thiet-bi\/wp-content\/uploads\/2024\/04\/may-nuoc-nong-stiebel-eltron-ds-45-ec-9-768x512.jpg 768w\" sizes=\"auto, (max-width: 1200px) 100vw, 1200px\" \/><\/p>\n<p>M\u00e1y n\u01b0\u1edbc n\u00f3ng Stiebel Eltron DS 45 EC c\u00f3 ki\u1ec3u d\u00e1ng h\u00ecnh ch\u1eef nh\u1eadt th\u1eb3ng \u0111\u1ee9ng, v\u1edbi k\u00edch th\u01b0\u1edbc g\u1ecdn nh\u1eb9. V\u1ecf m\u00e1y \u0111\u01b0\u1ee3c thi\u1ebft k\u1ebf m\u00e0u tr\u1eafng k\u1ebft h\u1ee3p v\u1edbi gam m\u00e0u x\u00e1m, t\u1ea1o n\u00ean s\u1ef1 h\u00e0i h\u00f2a v\u00e0 \u0111\u1eb9p m\u1eaft.<\/p>\n<p class=\"_ilcss0_\"><img loading=\"lazy\" decoding=\"async\" class=\"alignnone size-full wp-image-20619\" src=\"https:\/\/livinghome.vn\/thiet-bi\/wp-content\/uploads\/2024\/04\/may-nuoc-nong-stiebel-eltron-ds-45-ec-10.jpg\" alt=\"\" width=\"1200\" height=\"800\" title=\"\" srcset=\"https:\/\/livinghome.vn\/thiet-bi\/wp-content\/uploads\/2024\/04\/may-nuoc-nong-stiebel-eltron-ds-45-ec-10.jpg 1200w, https:\/\/livinghome.vn\/thiet-bi\/wp-content\/uploads\/2024\/04\/may-nuoc-nong-stiebel-eltron-ds-45-ec-10-600x400.jpg 600w, https:\/\/livinghome.vn\/thiet-bi\/wp-content\/uploads\/2024\/04\/may-nuoc-nong-stiebel-eltron-ds-45-ec-10-768x512.jpg 768w\" sizes=\"auto, (max-width: 1200px) 100vw, 1200px\" \/><\/p>\n<p>V\u1ecf m\u00e1y \u0111\u01b0\u1ee3c ch\u1ebf t\u1ea1o t\u1eeb nh\u1ef1a ABS cao c\u1ea5p, c\u00f3 kh\u1ea3 n\u0103ng ch\u1ed1ng \u0103n m\u00f2n v\u00e0 c\u00e1ch nhi\u1ec7t t\u1ed1t. N\u00f3 c\u0169ng \u0111\u1ea1t chu\u1ea9n ch\u1ed1ng th\u1ea5m n\u01b0\u1edbc IP25, gi\u00fap b\u1ea3o v\u1ec7 c\u00e1c linh ki\u1ec7n b\u00ean trong kh\u1ecfi n\u01b0\u1edbc, ng\u0103n ng\u1eeba s\u1ef1 c\u1ed1 ch\u1eadp ho\u1eb7c ch\u00e1y.<\/p>\n<p>Thanh nhi\u1ec7t \u0111\u01b0\u1ee3c l\u00e0m t\u1eeb \u0111\u1ed3ng, mang l\u1ea1i tu\u1ed5i th\u1ecd cao v\u00e0 kh\u1ea3 n\u0103ng l\u00e0m n\u00f3ng nhanh, hi\u1ec7u qu\u1ea3 trong vi\u1ec7c truy\u1ec1n nhi\u1ec7t, ch\u1ed1ng b\u00e1m c\u1eb7n, v\u00e0 \u0111\u1ea3m b\u1ea3o hi\u1ec7u su\u1ea5t ho\u1ea1t \u0111\u1ed9ng l\u00e2u d\u00e0i.<\/p>\n<p>Stiebel Eltron DS 45 EC s\u1eed d\u1ee5ng c\u01a1 ch\u1ebf l\u00e0m n\u00f3ng tr\u1ef1c ti\u1ebfp, cho ph\u00e9p n\u01b0\u1edbc nhanh ch\u00f3ng \u0111\u1ea1t nhi\u1ec7t \u0111\u1ed9 mong mu\u1ed1n m\u00e0 kh\u00f4ng c\u1ea7n ch\u1edd \u0111\u1ee3i.<\/p>\n<p class=\"_ilcss0_\"><img loading=\"lazy\" decoding=\"async\" class=\"alignnone size-full wp-image-20620\" src=\"https:\/\/livinghome.vn\/thiet-bi\/wp-content\/uploads\/2024\/04\/may-nuoc-nong-stiebel-eltron-ds-45-ec-11.jpg\" alt=\"\" width=\"1200\" height=\"800\" title=\"\" srcset=\"https:\/\/livinghome.vn\/thiet-bi\/wp-content\/uploads\/2024\/04\/may-nuoc-nong-stiebel-eltron-ds-45-ec-11.jpg 1200w, https:\/\/livinghome.vn\/thiet-bi\/wp-content\/uploads\/2024\/04\/may-nuoc-nong-stiebel-eltron-ds-45-ec-11-600x400.jpg 600w, https:\/\/livinghome.vn\/thiet-bi\/wp-content\/uploads\/2024\/04\/may-nuoc-nong-stiebel-eltron-ds-45-ec-11-768x512.jpg 768w\" sizes=\"auto, (max-width: 1200px) 100vw, 1200px\" \/><\/p>\n<p>M\u00e1y n\u01b0\u1edbc n\u00f3ng Stiebel Eltron DS 45 EC c\u00f3 kh\u1ea3 n\u0103ng l\u00e0m n\u00f3ng n\u01b0\u1edbc l\u00ean t\u1edbi 42 \u0111\u1ed9 C, ph\u00f9 h\u1ee3p v\u1edbi nhu c\u1ea7u s\u1eed d\u1ee5ng \u1edf c\u00e1c khu v\u1ef1c c\u00f3 nhi\u1ec7t \u0111\u1ed9 cao h\u01a1n 20\u00b0C. M\u00e1y c\u0169ng \u0111\u01b0\u1ee3c trang b\u1ecb c\u00f4ng su\u1ea5t m\u1ea1nh m\u1ebd 4.500W, \u0111\u1ea3m b\u1ea3o kh\u1ea3 n\u0103ng l\u00e0m n\u00f3ng n\u01b0\u1edbc nhanh ch\u00f3ng v\u00e0 hi\u1ec7u qu\u1ea3.<\/p>\n<p>T\u00ednh n\u0103ng an to\u00e0n \u0111a d\u1ea1ng:<\/p>\n<ul>\n<li><strong>B\u1ed9 \u1ed5n \u0111\u1ecbnh nhi\u1ec7t k\u00e9p:<\/strong> T\u1ef1 \u0111\u1ed9ng ng\u1eaft khi nhi\u1ec7t \u0111\u1ed9 n\u01b0\u1edbc v\u01b0\u1ee3t qu\u00e1 m\u1ee9c an to\u00e0n, b\u1ea3o v\u1ec7 ng\u01b0\u1eddi d\u00f9ng kh\u1ecfi nguy c\u01a1 b\u1ecb b\u1ecfng.<\/li>\n<li><strong>C\u1ea7u dao ch\u1ed1ng r\u00f2 \u0111i\u1ec7n ELCB:<\/strong> Ng\u1eaft ngu\u1ed3n \u0111i\u1ec7n t\u1ee9c th\u1eddi khi c\u00f3 s\u1ef1 c\u1ed1 r\u00f2 r\u1ec9, b\u1ea3o v\u1ec7 ng\u01b0\u1eddi d\u00f9ng kh\u1ecfi nguy c\u01a1 \u0111i\u1ec7n gi\u1eadt.<\/li>\n<li><strong>C\u1ea3m bi\u1ebfn l\u01b0u l\u01b0\u1ee3ng n\u01b0\u1edbc:<\/strong> \u0110o t\u1ed1c \u0111\u1ed9 d\u00f2ng n\u01b0\u1edbc v\u00e0 \u0111i\u1ec1u ch\u1ec9nh c\u00f4ng su\u1ea5t ph\u00f9 h\u1ee3p, ki\u1ec3m so\u00e1t nhi\u1ec7t \u0111\u1ed9 \u0111\u1ea7u ra n\u01b0\u1edbc, ng\u0103n ng\u1eeba n\u01b0\u1edbc qu\u00e1 n\u00f3ng.<\/li>\n<li><strong>V\u1ecf m\u00e1y ch\u1ed1ng n\u01b0\u1edbc IP25:<\/strong> Ch\u1ed1ng th\u1ea5m v\u00e0 ng\u0103n ch\u1eb7n b\u1ee5i b\u1ea9n, v\u1eadt r\u1eafn c\u00f3 \u0111\u01b0\u1eddng k\u00ednh l\u1edbn h\u01a1n 12.5mm x\u00e2m nh\u1eadp, b\u1ea3o v\u1ec7 linh ki\u1ec7n b\u00ean trong.<\/li>\n<\/ul>\n<h4>M\u00e1y \u0111i k\u00e8m v\u1edbi v\u00f2i sen 5 ch\u1ebf \u0111\u1ed9 phun g\u1ed3m: phun m\u1ea1nh, phun r\u1ed9ng, phun massage, phun d\u1ea1ng m\u01b0a v\u00e0 phun s\u01b0\u01a1ng, cho ph\u00e9p ng\u01b0\u1eddi d\u00f9ng t\u00f9y ch\u1ec9nh d\u1ec5 d\u00e0ng theo nhu c\u1ea7u c\u00e1 nh\u00e2n<\/h4>\n<h4>.<img loading=\"lazy\" decoding=\"async\" class=\"alignnone size-full wp-image-20618\" src=\"https:\/\/livinghome.vn\/thiet-bi\/wp-content\/uploads\/2024\/04\/may-nuoc-nong-stiebel-eltron-ds-45-ec-12.jpg\" alt=\"\" width=\"1200\" height=\"800\" title=\"\" srcset=\"https:\/\/livinghome.vn\/thiet-bi\/wp-content\/uploads\/2024\/04\/may-nuoc-nong-stiebel-eltron-ds-45-ec-12.jpg 1200w, https:\/\/livinghome.vn\/thiet-bi\/wp-content\/uploads\/2024\/04\/may-nuoc-nong-stiebel-eltron-ds-45-ec-12-600x400.jpg 600w, https:\/\/livinghome.vn\/thiet-bi\/wp-content\/uploads\/2024\/04\/may-nuoc-nong-stiebel-eltron-ds-45-ec-12-768x512.jpg 768w\" sizes=\"auto, (max-width: 1200px) 100vw, 1200px\" \/><\/h4>\n<div>M\u00e1y n\u01b0\u1edbc n\u00f3ng Stiebel Eltron DS 45 EC \u0111\u01b0\u1ee3c thi\u1ebft k\u1ebf \u0111\u1ec3 t\u01b0\u01a1ng th\u00edch v\u1edbi \u0111i\u1ec7n t\u1eeb EMC. Trong qu\u00e1 tr\u00ecnh s\u1eed d\u1ee5ng, c\u00e1c s\u00f3ng \u0111i\u1ec7n t\u1eeb \u0111\u01b0\u1ee3c ph\u00e1t ra \u1edf m\u1ee9c th\u1ea5p, kh\u00f4ng g\u00e2y nhi\u1ec5u cho c\u00e1c thi\u1ebft b\u1ecb \u0111i\u1ec7n kh\u00e1c, \u0111\u1eb7c bi\u1ec7t l\u00e0 c\u00e1c thi\u1ebft b\u1ecb y t\u1ebf. \u0110i\u1ec1u n\u00e0y \u0111\u00f3ng g\u00f3p v\u00e0o vi\u1ec7c b\u1ea3o v\u1ec7 an to\u00e0n s\u1ee9c kh\u1ecfe c\u1ee7a ng\u01b0\u1eddi s\u1eed d\u1ee5ng.<\/div>\n<p><strong>L\u01b0u \u00fd:<\/strong> H\u00ecnh \u1ea3nh s\u1ea3n ph\u1ea9m ch\u1ec9 c\u00f3 t\u00ednh ch\u1ea5t minh h\u1ecda<\/p>\n","protected":false},"excerpt":{"rendered":"<p>C\u00f4ng su\u1ea5t: 4.500W<\/p>\n<p>Chu\u1ea9n ch\u1ed1ng n\u01b0\u1edbc: IP25<\/p>\n<p>Ch\u1ed1ng gi\u1eadt ELCB: C\u00f3<\/p>\n<p>\u00c1p l\u1ef1c: 0.015 Mpa &#8211; 0.5 Mpa<\/p>\n<p>Ch\u1ebf \u0111\u1ed9 v\u00f2i sen: 5 ch\u1ebf \u0111\u1ed9 phun<\/p>\n<p>Nhi\u1ec7t \u0111\u1ed9 t\u1ed1i \u0111a: 42 \u0111\u1ed9 C<\/p>\n<p>T\u00f9y ch\u1ec9nh nhi\u1ec7t \u0111\u1ed9: Nhi\u1ec1u m\u1ee9c \u0111\u1ed9<\/p>\n<p>N\u00fat \u0111i\u1ec1u ch\u1ec9nh: N\u00fam v\u1eb7n<\/p>\n<p>Ch\u1ea5t li\u1ec7u v\u00f2i sen: Nh\u1ef1a ABS<\/p>\n<p>Ch\u1ea5t li\u1ec7u v\u1ecf: Nh\u1ef1a ABS<\/p>\n<p>Ngu\u1ed3n \u0111i\u1ec7n \u00e1p: 220V &#8211; 240V \/ 50Hz &#8211; 60Hz<\/p>\n<p>K\u00edch th\u01b0\u1edbc: Cao x r\u1ed9ng x s\u00e2u\u00a0(34.2cm x 21.2cm x 9.5cm)<\/p>\n<p>Tr\u1ecdng l\u01b0\u1ee3ng s\u1ea3n ph\u1ea9m: 1,6kg<\/p>\n<p>Xu\u1ea5t x\u1ee9 th\u01b0\u01a1ng hi\u1ec7u: \u0110\u1ee9c<\/p>\n<p>S\u1ea3n xu\u1ea5t t\u1ea1i: Th\u00e1i Lan<\/p>\n<p>B\u1ea3o h\u00e0nh: 24 th\u00e1ng<\/p>\n<p>&nbsp;<\/p>\n","protected":false},"featured_media":21210,"comment_status":"open","ping_status":"closed","template":"","meta":[],"product_brand":[],"product_cat":[540,1986,1979,1987,1937],"product_tag":[1980,1993,2004,1936],"class_list":{"0":"post-20608","1":"product","2":"type-product","3":"status-publish","4":"has-post-thumbnail","6":"product_cat-may-nong-lanh","7":"product_cat-may-nong-lanh-stiebel-eltron","8":"product_cat-may-nuoc-nong","9":"product_cat-may-nuoc-nong-stiebel-eltron","10":"product_cat-thuong-hieu-stiebel-eltron","11":"product_tag-may-nuoc-nong","12":"product_tag-may-nuoc-nong-stiebel-eltron","13":"product_tag-may-nuoc-nong-truc-tiep","14":"product_tag-stiebel-eltron","16":"first","17":"instock","18":"sale","19":"shipping-taxable","20":"purchasable","21":"product-type-simple"},"_links":{"self":[{"href":"https:\/\/livinghome.vn\/thiet-bi\/wp-json\/wp\/v2\/product\/20608","targetHints":{"allow":["GET"]}}],"collection":[{"href":"https:\/\/livinghome.vn\/thiet-bi\/wp-json\/wp\/v2\/product"}],"about":[{"href":"https:\/\/livinghome.vn\/thiet-bi\/wp-json\/wp\/v2\/types\/product"}],"replies":[{"embeddable":true,"href":"https:\/\/livinghome.vn\/thiet-bi\/wp-json\/wp\/v2\/comments?post=20608"}],"wp:featuredmedia":[{"embeddable":true,"href":"https:\/\/livinghome.vn\/thiet-bi\/wp-json\/wp\/v2\/media\/21210"}],"wp:attachment":[{"href":"https:\/\/livinghome.vn\/thiet-bi\/wp-json\/wp\/v2\/media?parent=20608"}],"wp:term":[{"taxonomy":"product_brand","embeddable":true,"href":"https:\/\/livinghome.vn\/thiet-bi\/wp-json\/wp\/v2\/product_brand?post=20608"},{"taxonomy":"product_cat","embeddable":true,"href":"https:\/\/livinghome.vn\/thiet-bi\/wp-json\/wp\/v2\/product_cat?post=20608"},{"taxonomy":"product_tag","embeddable":true,"href":"https:\/\/livinghome.vn\/thiet-bi\/wp-json\/wp\/v2\/product_tag?post=20608"}],"curies":[{"name":"wp","href":"https:\/\/api.w.org\/{rel}","templated":true}]}}