{"id":20595,"date":"2024-04-22T10:28:31","date_gmt":"2024-04-22T03:28:31","guid":{"rendered":"https:\/\/livinghome.vn\/thiet-bi\/?post_type=product&#038;p=20595"},"modified":"2024-11-29T15:55:40","modified_gmt":"2024-11-29T08:55:40","slug":"may-nuoc-nong-gian-tiep-stiebel-eltron-esh-30-h-plus-t-vn","status":"publish","type":"product","link":"https:\/\/livinghome.vn\/thiet-bi\/may-nuoc-nong-gian-tiep-stiebel-eltron-esh-30-h-plus-t-vn\/","title":{"rendered":"M\u00e1y N\u01b0\u1edbc N\u00f3ng Gi\u00e1n Ti\u1ebfp Stiebel Eltron ESH 30 H Plus T-VN, 30 L\u00edt, Th\u00e1i Lan"},"content":{"rendered":"<p><span style=\"font-weight: 400;\">M\u00e1y n\u01b0\u1edbc n\u00f3ng Stiebel Eltron ESH 30 H Plus T-VN c\u00f3 dung t\u00edch b\u00ecnh 30 l\u00edt, ho\u1ea1t \u0111\u1ed9ng v\u1edbi c\u00f4ng su\u1ea5t 2.500W cho kh\u1ea3 n\u0103ng l\u00e0m n\u01b0\u1edbc n\u00f3ng t\u1edbi nhi\u1ec7t \u0111\u1ed9 t\u1ed1i \u0111a kho\u1ea3ng 75\u00b0C. V\u1edbi c\u00e1c t\u00ednh n\u0103ng ch\u1ec9nh nhi\u1ec7t \u0111\u1ed9 \u1edf nhi\u1ec1u m\u1ee9c b\u1eb1ng n\u00fat v\u1eb7n, thanh nhi\u1ec7t l\u00e0m b\u1eb1ng \u0111\u1ed3ng, c\u00f3 c\u1ea7u dao ch\u1ed1ng r\u00f2 \u0111i\u1ec7n ELCB, v\u1ecf ch\u1ed1ng th\u1ea5m n\u01b0\u1edbc IP24 \u0111\u1ea3m b\u1ea3o an to\u00e0n khi s\u1eed d\u1ee5ng.\u00a0<\/span><\/p>\n<h2><span style=\"font-weight: 400;\">\u0110\u1eb7c \u0111i\u1ec3m n\u1ed5i b\u1eadt c\u1ee7a m\u00e1y n\u01b0\u1edbc n\u00f3ng<\/span><\/h2>\n<ul>\n<li style=\"font-weight: 400;\"><span style=\"font-weight: 400;\"><strong>C\u00f4ng su\u1ea5t l\u00e0m n\u00f3ng:<\/strong> 2500W l\u00e0m n\u01b0\u1edbc n\u00f3ng nhanh ch\u00f3ng<\/span><\/li>\n<li style=\"font-weight: 400;\"><span style=\"font-weight: 400;\"><strong>Nhi\u1ec7t \u0111\u1ed9:<\/strong> 75 \u0111\u1ed9 C s\u1ebd ph\u00f9 h\u1ee3p cho c\u00e1c v\u00f9ng c\u00f3 kh\u00ed h\u1eadu l\u1ea1nh d\u01b0\u1edbi 20\u00b0C nh\u01b0 khu v\u1ef1c mi\u1ec1n B\u1eafc.\u00a0<\/span><\/li>\n<li style=\"font-weight: 400;\"><span style=\"font-weight: 400;\"><strong>Dung t\u00edch b\u00ecnh:<\/strong> 30 l\u00edt ph\u00f9 h\u1ee3p v\u1edbi nh\u1eefng gia \u0111\u00ecnh c\u00f3 kho\u1ea3ng 3 &#8211; 5 th\u00e0nh vi\u00ean.<\/span><\/li>\n<li style=\"font-weight: 400;\"><span style=\"font-weight: 400;\"><strong>C\u1ea7u dao ch\u1ed1ng r\u00f2 \u0111i\u1ec7n ELCB:<\/strong> \u0111\u1ea3m b\u1ea3o an to\u00e0n, ph\u00f2ng ch\u1ed1ng ch\u00e1y n\u1ed5.<\/span><\/li>\n<li style=\"font-weight: 400;\"><span style=\"font-weight: 400;\"><strong>Thanh nhi\u1ec7t b\u1eb1ng \u0111\u1ed3ng:<\/strong> ch\u1ed1ng \u0103n m\u00f2n, \u0111\u1ed9 b\u1ec1n cao.<\/span><\/li>\n<li style=\"font-weight: 400;\"><span style=\"font-weight: 400;\"><strong>N\u00fam v\u1eb7n:<\/strong> t\u00f9y ch\u1ec9nh nhi\u1ec7t \u0111\u1ed9 d\u1ec5 d\u00e0ng \u1edf nhi\u1ec1u m\u1ee9c.\u00a0<\/span><\/li>\n<li style=\"font-weight: 400;\"><span style=\"font-weight: 400;\"><strong>B\u00ecnh c\u00f3 l\u1edbp c\u00e1ch nhi\u1ec7t m\u1eadt \u0111\u1ed9 cao PU:<\/strong> gi\u00fap gi\u1eef n\u00f3ng n\u01b0\u1edbc l\u00e2u h\u01a1n.<\/span><\/li>\n<\/ul>\n<p><img loading=\"lazy\" decoding=\"async\" class=\"alignnone size-medium wp-image-20622\" src=\"https:\/\/livinghome.vn\/thiet-bi\/wp-content\/uploads\/2024\/04\/may-nuoc-nong-stiebel-eltron-esh-30-h-plus-vn-1-533x400.jpg\" alt=\"M\u00e1y n\u01b0\u1edbc n\u00f3ng gi\u00e1n ti\u1ebfp Stiebel Eltron ESH 30 H Plus T-VN \" width=\"533\" height=\"400\" title=\"\" srcset=\"https:\/\/livinghome.vn\/thiet-bi\/wp-content\/uploads\/2024\/04\/may-nuoc-nong-stiebel-eltron-esh-30-h-plus-vn-1-533x400.jpg 533w, https:\/\/livinghome.vn\/thiet-bi\/wp-content\/uploads\/2024\/04\/may-nuoc-nong-stiebel-eltron-esh-30-h-plus-vn-1-1067x800.jpg 1067w, https:\/\/livinghome.vn\/thiet-bi\/wp-content\/uploads\/2024\/04\/may-nuoc-nong-stiebel-eltron-esh-30-h-plus-vn-1-768x576.jpg 768w, https:\/\/livinghome.vn\/thiet-bi\/wp-content\/uploads\/2024\/04\/may-nuoc-nong-stiebel-eltron-esh-30-h-plus-vn-1-600x450.jpg 600w, https:\/\/livinghome.vn\/thiet-bi\/wp-content\/uploads\/2024\/04\/may-nuoc-nong-stiebel-eltron-esh-30-h-plus-vn-1.jpg 1200w\" sizes=\"auto, (max-width: 533px) 100vw, 533px\" \/><\/p>\n<h2><span style=\"font-weight: 400;\">\u0110\u00e1nh gi\u00e1 chi ti\u1ebft\u00a0<\/span><\/h2>\n<p><span style=\"font-weight: 400;\">M\u00e1y n\u01b0\u1edbc n\u00f3ng Stiebel Eltron s\u1edf h\u1eefu ki\u1ec3u d\u00e1ng h\u00ecnh tr\u1ee5 n\u1eb1m ngang, gam m\u00e0u tr\u1eafng t\u01b0\u01a1i s\u00e1ng d\u1ec5 d\u00e0ng h\u00f2a h\u1ee3p v\u1edbi m\u1ecdi kh\u00f4ng gian n\u1ed9i th\u1ea5t, mang \u0111\u1ebfn \u0111i\u1ec3m nh\u1ea5n tinh t\u1ebf cho ph\u00f2ng t\u1eafm.<\/span><\/p>\n<p><img loading=\"lazy\" decoding=\"async\" class=\"alignnone size-medium wp-image-20623\" src=\"https:\/\/livinghome.vn\/thiet-bi\/wp-content\/uploads\/2024\/04\/may-nuoc-nong-stiebel-eltron-esh-30-h-plus-vn-2-600x400.jpg\" alt=\"M\u00e1y n\u01b0\u1edbc n\u00f3ng gi\u00e1n ti\u1ebfp Stiebel Eltron ESH 30 H Plus T-VN \" width=\"600\" height=\"400\" title=\"\" srcset=\"https:\/\/livinghome.vn\/thiet-bi\/wp-content\/uploads\/2024\/04\/may-nuoc-nong-stiebel-eltron-esh-30-h-plus-vn-2-600x400.jpg 600w, https:\/\/livinghome.vn\/thiet-bi\/wp-content\/uploads\/2024\/04\/may-nuoc-nong-stiebel-eltron-esh-30-h-plus-vn-2-768x512.jpg 768w, https:\/\/livinghome.vn\/thiet-bi\/wp-content\/uploads\/2024\/04\/may-nuoc-nong-stiebel-eltron-esh-30-h-plus-vn-2.jpg 1200w\" sizes=\"auto, (max-width: 600px) 100vw, 600px\" \/><\/p>\n<p><span style=\"font-weight: 400;\">M\u00e1y n\u01b0\u1edbc n\u00f3ng Stiebel Eltron ESH 30 H Plus T-VN trang b\u1ecb c\u00f4ng su\u1ea5t l\u00e0m n\u00f3ng 2.500W, s\u1eed d\u1ee5ng ngu\u1ed3n \u0111i\u1ec7n 1 pha 220V &#8211; 240V s\u1ebd cung c\u1ea5p n\u01b0\u1edbc n\u00f3ng \u0111\u1ea1t \u0111\u1ebfn m\u1ee9c nhi\u1ec7t \u0111\u1ed9 kho\u1ea3ng 75\u00b0C, l\u00e0 l\u1ef1a ch\u1ecdn l\u00fd t\u01b0\u1edfng cho khu v\u1ef1c mi\u1ec1n B\u1eafc ho\u1eb7c nh\u1eefng n\u01a1i c\u00f3 nhi\u1ec7t \u0111\u1ed9 d\u01b0\u1edbi 20 \u0111\u1ed9 C.<\/span><\/p>\n<p><img loading=\"lazy\" decoding=\"async\" class=\"alignnone size-medium wp-image-20624\" src=\"https:\/\/livinghome.vn\/thiet-bi\/wp-content\/uploads\/2024\/04\/may-nuoc-nong-stiebel-eltron-esh-30-h-plus-vn-3-600x400.jpg\" alt=\"M\u00e1y n\u01b0\u1edbc n\u00f3ng gi\u00e1n ti\u1ebfp Stiebel Eltron ESH 30 H Plus T-VN \" width=\"600\" height=\"400\" title=\"\" srcset=\"https:\/\/livinghome.vn\/thiet-bi\/wp-content\/uploads\/2024\/04\/may-nuoc-nong-stiebel-eltron-esh-30-h-plus-vn-3-600x400.jpg 600w, https:\/\/livinghome.vn\/thiet-bi\/wp-content\/uploads\/2024\/04\/may-nuoc-nong-stiebel-eltron-esh-30-h-plus-vn-3-768x512.jpg 768w, https:\/\/livinghome.vn\/thiet-bi\/wp-content\/uploads\/2024\/04\/may-nuoc-nong-stiebel-eltron-esh-30-h-plus-vn-3.jpg 1200w\" sizes=\"auto, (max-width: 600px) 100vw, 600px\" \/><\/p>\n<p><span style=\"font-weight: 400;\">B\u1ea3ng \u0111i\u1ec1u khi\u1ec3n d\u1ea1ng n\u00fat v\u1eb7n k\u00e8m v\u1edbi ch\u1ebf \u0111\u1ed9 hi\u1ec3n th\u1ecb c\u00e1c m\u1ee9c nhi\u1ec7t \u0111\u1ed9 b\u1eb1ng \u0111\u00e8n Led d\u1ec5 quan s\u00e1t v\u00e0 \u0111i\u1ec1u ch\u1ec9nh m\u1ee9c nhi\u1ec7t mong mu\u1ed1n.\u00a0<\/span><\/p>\n<p><img loading=\"lazy\" decoding=\"async\" class=\"alignnone size-medium wp-image-20626\" src=\"https:\/\/livinghome.vn\/thiet-bi\/wp-content\/uploads\/2024\/04\/may-nuoc-nong-stiebel-eltron-esh-30-h-plus-vn-4-600x400.jpg\" alt=\"M\u00e1y n\u01b0\u1edbc n\u00f3ng Stiebel Eltron ESH 30 H Plus T-VN trang b\u1ecb c\u00f4ng su\u1ea5t l\u00e0m n\u00f3ng 2.500W, s\u1eed d\u1ee5ng ngu\u1ed3n \u0111i\u1ec7n 1 pha 220V - 240V s\u1ebd cung c\u1ea5p n\u01b0\u1edbc n\u00f3ng \u0111\u1ea1t \u0111\u1ebfn m\u1ee9c nhi\u1ec7t \u0111\u1ed9 kho\u1ea3ng 75\u00b0C, l\u00e0 l\u1ef1a ch\u1ecdn l\u00fd t\u01b0\u1edfng cho khu v\u1ef1c mi\u1ec1n B\u1eafc ho\u1eb7c nh\u1eefng n\u01a1i c\u00f3 nhi\u1ec7t \u0111\u1ed9 d\u01b0\u1edbi 20 \u0111\u1ed9 C.\" width=\"600\" height=\"400\" title=\"\" srcset=\"https:\/\/livinghome.vn\/thiet-bi\/wp-content\/uploads\/2024\/04\/may-nuoc-nong-stiebel-eltron-esh-30-h-plus-vn-4-600x400.jpg 600w, https:\/\/livinghome.vn\/thiet-bi\/wp-content\/uploads\/2024\/04\/may-nuoc-nong-stiebel-eltron-esh-30-h-plus-vn-4-768x512.jpg 768w, https:\/\/livinghome.vn\/thiet-bi\/wp-content\/uploads\/2024\/04\/may-nuoc-nong-stiebel-eltron-esh-30-h-plus-vn-4.jpg 1200w\" sizes=\"auto, (max-width: 600px) 100vw, 600px\" \/><\/p>\n<p><span style=\"font-weight: 400;\">M\u00e1y n\u01b0\u1edbc n\u00f3ng s\u1edf h\u1eefu v\u1ecf nh\u1ef1a PP b\u1ec1n b\u1ec9, c\u1ee9ng c\u00e1p, ch\u1ed1ng \u0103n m\u00f2n, cho hi\u1ec7u qu\u1ea3 c\u00e1ch nhi\u1ec7t t\u1ed1t.\u00a0<\/span><\/p>\n<p><span style=\"font-weight: 400;\">B\u00ecnh ch\u1ee9a n\u01b0\u1edbc c\u00f3 l\u00f5i th\u00e9p tr\u00e1ng men v\u1edbi m\u1eb7t b\u00edch gia nhi\u1ec7t, t\u1ea1o \u0111\u1ed9 k\u00edn cho c\u00e1c \u0111\u01b0\u1eddng h\u00e0n t\u1ed1t h\u01a1n, n\u00e2ng cao tu\u1ed5i th\u1ecd cho b\u00ecnh ch\u1ee9a, kh\u00f4ng b\u1ecb t\u00ecnh tr\u1ea1ng r\u00f2 r\u1ec9 n\u01b0\u1edbc.\u00a0<\/span><\/p>\n<p><img loading=\"lazy\" decoding=\"async\" class=\"alignnone size-medium wp-image-20627\" src=\"https:\/\/livinghome.vn\/thiet-bi\/wp-content\/uploads\/2024\/04\/may-nuoc-nong-stiebel-eltron-esh-30-h-plus-vn-5-600x400.jpg\" alt=\"M\u00e1y n\u01b0\u1edbc n\u00f3ng Stiebel Eltron ESH 30 H Plus T-VN trang b\u1ecb c\u00f4ng su\u1ea5t l\u00e0m n\u00f3ng 2.500W, s\u1eed d\u1ee5ng ngu\u1ed3n \u0111i\u1ec7n 1 pha 220V - 240V s\u1ebd cung c\u1ea5p n\u01b0\u1edbc n\u00f3ng \u0111\u1ea1t \u0111\u1ebfn m\u1ee9c nhi\u1ec7t \u0111\u1ed9 kho\u1ea3ng 75\u00b0C, l\u00e0 l\u1ef1a ch\u1ecdn l\u00fd t\u01b0\u1edfng cho khu v\u1ef1c mi\u1ec1n B\u1eafc ho\u1eb7c nh\u1eefng n\u01a1i c\u00f3 nhi\u1ec7t \u0111\u1ed9 d\u01b0\u1edbi 20 \u0111\u1ed9 C.\" width=\"600\" height=\"400\" title=\"\" srcset=\"https:\/\/livinghome.vn\/thiet-bi\/wp-content\/uploads\/2024\/04\/may-nuoc-nong-stiebel-eltron-esh-30-h-plus-vn-5-600x400.jpg 600w, https:\/\/livinghome.vn\/thiet-bi\/wp-content\/uploads\/2024\/04\/may-nuoc-nong-stiebel-eltron-esh-30-h-plus-vn-5-768x512.jpg 768w, https:\/\/livinghome.vn\/thiet-bi\/wp-content\/uploads\/2024\/04\/may-nuoc-nong-stiebel-eltron-esh-30-h-plus-vn-5.jpg 1200w\" sizes=\"auto, (max-width: 600px) 100vw, 600px\" \/><\/p>\n<p><span style=\"font-weight: 400;\">Dung t\u00edch b\u00ecnh ch\u1ee9a n\u01b0\u1edbc l\u00ean t\u1edbi 30 l\u00edt ph\u00f9 h\u1ee3p v\u1edbi nhu c\u1ea7u t\u1eafm n\u01b0\u1edbc n\u00f3ng h\u00e0ng ng\u00e0y c\u1ee7a gia \u0111\u00ecnh c\u00f3 t\u1eeb 3 &#8211; 5 th\u00e0nh vi\u00ean.<\/span><\/p>\n<p><img loading=\"lazy\" decoding=\"async\" class=\"alignnone size-medium wp-image-20628\" src=\"https:\/\/livinghome.vn\/thiet-bi\/wp-content\/uploads\/2024\/04\/may-nuoc-nong-stiebel-eltron-esh-30-h-plus-vn-6-600x400.jpg\" alt=\"M\u00e1y n\u01b0\u1edbc n\u00f3ng Stiebel Eltron ESH 30 H Plus T-VN trang b\u1ecb c\u00f4ng su\u1ea5t l\u00e0m n\u00f3ng 2.500W, s\u1eed d\u1ee5ng ngu\u1ed3n \u0111i\u1ec7n 1 pha 220V - 240V s\u1ebd cung c\u1ea5p n\u01b0\u1edbc n\u00f3ng \u0111\u1ea1t \u0111\u1ebfn m\u1ee9c nhi\u1ec7t \u0111\u1ed9 kho\u1ea3ng 75\u00b0C, l\u00e0 l\u1ef1a ch\u1ecdn l\u00fd t\u01b0\u1edfng cho khu v\u1ef1c mi\u1ec1n B\u1eafc ho\u1eb7c nh\u1eefng n\u01a1i c\u00f3 nhi\u1ec7t \u0111\u1ed9 d\u01b0\u1edbi 20 \u0111\u1ed9 C.\" width=\"600\" height=\"400\" title=\"\" srcset=\"https:\/\/livinghome.vn\/thiet-bi\/wp-content\/uploads\/2024\/04\/may-nuoc-nong-stiebel-eltron-esh-30-h-plus-vn-6-600x400.jpg 600w, https:\/\/livinghome.vn\/thiet-bi\/wp-content\/uploads\/2024\/04\/may-nuoc-nong-stiebel-eltron-esh-30-h-plus-vn-6-768x512.jpg 768w, https:\/\/livinghome.vn\/thiet-bi\/wp-content\/uploads\/2024\/04\/may-nuoc-nong-stiebel-eltron-esh-30-h-plus-vn-6.jpg 1200w\" sizes=\"auto, (max-width: 600px) 100vw, 600px\" \/><\/p>\n<p>M\u00e1y n\u01b0\u1edbc n\u00f3ng trang b\u1ecb nhi\u1ec1u ch\u1ebf \u0111\u1ed9 an to\u00e0n ti\u00ean ti\u1ebfn:<\/p>\n<ul>\n<li style=\"font-weight: 400;\"><b>C\u1ea7u dao ch\u1ed1ng r\u00f2 \u0111i\u1ec7n ELCB:<\/b><span style=\"font-weight: 400;\"> S\u1ebd t\u1ef1 \u0111\u1ed9ng ng\u1eaft k\u1ebft n\u1ed1i gi\u1eefa b\u00ecnh n\u00f3ng l\u1ea1nh v\u1edbi m\u1ea1ch \u0111i\u1ec7n b\u1ea5t c\u1ee9 l\u00fac n\u00e0o x\u1ea3y ra hi\u1ec7n t\u01b0\u1ee3ng r\u00f2 \u0111i\u1ec7n khi c\u01a1 th\u1ec3 ng\u01b0\u1eddi ch\u1ea1m ph\u1ea3i nh\u1eefng ph\u1ea7n m\u1ea1ng \u0111i\u1ec7n c\u1ee7a m\u00e1y.\u00a0<\/span><\/li>\n<li style=\"font-weight: 400;\"><b>C\u00f4ng ngh\u1ec7 gi\u1edbi h\u1ea1n r\u00f2 r\u1ec9 \u0111i\u1ec7n (CLL):<\/b><span style=\"font-weight: 400;\"> H\u1ed7 tr\u1ee3 b\u1ea3o v\u1ec7 k\u00e9p cho m\u00e1y n\u01b0\u1edbc n\u00f3ng tr\u00e1nh kh\u1ecfi t\u00ecnh tr\u1ea1ng \u0111i\u1ec7n gi\u1eadt v\u1edbi kh\u1ea3 n\u0103ng c\u00e1ch nhi\u1ec7t ho\u00e0n to\u00e0n.<\/span><\/li>\n<li style=\"font-weight: 400;\"><b>T\u00ednh n\u0103ng c\u00e1ch \u0111i\u1ec7n:<\/b><span style=\"font-weight: 400;\"> Gi\u00fap t\u0103ng c\u01b0\u1eddng \u0111\u1ed9 an to\u00e0n cho c\u00e1c thi\u1ebft b\u1ecb \u0111i\u1ec7n trong nh\u00e0 khi xu\u1ea5t hi\u1ec7n s\u1ef1 c\u1ed1 r\u00f2 \u0111i\u1ec7n.<\/span><\/li>\n<li style=\"font-weight: 400;\"><b>V\u1ecf m\u00e1y ch\u1ed1ng th\u1ea5m n\u01b0\u1edbc theo ti\u00eau chu\u1ea9n IP24:<\/b><span style=\"font-weight: 400;\"> Gi\u00fap h\u1ea1n ch\u1ebf b\u1ee5i b\u1ea9n, tia n\u01b0\u1edbc nh\u1ecf th\u1ea5m v\u00e0o trong, tr\u00e1nh l\u00e0m h\u01b0 h\u1ecfng c\u00e1c linh ki\u1ec7n c\u1ee7a m\u00e1y, gi\u00fap s\u1eed d\u1ee5ng an to\u00e0n, k\u00e9o d\u00e0i tu\u1ed5i th\u1ecd cho m\u00e1y.<\/span><\/li>\n<\/ul>\n<p><span style=\"font-weight: 400;\">Ngo\u00e0i nh\u1eefng t\u00ednh n\u0103ng k\u1ec3 tr\u00ean, m\u00e1y n\u01b0\u1edbc n\u00f3ng c\u00f2n \u0111i k\u00e8m m\u1ed9t s\u1ed1 ti\u1ec7n \u00edch kh\u00e1c nh\u01b0:<\/span><\/p>\n<ul>\n<li style=\"font-weight: 400;\"><b>T\u01b0\u01a1ng th\u00edch \u0111i\u1ec7n t\u1eeb EMC:<\/b><span style=\"font-weight: 400;\"> Gi\u1eef cho b\u00ecnh n\u00f3ng l\u1ea1nh ho\u1ea1t \u0111\u1ed9ng b\u00ecnh th\u01b0\u1eddng trong m\u00f4i tr\u01b0\u1eddng \u0111i\u1ec7n t\u1eed, tr\u00e1nh g\u00e2y nhi\u1ec5u \u0111\u1ebfn nh\u1eefng thi\u1ebft b\u1ecb, h\u1ec7 th\u1ed1ng thi\u1ebft b\u1ecb b\u1ed1 tr\u00ed xung quanh.<\/span><\/li>\n<li style=\"font-weight: 400;\"><b>Thanh nhi\u1ec7t b\u1eb1ng \u0111\u1ed3ng:<\/b><span style=\"font-weight: 400;\"> C\u00f3 tu\u1ed5i th\u1ecd cao, v\u1eeba mang l\u1ea1i hi\u1ec7u qu\u1ea3 l\u00e0m n\u00f3ng n\u01b0\u1edbc nhanh l\u1ea1i h\u1ea1n ch\u1ebf \u0103n m\u00f2n, s\u1eed d\u1ee5ng b\u1ec1n l\u00e2u.\u00a0\u00a0<\/span><\/li>\n<\/ul>\n<p><b>L\u01b0u \u00fd:<\/b><span style=\"font-weight: 400;\"> H\u00ecnh \u1ea3nh s\u1ea3n ph\u1ea9m ch\u1ec9 c\u00f3 t\u00ednh ch\u1ea5t minh h\u1ecda, chi ti\u1ebft s\u1ea3n ph\u1ea9m, m\u00e0u s\u1eafc, thi\u1ebft k\u1ebf v\u00e0 th\u00f4ng s\u1ed1 k\u1ef9 thu\u1eadt c\u00f3 th\u1ec3 thay \u0111\u1ed5i t\u00f9y theo s\u1ea3n ph\u1ea9m th\u1ef1c t\u1ebf m\u00e0 kh\u00f4ng c\u1ea7n th\u00f4ng b\u00e1o tr\u01b0\u1edbc.<\/span><\/p>\n","protected":false},"excerpt":{"rendered":"<p><span style=\"font-weight: 400;\">C\u00f4ng su\u1ea5t: 2.500W<\/span><\/p>\n<p>Dung t\u00edch binhfL 30 l\u00edt<\/p>\n<p><span style=\"font-weight: 400;\">Chu\u1ea9n ch\u1ed1ng n\u01b0\u1edbc: IP24<\/span><\/p>\n<p><span style=\"font-weight: 400;\">Ch\u1ed1ng gi\u1eadt ELCB: C\u00f3<\/span><\/p>\n<p><span style=\"font-weight: 400;\">\u00c1p l\u1ef1c: 0.8 Mpa<\/span><\/p>\n<p><span style=\"font-weight: 400;\">Nhi\u1ec7t \u0111\u1ed9 t\u1ed1i \u0111a: 75 \u0111\u1ed9 C<\/span><\/p>\n<p><span style=\"font-weight: 400;\">T\u00f9y ch\u1ec9nh nhi\u1ec7t \u0111\u1ed9: Nhi\u1ec1u m\u1ee9c \u0111\u1ed9<\/span><\/p>\n<p><span style=\"font-weight: 400;\">N\u00fat \u0111i\u1ec1u ch\u1ec9nh: N\u00fam v\u1eb7n<\/span><\/p>\n<p><span style=\"font-weight: 400;\">Ch\u1ea5t li\u1ec7u v\u1ecf: Nh\u1ef1a PP<\/span><\/p>\n<p><span style=\"font-weight: 400;\">Ngu\u1ed3n \u0111i\u1ec7n \u00e1p: 220V \u2013 240V \/ 50Hz \u2013 60Hz<\/span><\/p>\n<p><span style=\"font-weight: 400;\">K\u00edch th\u01b0\u1edbc: Cao x r\u1ed9ng x s\u00e2u (43.5cm x 52.7cm x 44.5cm)<\/span><\/p>\n<p><span style=\"font-weight: 400;\">Tr\u1ecdng l\u01b0\u1ee3ng s\u1ea3n ph\u1ea9m: 14.3kg<\/span><\/p>\n<p><span style=\"font-weight: 400;\">Xu\u1ea5t x\u1ee9 th\u01b0\u01a1ng hi\u1ec7u: \u0110\u1ee9c<\/span><\/p>\n<p><span style=\"font-weight: 400;\">S\u1ea3n xu\u1ea5t t\u1ea1i: Th\u00e1i Lan<\/span><\/p>\n<p><span style=\"font-weight: 400;\">B\u1ea3o h\u00e0nh: 24 th\u00e1ng<\/span><\/p>\n","protected":false},"featured_media":21197,"comment_status":"open","ping_status":"closed","template":"","meta":[],"product_brand":[],"product_cat":[15,540,1979,1987,1937],"product_tag":[2007,1980,2006,1993,1936],"class_list":{"0":"post-20595","1":"product","2":"type-product","3":"status-publish","4":"has-post-thumbnail","6":"product_cat-khac","7":"product_cat-may-nong-lanh","8":"product_cat-may-nuoc-nong","9":"product_cat-may-nuoc-nong-stiebel-eltron","10":"product_cat-thuong-hieu-stiebel-eltron","11":"product_tag-binh-nuoc-nong-gian-tiep","12":"product_tag-may-nuoc-nong","13":"product_tag-may-nuoc-nong-gian-tiep","14":"product_tag-may-nuoc-nong-stiebel-eltron","15":"product_tag-stiebel-eltron","17":"first","18":"instock","19":"sale","20":"shipping-taxable","21":"purchasable","22":"product-type-simple"},"_links":{"self":[{"href":"https:\/\/livinghome.vn\/thiet-bi\/wp-json\/wp\/v2\/product\/20595","targetHints":{"allow":["GET"]}}],"collection":[{"href":"https:\/\/livinghome.vn\/thiet-bi\/wp-json\/wp\/v2\/product"}],"about":[{"href":"https:\/\/livinghome.vn\/thiet-bi\/wp-json\/wp\/v2\/types\/product"}],"replies":[{"embeddable":true,"href":"https:\/\/livinghome.vn\/thiet-bi\/wp-json\/wp\/v2\/comments?post=20595"}],"wp:featuredmedia":[{"embeddable":true,"href":"https:\/\/livinghome.vn\/thiet-bi\/wp-json\/wp\/v2\/media\/21197"}],"wp:attachment":[{"href":"https:\/\/livinghome.vn\/thiet-bi\/wp-json\/wp\/v2\/media?parent=20595"}],"wp:term":[{"taxonomy":"product_brand","embeddable":true,"href":"https:\/\/livinghome.vn\/thiet-bi\/wp-json\/wp\/v2\/product_brand?post=20595"},{"taxonomy":"product_cat","embeddable":true,"href":"https:\/\/livinghome.vn\/thiet-bi\/wp-json\/wp\/v2\/product_cat?post=20595"},{"taxonomy":"product_tag","embeddable":true,"href":"https:\/\/livinghome.vn\/thiet-bi\/wp-json\/wp\/v2\/product_tag?post=20595"}],"curies":[{"name":"wp","href":"https:\/\/api.w.org\/{rel}","templated":true}]}}