{"id":20535,"date":"2024-04-22T10:25:52","date_gmt":"2024-04-22T03:25:52","guid":{"rendered":"https:\/\/livinghome.vn\/thiet-bi\/?post_type=product&#038;p=20535"},"modified":"2024-11-29T14:18:58","modified_gmt":"2024-11-29T07:18:58","slug":"may-nuoc-nong-truc-tiep-stiebel-eltron-ws-45-ec","status":"publish","type":"product","link":"https:\/\/livinghome.vn\/thiet-bi\/may-nuoc-nong-truc-tiep-stiebel-eltron-ws-45-ec\/","title":{"rendered":"M\u00e1y N\u01b0\u1edbc N\u00f3ng Tr\u1ef1c Ti\u1ebfp Stiebel Eltron WS 45 EC"},"content":{"rendered":"<p><strong>M\u00e1y n\u01b0\u1edbc n\u00f3ng tr\u1ef1c ti\u1ebfp Stiebel Eltron WS 45 EC<\/strong> s\u1edf h\u1eefu thi\u1ebft k\u1ebf g\u1ecdn g\u00e0ng, hi\u1ec7n \u0111\u1ea1i, mang \u0111\u1ebfn s\u1ef1 sang tr\u1ecdng cho kh\u00f4ng gian ph\u00f2ng t\u1eafm c\u1ee7a b\u1ea1n. V\u1edbi c\u00f4ng su\u1ea5t m\u1ea1nh m\u1ebd 4500W, m\u00e1y cung c\u1ea5p ngu\u1ed3n n\u01b0\u1edbc n\u00f3ng t\u1ee9c th\u00ec, \u0111\u00e1p \u1ee9ng nhu c\u1ea7u s\u1eed d\u1ee5ng c\u1ee7a gia \u0111\u00ecnh b\u1ea1n m\u1ed9t c\u00e1ch nhanh ch\u00f3ng v\u00e0 hi\u1ec7u qu\u1ea3.<\/p>\n<h2 data-sourcepos=\"1:1-1:43\">Thi\u1ebft k\u1ebf hi\u1ec7n \u0111\u1ea1i, sang tr\u1ecdng v\u00e0 an to\u00e0n<\/h2>\n<p data-sourcepos=\"3:1-3:292\">M\u00e1y n\u01b0\u1edbc n\u00f3ng tr\u1ef1c ti\u1ebfp Stiebel Eltron 4500W WS 45 EC s\u1edf h\u1eefu thi\u1ebft k\u1ebf hi\u1ec7n \u0111\u1ea1i v\u1edbi ki\u1ec3u d\u00e1ng vu\u00f4ng v\u1ee9c, h\u00ecnh h\u1ed9p ch\u1eef nh\u1eadt c\u00f9ng gam m\u00e0u tr\u1eafng trang nh\u00e3. Nh\u1edd v\u1eady, s\u1ea3n ph\u1ea9m d\u1ec5 d\u00e0ng h\u00f2a h\u1ee3p v\u1edbi m\u1ecdi phong c\u00e1ch n\u1ed9i th\u1ea5t, g\u00f3p ph\u1ea7n t\u00f4 \u0111i\u1ec3m cho kh\u00f4ng gian ph\u00f2ng t\u1eafm c\u1ee7a b\u1ea1n th\u00eam \u0111\u1eb9p m\u1eaft v\u00e0 sang tr\u1ecdng.<\/p>\n<p data-sourcepos=\"5:1-5:237\">V\u1ecf m\u00e1y \u0111\u01b0\u1ee3c l\u00e0m t\u1eeb ch\u1ea5t li\u1ec7u nh\u1ef1a ABS cao c\u1ea5p, c\u00f3 \u0111\u1ed9 d\u00e0y d\u1eb7n, c\u00e1ch nhi\u1ec7t t\u1ed1t v\u00e0 ch\u1ed1ng ch\u00e1y hi\u1ec7u qu\u1ea3. Nh\u1edd c\u00f3 kh\u1ea3 n\u0103ng ch\u1ed1ng th\u1ea5m n\u01b0\u1edbc chu\u1ea9n IP25, s\u1ea3n ph\u1ea9m \u0111\u1ea3m b\u1ea3o an to\u00e0n cho ng\u01b0\u1eddi s\u1eed d\u1ee5ng, h\u1ea1n ch\u1ebf nguy c\u01a1 r\u00f2 r\u1ec9 \u0111i\u1ec7n do t\u00e1c \u0111\u1ed9ng c\u1ee7a n\u01b0\u1edbc.<\/p>\n<p data-sourcepos=\"7:1-7:294\">N\u00fam v\u1eb7n \u0111i\u1ec1u ch\u1ec9nh nhi\u1ec7t \u0111\u1ed9 v\u00f4 c\u1ea5p tr\u00ean th\u00e2n m\u00e1y gi\u00fap b\u1ea1n d\u1ec5 d\u00e0ng thao t\u00e1c, \u0111i\u1ec1u ch\u1ec9nh nhi\u1ec7t \u0111\u1ed9 n\u01b0\u1edbc n\u00f3ng theo nhu c\u1ea7u s\u1eed d\u1ee5ng m\u1ed9t c\u00e1ch linh ho\u1ea1t v\u00e0 ch\u00ednh x\u00e1c. V\u1edbi thi\u1ebft k\u1ebf n\u00e0y, b\u1ea1n c\u00f3 th\u1ec3 tho\u1ea3i m\u00e1i l\u1ef1a ch\u1ecdn m\u1ee9c nhi\u1ec7t \u0111\u1ed9 ph\u00f9 h\u1ee3p cho t\u1eebng m\u1ee5c \u0111\u00edch s\u1eed d\u1ee5ng nh\u01b0 t\u1eafm r\u1eeda, gi\u1eb7t gi\u0169 hay r\u1eeda ch\u00e9n b\u00e1t.<\/p>\n<p><img loading=\"lazy\" decoding=\"async\" class=\"alignnone size-full wp-image-20551\" src=\"https:\/\/livinghome.vn\/thiet-bi\/wp-content\/uploads\/2024\/04\/may-nuoc-nong-stiebel-eltron-ws-45-ec-11.jpg\" alt=\"\" width=\"1200\" height=\"671\" title=\"\" srcset=\"https:\/\/livinghome.vn\/thiet-bi\/wp-content\/uploads\/2024\/04\/may-nuoc-nong-stiebel-eltron-ws-45-ec-11.jpg 1200w, https:\/\/livinghome.vn\/thiet-bi\/wp-content\/uploads\/2024\/04\/may-nuoc-nong-stiebel-eltron-ws-45-ec-11-715x400.jpg 715w, https:\/\/livinghome.vn\/thiet-bi\/wp-content\/uploads\/2024\/04\/may-nuoc-nong-stiebel-eltron-ws-45-ec-11-768x429.jpg 768w, https:\/\/livinghome.vn\/thiet-bi\/wp-content\/uploads\/2024\/04\/may-nuoc-nong-stiebel-eltron-ws-45-ec-11-600x336.jpg 600w\" sizes=\"auto, (max-width: 1200px) 100vw, 1200px\" \/><\/p>\n<h2 data-sourcepos=\"1:1-1:33\">L\u00e0m n\u00f3ng nhanh ch\u00f3ng, hi\u1ec7u qu\u1ea3<\/h2>\n<p data-sourcepos=\"3:1-3:283\">M\u00e1y n\u01b0\u1edbc n\u00f3ng tr\u1ef1c ti\u1ebfp Stiebel Eltron WS 45 EC s\u1eed d\u1ee5ng c\u01a1 ch\u1ebf l\u00e0m n\u00f3ng tr\u1ef1c ti\u1ebfp, gi\u00fap l\u00e0m n\u00f3ng n\u01b0\u1edbc nhanh ch\u00f3ng ngay khi m\u1edf v\u00f2i, ti\u1ebft ki\u1ec7m th\u1eddi gian ch\u1edd \u0111\u1ee3i cho ng\u01b0\u1eddi d\u00f9ng. Nh\u1edd v\u1eady, b\u1ea1n c\u00f3 th\u1ec3 t\u1eadn h\u01b0\u1edfng ngu\u1ed3n n\u01b0\u1edbc n\u00f3ng t\u1ee9c th\u00ec m\u00e0 kh\u00f4ng c\u1ea7n ph\u1ea3i lo l\u1eafng v\u1ec1 vi\u1ec7c m\u1ea5t nhi\u1ec1u th\u1eddi gian.<\/p>\n<p data-sourcepos=\"5:1-5:281\">S\u1ea3n ph\u1ea9m n\u00e0y \u0111\u01b0\u1ee3c thi\u1ebft k\u1ebf \u0111\u1ec3 s\u1eed d\u1ee5ng \u1edf nh\u1eefng khu v\u1ef1c c\u00f3 kh\u00ed h\u1eadu \u1ea5m \u00e1p, nhi\u1ec7t \u0111\u1ed9 tr\u00ean 20\u00b0C nh\u01b0 mi\u1ec1n Nam Vi\u1ec7t Nam. V\u1edbi c\u00f4ng su\u1ea5t m\u1ea1nh m\u1ebd 4500W, m\u00e1y c\u00f3 th\u1ec3 l\u00e0m n\u00f3ng n\u01b0\u1edbc \u0111\u1ea1t nhi\u1ec7t \u0111\u1ed9 t\u1ed1i \u0111a 55\u00b0C, \u0111\u00e1p \u1ee9ng nhu c\u1ea7u s\u1eed d\u1ee5ng \u0111a d\u1ea1ng trong sinh ho\u1ea1t nh\u01b0 t\u1eafm r\u1eeda, gi\u1eb7t gi\u0169, r\u1eeda ch\u00e9n b\u00e1t,&#8230;<\/p>\n<p><img loading=\"lazy\" decoding=\"async\" class=\"alignnone size-full wp-image-20552\" src=\"https:\/\/livinghome.vn\/thiet-bi\/wp-content\/uploads\/2024\/04\/may-nuoc-nong-stiebel-eltron-ws-45-ec-12.jpg\" alt=\"\" width=\"1200\" height=\"671\" title=\"\" srcset=\"https:\/\/livinghome.vn\/thiet-bi\/wp-content\/uploads\/2024\/04\/may-nuoc-nong-stiebel-eltron-ws-45-ec-12.jpg 1200w, https:\/\/livinghome.vn\/thiet-bi\/wp-content\/uploads\/2024\/04\/may-nuoc-nong-stiebel-eltron-ws-45-ec-12-715x400.jpg 715w, https:\/\/livinghome.vn\/thiet-bi\/wp-content\/uploads\/2024\/04\/may-nuoc-nong-stiebel-eltron-ws-45-ec-12-768x429.jpg 768w, https:\/\/livinghome.vn\/thiet-bi\/wp-content\/uploads\/2024\/04\/may-nuoc-nong-stiebel-eltron-ws-45-ec-12-600x336.jpg 600w\" sizes=\"auto, (max-width: 1200px) 100vw, 1200px\" \/><\/p>\n<p data-sourcepos=\"3:1-3:167\">M\u00e1y n\u01b0\u1edbc n\u00f3ng tr\u1ef1c ti\u1ebfp Stiebel Eltron WS 45 EC \u0111\u01b0\u1ee3c trang b\u1ecb nhi\u1ec1u ch\u1ebf \u0111\u1ed9 an to\u00e0n ti\u00ean ti\u1ebfn, \u0111\u1ea3m b\u1ea3o an to\u00e0n tuy\u1ec7t \u0111\u1ed1i cho ng\u01b0\u1eddi s\u1eed d\u1ee5ng trong su\u1ed1t qu\u00e1 tr\u00ecnh s\u1eed d\u1ee5ng:<\/p>\n<ul data-sourcepos=\"5:1-8:0\">\n<li data-sourcepos=\"5:1-5:172\"><strong>B\u1ed9 \u1ed5n \u0111\u1ecbnh nhi\u1ec7t k\u00e9p:<\/strong>\u00a0H\u1ec7 th\u1ed1ng n\u00e0y gi\u00fap \u0111i\u1ec1u ch\u1ec9nh v\u00e0 t\u1ef1 \u0111\u1ed9ng ng\u1eaft qu\u00e1 tr\u00ecnh l\u00e0m n\u00f3ng khi nhi\u1ec7t \u0111\u1ed9 n\u01b0\u1edbc \u0111\u1ea7u ra v\u01b0\u1ee3t qu\u00e1 55\u00b0C, ng\u0103n ng\u1eeba nguy c\u01a1 b\u1ecfng do n\u01b0\u1edbc qu\u00e1 n\u00f3ng.<\/li>\n<li data-sourcepos=\"6:1-6:146\"><strong>C\u1ea7u dao ch\u1ed1ng r\u00f2 \u0111i\u1ec7n ELCB:<\/strong>\u00a0T\u1ef1 \u0111\u1ed9ng ng\u1eaft \u0111i\u1ec7n khi ph\u00e1t hi\u1ec7n r\u00f2 r\u1ec9 \u0111i\u1ec7n, gi\u00fap ng\u0103n ng\u1eeba nguy c\u01a1 ch\u00e1y n\u1ed5 v\u00e0 \u0111\u1ea3m b\u1ea3o an to\u00e0n cho ng\u01b0\u1eddi s\u1eed d\u1ee5ng.<\/li>\n<li data-sourcepos=\"7:1-8:0\"><strong>C\u1ea3m bi\u1ebfn l\u01b0u l\u01b0\u1ee3ng n\u01b0\u1edbc:<\/strong>\u00a0C\u1ea3m bi\u1ebfn n\u00e0y gi\u00fap ki\u1ec3m so\u00e1t l\u01b0\u1ee3ng n\u01b0\u1edbc \u0111i v\u00e0o m\u00e1y \u0111\u1ec3 l\u00e0m n\u00f3ng. Khi l\u01b0\u1ee3ng n\u01b0\u1edbc \u0111i qua qu\u00e1 y\u1ebfu (d\u01b0\u1edbi 2 l\u00edt\/ph\u00fat), m\u00e1y s\u1ebd t\u1ef1 \u0111\u1ed9ng ng\u1eaft ngu\u1ed3n \u0111i\u1ec7n, gi\u00fap b\u1ea3o v\u1ec7 thanh nhi\u1ec7t kh\u1ecfi b\u1ecb h\u01b0 h\u1ecfng v\u00e0 \u0111\u1ea3m b\u1ea3o an to\u00e0n cho ng\u01b0\u1eddi s\u1eed d\u1ee5ng.<\/li>\n<\/ul>\n<p><img loading=\"lazy\" decoding=\"async\" class=\"alignnone size-full wp-image-20549\" src=\"https:\/\/livinghome.vn\/thiet-bi\/wp-content\/uploads\/2024\/04\/may-nuoc-nong-stiebel-eltron-ws-45-ec-13.jpg\" alt=\"\" width=\"1200\" height=\"671\" title=\"\" srcset=\"https:\/\/livinghome.vn\/thiet-bi\/wp-content\/uploads\/2024\/04\/may-nuoc-nong-stiebel-eltron-ws-45-ec-13.jpg 1200w, https:\/\/livinghome.vn\/thiet-bi\/wp-content\/uploads\/2024\/04\/may-nuoc-nong-stiebel-eltron-ws-45-ec-13-715x400.jpg 715w, https:\/\/livinghome.vn\/thiet-bi\/wp-content\/uploads\/2024\/04\/may-nuoc-nong-stiebel-eltron-ws-45-ec-13-768x429.jpg 768w, https:\/\/livinghome.vn\/thiet-bi\/wp-content\/uploads\/2024\/04\/may-nuoc-nong-stiebel-eltron-ws-45-ec-13-600x336.jpg 600w\" sizes=\"auto, (max-width: 1200px) 100vw, 1200px\" \/><\/p>\n<h2 data-sourcepos=\"1:1-1:18\">Ti\u1ec7n \u00edch \u0111i k\u00e8m<\/h2>\n<p data-sourcepos=\"3:1-3:122\">M\u00e1y n\u01b0\u1edbc n\u00f3ng tr\u1ef1c ti\u1ebfp Stiebel Eltron WS 45 EC \u0111i k\u00e8m nhi\u1ec1u ti\u1ec7n \u00edch mang l\u1ea1i s\u1ef1 ti\u1ec7n l\u1ee3i v\u00e0 tho\u1ea3i m\u00e1i cho ng\u01b0\u1eddi s\u1eed d\u1ee5ng:<\/p>\n<ul data-sourcepos=\"5:1-8:0\">\n<li data-sourcepos=\"5:1-5:160\"><strong>V\u00f2i sen 5 ch\u1ebf \u0111\u1ed9 phun:<\/strong>\u00a0Gi\u00fap b\u1ea1n d\u1ec5 d\u00e0ng \u0111i\u1ec1u ch\u1ec9nh ch\u1ebf \u0111\u1ed9 phun n\u01b0\u1edbc theo nhu c\u1ea7u v\u00e0 s\u1edf th\u00edch c\u00e1 nh\u00e2n, mang \u0111\u1ebfn tr\u1ea3i nghi\u1ec7m t\u1eafm r\u1eeda th\u01b0 gi\u00e3n v\u00e0 s\u1ea3ng kho\u00e1i.<\/li>\n<li data-sourcepos=\"6:1-6:120\"><strong>T\u01b0\u01a1ng th\u00edch \u0111i\u1ec7n t\u1eeb EMC:<\/strong>\u00a0\u0110\u1ea3m b\u1ea3o m\u00e1y ho\u1ea1t \u0111\u1ed9ng \u1ed5n \u0111\u1ecbnh v\u00e0 kh\u00f4ng g\u00e2y nhi\u1ec5u \u0111\u1ebfn c\u00e1c thi\u1ebft b\u1ecb \u0111i\u1ec7n t\u1eed kh\u00e1c trong nh\u00e0.<\/li>\n<li data-sourcepos=\"7:1-8:0\"><strong>Thanh nhi\u1ec7t b\u1eb1ng \u0111\u1ed3ng:<\/strong>\u00a0L\u00e0m n\u00f3ng n\u01b0\u1edbc nhanh ch\u00f3ng, truy\u1ec1n nhi\u1ec7t t\u1ed1t, ch\u1ed1ng b\u00e1m c\u1eb7n v\u00e0 c\u00f3 \u0111\u1ed9 b\u1ec1n cao, gi\u00fap ti\u1ebft ki\u1ec7m \u0111i\u1ec7n n\u0103ng v\u00e0 t\u0103ng tu\u1ed5i th\u1ecd cho m\u00e1y.<\/li>\n<\/ul>\n<h3><\/h3>\n<p><em>*L\u01b0u \u00fd: H\u00ecnh \u1ea3nh ch\u1ec9 mang t\u00ednh ch\u1ea5t minh h\u1ecda<\/em><em>.<\/em><\/p>\n","protected":false},"excerpt":{"rendered":"<p>C\u00f4ng su\u1ea5t: 4.500W<\/p>\n<p>Chu\u1ea9n ch\u1ed1ng n\u01b0\u1edbc: IP25<\/p>\n<p>Ch\u1ed1ng gi\u1eadt ELCB: C\u00f3<\/p>\n<p>\u00c1p l\u1ef1c: 0.015 Mpa &#8211; 0.5 Mpa<\/p>\n<p>B\u01a1m tr\u1ee3 l\u1ef1c: Kh\u00f4ng<\/p>\n<p>Ch\u1ebf \u0111\u1ed9 v\u00f2i sen: 5 ch\u1ebf \u0111\u1ed9 phun<\/p>\n<p>Nhi\u1ec7t \u0111\u1ed9 t\u1ed1i \u0111a: 42 \u0111\u1ed9 C<\/p>\n<p>T\u00f9y ch\u1ec9nh nhi\u1ec7t \u0111\u1ed9: Nhi\u1ec1u m\u1ee9c \u0111\u1ed9<\/p>\n<p>N\u00fat \u0111i\u1ec1u ch\u1ec9nh: N\u00fam v\u1eb7n<\/p>\n<p>Ch\u1ea5t li\u1ec7u v\u00f2i sen: Nh\u1ef1a ABS<\/p>\n<p>Ch\u1ea5t li\u1ec7u v\u1ecf: Nh\u1ef1a ABS<\/p>\n<p>Ngu\u1ed3n \u0111i\u1ec7n \u00e1p: 220V &#8211; 240V \/ 50Hz &#8211; 60Hz<\/p>\n<p>K\u00edch th\u01b0\u1edbc: Cao x r\u1ed9ng x s\u00e2u\u00a0(32.6cm x 21.8cm x 10cm)<\/p>\n<p>Tr\u1ecdng l\u01b0\u1ee3ng s\u1ea3n ph\u1ea9m: 1.57kg<\/p>\n<p>Xu\u1ea5t x\u1ee9 th\u01b0\u01a1ng hi\u1ec7u: \u0110\u1ee9c<\/p>\n<p>S\u1ea3n xu\u1ea5t t\u1ea1i: Th\u00e1i Lan<\/p>\n<p>B\u1ea3o h\u00e0nh: 24 th\u00e1ng<\/p>\n<p>&nbsp;<\/p>\n","protected":false},"featured_media":21209,"comment_status":"open","ping_status":"closed","template":"","meta":[],"product_brand":[],"product_cat":[540,1986,1979,1987,1937],"product_tag":[1980,1993,2004,1936],"class_list":{"0":"post-20535","1":"product","2":"type-product","3":"status-publish","4":"has-post-thumbnail","6":"product_cat-may-nong-lanh","7":"product_cat-may-nong-lanh-stiebel-eltron","8":"product_cat-may-nuoc-nong","9":"product_cat-may-nuoc-nong-stiebel-eltron","10":"product_cat-thuong-hieu-stiebel-eltron","11":"product_tag-may-nuoc-nong","12":"product_tag-may-nuoc-nong-stiebel-eltron","13":"product_tag-may-nuoc-nong-truc-tiep","14":"product_tag-stiebel-eltron","16":"first","17":"instock","18":"sale","19":"shipping-taxable","20":"purchasable","21":"product-type-simple"},"_links":{"self":[{"href":"https:\/\/livinghome.vn\/thiet-bi\/wp-json\/wp\/v2\/product\/20535","targetHints":{"allow":["GET"]}}],"collection":[{"href":"https:\/\/livinghome.vn\/thiet-bi\/wp-json\/wp\/v2\/product"}],"about":[{"href":"https:\/\/livinghome.vn\/thiet-bi\/wp-json\/wp\/v2\/types\/product"}],"replies":[{"embeddable":true,"href":"https:\/\/livinghome.vn\/thiet-bi\/wp-json\/wp\/v2\/comments?post=20535"}],"wp:featuredmedia":[{"embeddable":true,"href":"https:\/\/livinghome.vn\/thiet-bi\/wp-json\/wp\/v2\/media\/21209"}],"wp:attachment":[{"href":"https:\/\/livinghome.vn\/thiet-bi\/wp-json\/wp\/v2\/media?parent=20535"}],"wp:term":[{"taxonomy":"product_brand","embeddable":true,"href":"https:\/\/livinghome.vn\/thiet-bi\/wp-json\/wp\/v2\/product_brand?post=20535"},{"taxonomy":"product_cat","embeddable":true,"href":"https:\/\/livinghome.vn\/thiet-bi\/wp-json\/wp\/v2\/product_cat?post=20535"},{"taxonomy":"product_tag","embeddable":true,"href":"https:\/\/livinghome.vn\/thiet-bi\/wp-json\/wp\/v2\/product_tag?post=20535"}],"curies":[{"name":"wp","href":"https:\/\/api.w.org\/{rel}","templated":true}]}}