{"id":20451,"date":"2024-04-16T11:02:44","date_gmt":"2024-04-16T04:02:44","guid":{"rendered":"https:\/\/livinghome.vn\/thiet-bi\/?post_type=product&#038;p=20451"},"modified":"2024-11-29T14:18:59","modified_gmt":"2024-11-29T07:18:59","slug":"loi-loc-nuoc-stiebel-eltron-house-acb-filter-cartridge-5-micron","status":"publish","type":"product","link":"https:\/\/livinghome.vn\/thiet-bi\/loi-loc-nuoc-stiebel-eltron-house-acb-filter-cartridge-5-micron\/","title":{"rendered":"L\u00f5i l\u1ecdc n\u01b0\u1edbc Stiebel Eltron House ACB Filter Cartridge 5 micron"},"content":{"rendered":"<h2>Gi\u1edbi thi\u1ec7u v\u1ec1 l\u00f5i l\u1ecdc n\u01b0\u1edbc Stiebel Eltron House ACB Filter Cartridge 5 micron<\/h2>\n<ul>\n<li>Stiebel House ACB Filter Cartridge l\u00e0 b\u1ed9 l\u1ecdc s\u1eed d\u1ee5ng cho m\u00e1y l\u1ecdc n\u01b0\u1edbc th\u00f4 Stiebel House ACB-2. B\u1ed9 l\u1ecdc n\u00e0y \u0111\u01b0\u1ee3c l\u00e0m t\u1eeb b\u1ed9t than d\u1eeba ch\u1ea5t l\u01b0\u1ee3ng cao v\u00e0 t\u1ea9m ion b\u1ea1c \u0111\u1ec3 gi\u1ea3m m\u00f9i v\u1ecb kh\u00f3 ch\u1ecbu v\u00e0 lo\u1ea1i b\u1ecf ch\u1ea5t g\u00e2y \u00f4 nhi\u1ec5m trong n\u01b0\u1edbc ng\u1ecdt, \u0111\u1ed3ng th\u1eddi lo\u1ea1i b\u1ecf c\u00e1c h\u1ea1t, clo, m\u1ed9t s\u1ed1 vi khu\u1ea9n v\u00e0 kim lo\u1ea1i n\u1eb7ng.<\/li>\n<li>Ion b\u1ea1c \u0111\u01b0\u1ee3c th\u00eam v\u00e0o carbon \u0111\u1ec3 h\u1ea1n ch\u1ebf s\u1ef1 ph\u00e1t tri\u1ec3n c\u1ee7a vi khu\u1ea9n b\u00ean trong l\u00f5i l\u1ecdc.<\/li>\n<li>L\u00f5i l\u1ecdc n\u01b0\u1edbc Stiebel House ACB ph\u00f9 h\u1ee3p v\u1edbi n\u01b0\u1edbc m\u00e1y, n\u01b0\u1edbc gi\u1ebfng \u0111\u00e3 x\u1eed l\u00fd th\u00f4, v\u00e0 n\u01b0\u1edbc ph\u00e8n.<\/li>\n<li>L\u00f5i l\u1ecdc g\u1ed3m than ho\u1ea1t t\u00ednh, \u0111\u00e1 Silverlite kh\u00f4ng tan v\u1edbi th\u00e0nh ph\u1ea7n CaO, SiO2, AlO3, MgO, v\u00e0 MnO, c\u00f9ng v\u1edbi l\u1edbp ion b\u1ea1c bao ph\u1ee7.<\/li>\n<\/ul>\n<figure id=\"attachment_20455\" aria-describedby=\"caption-attachment-20455\" style=\"width: 1200px\" class=\"wp-caption aligncenter\"><img loading=\"lazy\" decoding=\"async\" class=\"size-full wp-image-20455\" src=\"https:\/\/livinghome.vn\/thiet-bi\/wp-content\/uploads\/2024\/04\/loi-loc-stiebel-eltron-house-acb-filter-cartridge-1.jpg\" alt=\"L\u00f5i l\u1ecdc n\u01b0\u1edbc Stiebel Eltron House ACB Filter Cartridge 5 micron\" width=\"1200\" height=\"800\" title=\"\"><figcaption id=\"caption-attachment-20455\" class=\"wp-caption-text\">L\u00f5i l\u1ecdc n\u01b0\u1edbc Stiebel Eltron House ACB Filter Cartridge 5 micron<\/figcaption><\/figure>\n","protected":false},"excerpt":{"rendered":"<ul>\n<li>Chi\u1ec1u d\u00e0i: 50.8cm<\/li>\n<li>Xu\u1ea5t x\u1ee9 th\u01b0\u01a1ng hi\u1ec7u: \u0110\u1ee9c<\/li>\n<li>S\u1ea3n xu\u1ea5t t\u1ea1i: Th\u00e1i Lan<\/li>\n<li>S\u1eed d\u1ee5ng cho Stiebel Eltron House ACB-2<\/li>\n<li>Lo\u1ea1i l\u00f5i: L\u00f5i th\u00f4<\/li>\n<li>V\u1eadt li\u1ec7u, c\u1ea5u t\u1ea1o l\u00f5i l\u1ecdc: \u0110\u00e1 Silverlite t\u00edch h\u1ee3p ion b\u1ea1c, than ho\u1ea1t t\u00ednh ion b\u1ea1c<\/li>\n<li>K\u00edch th\u01b0\u1edbc l\u1ecdc nh\u1ecf nh\u1ea5t: &gt; 5 micron<\/li>\n<li>Th\u1eddi gian thay l\u00f5i: Thay sau 6 th\u00e1ng s\u1eed d\u1ee5ng<\/li>\n<\/ul>\n","protected":false},"featured_media":21201,"comment_status":"open","ping_status":"closed","template":"","meta":[],"product_brand":[],"product_cat":[1974,1975,1937],"product_tag":[419,1982],"class_list":{"0":"post-20451","1":"product","2":"type-product","3":"status-publish","4":"has-post-thumbnail","6":"product_cat-loi-loc-nuoc","7":"product_cat-loi-loc-nuoc-stiebel-eltron","8":"product_cat-thuong-hieu-stiebel-eltron","9":"product_tag-loi-loc-nuoc","10":"product_tag-loi-loc-nuoc-stiebel-eltron","12":"first","13":"instock","14":"sale","15":"shipping-taxable","16":"purchasable","17":"product-type-simple"},"_links":{"self":[{"href":"https:\/\/livinghome.vn\/thiet-bi\/wp-json\/wp\/v2\/product\/20451","targetHints":{"allow":["GET"]}}],"collection":[{"href":"https:\/\/livinghome.vn\/thiet-bi\/wp-json\/wp\/v2\/product"}],"about":[{"href":"https:\/\/livinghome.vn\/thiet-bi\/wp-json\/wp\/v2\/types\/product"}],"replies":[{"embeddable":true,"href":"https:\/\/livinghome.vn\/thiet-bi\/wp-json\/wp\/v2\/comments?post=20451"}],"wp:featuredmedia":[{"embeddable":true,"href":"https:\/\/livinghome.vn\/thiet-bi\/wp-json\/wp\/v2\/media\/21201"}],"wp:attachment":[{"href":"https:\/\/livinghome.vn\/thiet-bi\/wp-json\/wp\/v2\/media?parent=20451"}],"wp:term":[{"taxonomy":"product_brand","embeddable":true,"href":"https:\/\/livinghome.vn\/thiet-bi\/wp-json\/wp\/v2\/product_brand?post=20451"},{"taxonomy":"product_cat","embeddable":true,"href":"https:\/\/livinghome.vn\/thiet-bi\/wp-json\/wp\/v2\/product_cat?post=20451"},{"taxonomy":"product_tag","embeddable":true,"href":"https:\/\/livinghome.vn\/thiet-bi\/wp-json\/wp\/v2\/product_tag?post=20451"}],"curies":[{"name":"wp","href":"https:\/\/api.w.org\/{rel}","templated":true}]}}