{"id":20390,"date":"2024-04-15T15:50:59","date_gmt":"2024-04-15T08:50:59","guid":{"rendered":"https:\/\/livinghome.vn\/thiet-bi\/?post_type=product&#038;p=20390"},"modified":"2024-11-29T14:19:00","modified_gmt":"2024-11-29T07:19:00","slug":"loi-loc-nuoc-stiebel-eltron-cartridge-7-trong-1","status":"publish","type":"product","link":"https:\/\/livinghome.vn\/thiet-bi\/loi-loc-nuoc-stiebel-eltron-cartridge-7-trong-1\/","title":{"rendered":"L\u00f5i l\u1ecdc n\u01b0\u1edbc Stiebel Eltron Cartridge 7 trong 1"},"content":{"rendered":"<h2>Th\u00f4ng tin chi ti\u1ebft v\u1ec1 l\u00f5i l\u1ecdc n\u01b0\u1edbc Stiebel Eltron Cartridge 7 trong 1<\/h2>\n<p>L\u00f5i l\u1ecdc n\u01b0\u1edbc Stiebel Eltron Cartridge 7 trong 1 l\u00e0 l\u00f5i l\u1ecdc d\u00f9ng cho m\u00e1y l\u1ecdc n\u01b0\u1edbc u\u1ed1ng Stiebel Eltron Fountain 7S.<\/p>\n<h3>C\u00e1c c\u1ea5p l\u1ecdc:<\/h3>\n<p>C\u1ea5p l\u1ecdc 1: L\u00f5i tr\u1ea7m t\u00edch v\u1edbi k\u00edch th\u01b0\u1edbc l\u1ecdc 5\u03bcm.<\/p>\n<p>C\u1ea5p l\u1ecdc 2: L\u00f5i kh\u1ed1i than ho\u1ea1t t\u00ednh v\u1edbi k\u00edch th\u01b0\u1edbc l\u1ecdc 1\u03bcm.<\/p>\n<p>C\u1ea5p l\u1ecdc 3: Qu\u1ea3 c\u1ea7u g\u1ed1m s\u1ee9 ph\u00e1t tia h\u1ed3ng ngo\u1ea1i xa.<\/p>\n<p>C\u1ea5p l\u1ecdc 4: Qu\u1ea3 c\u1ea7u g\u1ed1m s\u1ee9 ion \u00e2m.<\/p>\n<p>C\u1ea5p l\u1ecdc 5: L\u00f5i than ho\u1ea1t t\u00ednh d\u1ea1ng h\u1ea1t c\u00f3 t\u1ea9m b\u1ea1c.<\/p>\n<p>C\u1ea5p l\u1ecdc 6: L\u00f5i si\u00eau l\u1ecdc v\u1edbi s\u1ee3i r\u1ed7ng c\u00f3 k\u00edch th\u01b0\u1edbc l\u1ecdc 0,1-0,01 \u03bcm.<\/p>\n<p>C\u1ea5p l\u1ecdc 7: L\u00f5i \u0111\u00e1 silberlit.<\/p>\n<figure id=\"attachment_20393\" aria-describedby=\"caption-attachment-20393\" style=\"width: 900px\" class=\"wp-caption aligncenter\"><img loading=\"lazy\" decoding=\"async\" class=\"size-full wp-image-20393\" src=\"https:\/\/livinghome.vn\/thiet-bi\/wp-content\/uploads\/2024\/04\/loi-loc-nuoc-stiebel-eltron-cartridge-1.jpg\" alt=\"L\u00f5i l\u1ecdc n\u01b0\u1edbc Stiebel Eltron Cartridge 7 trong 1 \" width=\"900\" height=\"900\" title=\"\"><figcaption id=\"caption-attachment-20393\" class=\"wp-caption-text\">L\u00f5i l\u1ecdc n\u01b0\u1edbc Stiebel Eltron Cartridge 7 trong 1<\/figcaption><\/figure>\n<h3>Ch\u1ee9c n\u0103ng c\u1ee5 th\u1ec3 c\u1ee7a t\u1eebng c\u1ea5p l\u1ecdc:<\/h3>\n<p><strong>L\u00f5i l\u1ecdc tr\u1ea7m t\u00edch x\u1ebfp n\u1ebfp (PP &#8211; 5 micron):<\/strong> L\u1ecdc b\u1ecf r\u1ec9 s\u00e9t, c\u1eb7n b\u1ea9n v\u00e0 c\u00e1c h\u1ea1t c\u00f3 k\u00edch th\u01b0\u1edbc l\u1edbn h\u01a1n 5 micron.<\/p>\n<p><strong>L\u1edbp than ho\u1ea1t t\u00ednh:<\/strong> Gi\u1ea3m l\u01b0\u1ee3ng Clo, m\u00f9i, m\u00e0u, c\u00e1c ch\u1ea5t h\u00f3a h\u1ecdc d\u1ec5 bay h\u01a1i v\u00e0 kim lo\u1ea1i n\u1eb7ng.<\/p>\n<p><strong>L\u1edbp b\u00f3ng g\u1ed1m FIR &#8211; ph\u00e1t tia h\u1ed3ng ngo\u1ea1i xa:<\/strong> H\u1ea5p th\u1ee5 n\u0103ng l\u01b0\u1ee3ng nhi\u1ec7t t\u1eeb b\u00ean ngo\u00e0i \u0111\u1ec3 ph\u00e1t tia h\u1ed3ng ngo\u1ea1i, gi\u00fap ho\u1ea1t h\u00f3a v\u00e0 chia nh\u1ecf c\u00e1c ph\u00e2n t\u1eed n\u01b0\u1edbc, t\u1ea1o ra n\u01b0\u1edbc c\u00f3 h\u01b0\u01a1ng v\u1ecb ngon h\u01a1n v\u00e0 h\u1ed7 tr\u1ee3 qu\u00e1 tr\u00ecnh trao \u0111\u1ed5i ch\u1ea5t.<\/p>\n<p><strong>L\u1edbp b\u00f3ng g\u1ed1m ion \u00e2m:<\/strong> Cung c\u1ea5p c\u00e1c ion \u00e2m v\u00e0o n\u01b0\u1edbc u\u1ed1ng, t\u1ea1o ra h\u01b0\u01a1ng v\u1ecb t\u01b0\u01a1i m\u00e1t v\u00e0 th\u01a1m ngon h\u01a1n.<\/p>\n<p><strong>L\u1edbp b\u1ed9t than ho\u1ea1t t\u00ednh ion b\u1ea1c:<\/strong> Gi\u1ea3m s\u1ef1 ph\u00e1t tri\u1ec3n c\u1ee7a vi khu\u1ea9n b\u00ean trong l\u00f5i l\u1ecdc, gi\u1eef cho ngu\u1ed3n n\u01b0\u1edbc s\u1ea1ch s\u1ebd ngay c\u1ea3 khi kh\u00f4ng s\u1eed d\u1ee5ng trong m\u1ed9t th\u1eddi gian ng\u1eafn.<\/p>\n<p><strong>L\u1edbp m\u00e0ng s\u1ee3i r\u1ed7ng si\u00eau l\u1ecdc (k\u00edch th\u01b0\u1edbc l\u1ecdc 0.01 &#8211; 0.1 micron):<\/strong> L\u1ecdc 100% khu\u1ea9n E. coli v\u00e0 m\u1ed9t ph\u1ea7n virus, gi\u1eef l\u1ea1i c\u00e1c kho\u00e1ng ch\u1ea5t c\u00f3 l\u1ee3i trong n\u01b0\u1edbc.<\/p>\n<p><strong>L\u1edbp b\u1ed5 sung \u0111\u00e1 kho\u00e1ng b\u1ea1c:<\/strong> B\u1ed5 sung c\u00e1c vi kho\u00e1ng c\u00f3 l\u1ee3i v\u00e0o n\u01b0\u1edbc, mang l\u1ea1i h\u01b0\u01a1ng v\u1ecb n\u01b0\u1edbc ngon h\u01a1n v\u00e0 t\u1ed1t cho s\u1ee9c kh\u1ecfe.<\/p>\n","protected":false},"excerpt":{"rendered":"<p>C\u1ea5p l\u1ecdc: 7 c\u1ea5p l\u1ecdc<\/p>\n<p>C\u00f4ng su\u1ea5t l\u1ecdc: 162 l\u00edt\/gi\u1edd<\/p>\n<p>Tu\u1ed5i th\u1ecd l\u00f5i l\u1ecdc: Ho\u1eb7c 4.320 l\u00edt\u00a0(12 th\u00e1ng)<\/p>\n<p>Xu\u1ea5t x\u1ee9 th\u01b0\u01a1ng hi\u1ec7u: \u0110\u1ee9c<\/p>\n<p>S\u1ea3n xu\u1ea5t t\u1ea1i: H\u00e0n Qu\u1ed1c<\/p>\n","protected":false},"featured_media":21215,"comment_status":"open","ping_status":"closed","template":"","meta":[],"product_brand":[],"product_cat":[1974,1975,1937],"product_tag":[419,1982],"class_list":{"0":"post-20390","1":"product","2":"type-product","3":"status-publish","4":"has-post-thumbnail","6":"product_cat-loi-loc-nuoc","7":"product_cat-loi-loc-nuoc-stiebel-eltron","8":"product_cat-thuong-hieu-stiebel-eltron","9":"product_tag-loi-loc-nuoc","10":"product_tag-loi-loc-nuoc-stiebel-eltron","12":"first","13":"instock","14":"sale","15":"shipping-taxable","16":"purchasable","17":"product-type-simple"},"_links":{"self":[{"href":"https:\/\/livinghome.vn\/thiet-bi\/wp-json\/wp\/v2\/product\/20390","targetHints":{"allow":["GET"]}}],"collection":[{"href":"https:\/\/livinghome.vn\/thiet-bi\/wp-json\/wp\/v2\/product"}],"about":[{"href":"https:\/\/livinghome.vn\/thiet-bi\/wp-json\/wp\/v2\/types\/product"}],"replies":[{"embeddable":true,"href":"https:\/\/livinghome.vn\/thiet-bi\/wp-json\/wp\/v2\/comments?post=20390"}],"wp:featuredmedia":[{"embeddable":true,"href":"https:\/\/livinghome.vn\/thiet-bi\/wp-json\/wp\/v2\/media\/21215"}],"wp:attachment":[{"href":"https:\/\/livinghome.vn\/thiet-bi\/wp-json\/wp\/v2\/media?parent=20390"}],"wp:term":[{"taxonomy":"product_brand","embeddable":true,"href":"https:\/\/livinghome.vn\/thiet-bi\/wp-json\/wp\/v2\/product_brand?post=20390"},{"taxonomy":"product_cat","embeddable":true,"href":"https:\/\/livinghome.vn\/thiet-bi\/wp-json\/wp\/v2\/product_cat?post=20390"},{"taxonomy":"product_tag","embeddable":true,"href":"https:\/\/livinghome.vn\/thiet-bi\/wp-json\/wp\/v2\/product_tag?post=20390"}],"curies":[{"name":"wp","href":"https:\/\/api.w.org\/{rel}","templated":true}]}}