{"id":2001,"date":"2023-01-12T16:43:28","date_gmt":"2023-01-12T16:43:28","guid":{"rendered":"https:\/\/livinghome.vn\/thiet-bi\/?post_type=product&#038;p=2001"},"modified":"2024-11-29T14:20:35","modified_gmt":"2024-11-29T07:20:35","slug":"bep-tu-teka-iknob-it-6350","status":"publish","type":"product","link":"https:\/\/livinghome.vn\/thiet-bi\/bep-tu-teka-iknob-it-6350\/","title":{"rendered":"B\u1ebfp t\u1eeb Teka iKnob IT 6350 \u00e2m 3 v\u00f9ng n\u1ea5u k\u00ednh Schott Ceran"},"content":{"rendered":"<h3>B\u1ebfp t\u1eeb Teka iKnob IT 6350 \u00e2m 3 v\u00f9ng n\u1ea5u k\u00ednh Schott ceran \u0111i\u1ec1u khi\u1ec3n c\u1ea3m \u1ee9ng th\u00f4ng minh<\/h3>\n<figure id=\"attachment_65422\" aria-describedby=\"caption-attachment-65422\" style=\"width: 1067px\" class=\"wp-caption alignnone\"><img loading=\"lazy\" decoding=\"async\" class=\"wp-image-65422 size-large\" src=\"https:\/\/livinghome.vn\/thiet-bi\/wp-content\/uploads\/nha-bep\/teka\/bep-tu\/bep-dien-tu-teka-it-6350-iknob\/bep-dien-tu-teka-it-6350-iknob-4-1067x800.jpg\" alt=\"B\u1ebfp t\u1eeb Teka iKnob IT 6350 \u00e2m 3 v\u00f9ng n\u1ea5u k\u00ednh Schott ceran \u0111i\u1ec1u khi\u1ec3n c\u1ea3m \u1ee9ng th\u00f4ng minh\" width=\"1067\" height=\"800\" title=\"\"><figcaption id=\"caption-attachment-65422\" class=\"wp-caption-text\">B\u1ebfp t\u1eeb Teka iKnob IT 6350 \u00e2m 3 v\u00f9ng n\u1ea5u k\u00ednh Schott ceran \u0111i\u1ec1u khi\u1ec3n c\u1ea3m \u1ee9ng th\u00f4ng minh<\/figcaption><\/figure>\n<p>B\u1ebfp t\u1eeb Teka IT 6350 iKNOB\u00a0\u2013 \u0111i\u1ec1u khi\u1ec3n c\u1ea3m \u1ee9ng d\u1ea1ng tr\u01b0\u1ee3t iKNOB nhanh nh\u1ea1y, t\u00ednh n\u0103ng n\u1ea5u n\u01b0\u1edbng hi\u1ec7n \u0111\u1ea1i v\u00e0 an to\u00e0n. V\u1edbi c\u00e1c t\u00ednh n\u0103ng nh\u01b0: ch\u1ee9c n\u0103ng \u0111un s\u00f4i nhanh iQuick v\u00e0 ch\u1ee9c n\u0103ng gi\u1eef \u1ea5m, Stop and Go, Power Plus, H\u1ec7 th\u1ed1ng nh\u1eadn di\u1ec7n \u0111\u00e1y n\u1ed3i, C\u00e0i \u0111\u1eb7t ch\u01b0\u01a1ng tr\u00ecnh ri\u00eang cho t\u1eebng b\u1ebfp n\u1ea5u.<\/p>\n<h3>T\u00ednh n\u0103ng c\u01a1 b\u1ea3n<\/h3>\n<ul>\n<li><a href=\"https:\/\/livinghome.vn\/thiet-bi\/bep-dien-tu-ket-hop\/\">B\u1ebfp \u0111i\u1ec7n t\u1eeb<\/a> &#8211; B\u1ebfp k\u00ednh \u00e2m 3 v\u00f9ng n\u1ea5u<\/li>\n<li>M\u1eb7t k\u00ednh Schott ceran ch\u1ecbu nhi\u1ec7t<\/li>\n<li>\u0110i\u1ec1u khi\u1ec3n c\u1ea3m \u1ee9ng v\u1edbi n\u00fat th\u00f4ng minh<\/li>\n<li>3 v\u00f9ng n\u1ea5u<\/li>\n<li>Ch\u1ee9c n\u0103ng \u0111un s\u00f4i nhanh v\u00e0 h\u00e2m n\u00f3ng<\/li>\n<li>Ch\u1ee9c n\u0103ng t\u1ea1m d\u1eebng ho\u1ea1t \u0111\u1ed9ng<\/li>\n<li>Ch\u1ee9c n\u0103ng t\u0103ng c\u01b0\u1eddng c\u00f4ng su\u1ea5t<\/li>\n<li>Ch\u1ebf \u0111\u1ed9 t\u1eaft m\u1edf \u00e2m thanh ph\u00edm<\/li>\n<li>\u0110\u00e8n hi\u1ec3n th\u1ecb c\u1ea3nh b\u00e1o nhi\u1ec7t d\u01b0<\/li>\n<li>H\u1ec7 th\u1ed1ng nh\u1eadn di\u1ec7n n\u1ed3i ch\u1ea3o ph\u00f9 h\u1ee3p<\/li>\n<\/ul>\n<figure id=\"attachment_65419\" aria-describedby=\"caption-attachment-65419\" style=\"width: 1067px\" class=\"wp-caption alignnone\"><img loading=\"lazy\" decoding=\"async\" class=\"wp-image-65419 size-large\" src=\"https:\/\/livinghome.vn\/thiet-bi\/wp-content\/uploads\/nha-bep\/teka\/bep-tu\/bep-dien-tu-teka-it-6350-iknob\/bep-dien-tu-teka-it-6350-iknob-5-1067x800.jpg\" alt=\"B\u1ebfp t\u1eeb Teka iKnob IT 6350 \u00e2m 3 v\u00f9ng n\u1ea5u k\u00ednh Schott ceran \u0111i\u1ec1u khi\u1ec3n c\u1ea3m \u1ee9ng th\u00f4ng minh\" width=\"1067\" height=\"800\" title=\"\"><figcaption id=\"caption-attachment-65419\" class=\"wp-caption-text\">B\u1ebfp t\u1eeb Teka iKnob IT 6350 \u00e2m 3 v\u00f9ng n\u1ea5u k\u00ednh Schott ceran \u0111i\u1ec1u khi\u1ec3n c\u1ea3m \u1ee9ng th\u00f4ng minh<\/figcaption><\/figure>\n<p>B\u1ebfp t\u1eeb TeKa IT 6350 iKNOB\u00a0c\u00f3 thi\u1ebft k\u1ebf b\u1ec1n \u0111\u1eb9p, cao c\u1ea5p v\u00e0 hi\u1ec7n \u0111\u1ea1i mang phong c\u00e1ch c\u1ee7a ch\u00e2u, c\u00f9ng v\u1edbi \u0111\u00f3 l\u00e0 kh\u1ea3 n\u0103ng ho\u1ea1t \u0111\u1ed9ng kh\u00f4ng k\u00e9m ph\u1ea7n hi\u1ec7u qu\u1ea3, \u1ed5n \u0111\u1ecbnh \u0111\u1ed3ng th\u1eddi c\u0169ng \u0111\u01b0\u1ee3c t\u00edch h\u1ee3p \u0111\u1ea7y \u0111\u1ee7 c\u00e1c bi\u1ec7n ph\u00e1p an to\u00e0n v\u00e0 ti\u1ec7n d\u1ee5ng.<\/p>\n<figure id=\"attachment_66223\" aria-describedby=\"caption-attachment-66223\" style=\"width: 800px\" class=\"wp-caption alignnone\"><img loading=\"lazy\" decoding=\"async\" class=\"wp-image-66223 size-large\" src=\"https:\/\/livinghome.vn\/thiet-bi\/wp-content\/uploads\/nha-bep\/teka\/bep-tu\/bep-dien-tu-teka-it-6350-iknob\/bep-dien-tu-teka-it-6350-iknob-6-800x800.jpg\" alt=\"B\u1ebfp t\u1eeb Teka iKnob IT 6350 \u00e2m 3 v\u00f9ng n\u1ea5u k\u00ednh Schott ceran \u0111i\u1ec1u khi\u1ec3n c\u1ea3m \u1ee9ng th\u00f4ng minh\" width=\"800\" height=\"800\" title=\"\"><figcaption id=\"caption-attachment-66223\" class=\"wp-caption-text\">K\u00edch th\u01b0\u1edbc b\u1ebfp t\u1eeb Teka iKnob IT 6350 \u00e2m 3 v\u00f9ng n\u1ea5u k\u00ednh Schott ceran \u0111i\u1ec1u khi\u1ec3n c\u1ea3m \u1ee9ng th\u00f4ng minh<\/figcaption><\/figure>\n<h3>Th\u00f4ng s\u1ed1 k\u1ef9 thu\u1eadt<\/h3>\n<ul>\n<li>C\u00f4ng su\u1ea5t t\u1ed1i \u0111a: 7400W<\/li>\n<li>Chi\u1ec1u cao(mm):\u00a050<\/li>\n<li>Chi\u1ec1u r\u1ed9ng (mm):\u00a0605<\/li>\n<li>\u0110\u1ed9 s\u00e2u (mm):\u00a0515<\/li>\n<li>Tr\u1ecdng l\u01b0\u1ee3ng (Kgs):\u00a010,7<\/li>\n<li>T\u1ea7n s\u1ed1 (Hz):\u00a050\/60<\/li>\n<li>C\u00f4ng su\u1ea5t (V):\u00a0220-240<\/li>\n<li>Chi\u1ec1u d\u00e0i d\u00e2y c\u00e1p (cm):\u00a011<\/li>\n<\/ul>\n<p>&nbsp;<\/p>\n<h3>Xu\u1ea5t x\u1ee9: Th\u1ed5 Nh\u0129 K\u1ef3<\/h3>\n<div><\/div>\n","protected":false},"excerpt":{"rendered":"<div id=\"product-title\" class=\"et_pb_module et_pb_text et_pb_bg_layout_light et_pb_text_align_left\">\n<div class=\"et_pb_text_inner\">\n<h1>B\u1ebfp t\u1eeb v\u1edbi n\u00fat \u0111i\u1ec1u ch\u1ec9nh th\u00f4ng minh<\/h1>\n<\/div>\n<\/div>\n<div class=\"et_pb_module et_pb_text et_pb_text_1 et_pb_bg_layout_light et_pb_text_align_left\">\n<div class=\"et_pb_text_inner\">\n<div id=\"product-content\">\n<ul>\n<li>C\u00f4ng su\u1ea5t t\u1ed1i \u0111a: 7400W<\/li>\n<li>M\u1eb7t k\u00ednh Schott ceran ch\u1ecbu nhi\u1ec7t<\/li>\n<li>\u0110i\u1ec1u khi\u1ec3n c\u1ea3m \u1ee9ng v\u1edbi n\u00fat th\u00f4ng minh<\/li>\n<li>Ch\u1ee9c n\u0103ng t\u0103ng c\u01b0\u1eddng c\u00f4ng su\u1ea5t<\/li>\n<li>Ch\u1ebf \u0111\u1ed9 t\u1eaft m\u1edf \u00e2m thanh ph\u00edm<\/li>\n<li>Xu\u1ea5t x\u1ee9: Th\u1ed5 Nh\u0129 K\u1ef3<\/li>\n<\/ul>\n<\/div>\n<\/div>\n<\/div>\n","protected":false},"featured_media":2079,"comment_status":"open","ping_status":"closed","template":"","meta":[],"product_brand":[],"product_cat":[745,868,800,802,707,833,75,805,871,322,311],"product_tag":[81,115,321,76,168,325,313],"class_list":{"0":"post-2001","1":"product","2":"type-product","3":"status-publish","4":"has-post-thumbnail","6":"product_cat-bep-dien-tu","7":"product_cat-bep-3-tu","8":"product_cat-bep-dien-tu-hinh-vuong","9":"product_cat-bep-dien-tu-mat-kinh-schott-ceran","10":"product_cat-bep-dien-tu-teka","11":"product_cat-bep-dien-tu-tho-nhi-ky","12":"product_cat-bep-tu","13":"product_cat-bep-tu-3-vung-nau","14":"product_cat-bep-tu-da-vung-nau","15":"product_cat-bep-tu-teka","16":"product_cat-thuong-hieu-teka","17":"product_tag-bep-dien-tu","18":"product_tag-bep-dien-tu-am","19":"product_tag-bep-dien-tu-teka","20":"product_tag-bep-tu","21":"product_tag-bep-tu-am","22":"product_tag-bep-tu-teka","23":"product_tag-teka","25":"first","26":"instock","27":"sale","28":"shipping-taxable","29":"purchasable","30":"product-type-simple"},"_links":{"self":[{"href":"https:\/\/livinghome.vn\/thiet-bi\/wp-json\/wp\/v2\/product\/2001","targetHints":{"allow":["GET"]}}],"collection":[{"href":"https:\/\/livinghome.vn\/thiet-bi\/wp-json\/wp\/v2\/product"}],"about":[{"href":"https:\/\/livinghome.vn\/thiet-bi\/wp-json\/wp\/v2\/types\/product"}],"replies":[{"embeddable":true,"href":"https:\/\/livinghome.vn\/thiet-bi\/wp-json\/wp\/v2\/comments?post=2001"}],"wp:featuredmedia":[{"embeddable":true,"href":"https:\/\/livinghome.vn\/thiet-bi\/wp-json\/wp\/v2\/media\/2079"}],"wp:attachment":[{"href":"https:\/\/livinghome.vn\/thiet-bi\/wp-json\/wp\/v2\/media?parent=2001"}],"wp:term":[{"taxonomy":"product_brand","embeddable":true,"href":"https:\/\/livinghome.vn\/thiet-bi\/wp-json\/wp\/v2\/product_brand?post=2001"},{"taxonomy":"product_cat","embeddable":true,"href":"https:\/\/livinghome.vn\/thiet-bi\/wp-json\/wp\/v2\/product_cat?post=2001"},{"taxonomy":"product_tag","embeddable":true,"href":"https:\/\/livinghome.vn\/thiet-bi\/wp-json\/wp\/v2\/product_tag?post=2001"}],"curies":[{"name":"wp","href":"https:\/\/api.w.org\/{rel}","templated":true}]}}