{"id":1999,"date":"2023-01-12T16:43:28","date_gmt":"2023-01-12T16:43:28","guid":{"rendered":"https:\/\/livinghome.vn\/thiet-bi\/?post_type=product&#038;p=1999"},"modified":"2024-11-29T14:20:35","modified_gmt":"2024-11-29T07:20:35","slug":"bep-tu-teka-ibc-63015-bk-mss","status":"publish","type":"product","link":"https:\/\/livinghome.vn\/thiet-bi\/bep-tu-teka-ibc-63015-bk-mss\/","title":{"rendered":"B\u1ebfp t\u1eeb Teka IBC 63015 BK MSS"},"content":{"rendered":"<h3>B\u1ebfp t\u1eeb Teka IBC 63015 BK MSS \u00e2m 3 v\u00f9ng n\u1ea5u m\u1eb7t k\u00ednh Ceramic EuroKera ch\u1ecbu l\u1ef1c, ch\u1ecbu nhi\u1ec7t<\/h3>\n<figure id=\"attachment_66178\" aria-describedby=\"caption-attachment-66178\" style=\"width: 800px\" class=\"wp-caption alignnone\"><img loading=\"lazy\" decoding=\"async\" class=\"wp-image-66178 size-large\" src=\"https:\/\/livinghome.vn\/thiet-bi\/wp-content\/uploads\/nha-bep\/teka\/bep-tu\/bep-dien-tu-teka-ibc-63015-bk-mss\/bep-dien-tu-teka-ibc-63015-bk-mss-8-800x800.jpg\" alt=\"B\u1ebfp t\u1eeb Teka IBC 63015 BK MSS \u00e2m 3 v\u00f9ng n\u1ea5u m\u1eb7t k\u00ednh Ceramic EuroKera ch\u1ecbu l\u1ef1c, ch\u1ecbu nhi\u1ec7t\" width=\"800\" height=\"800\" title=\"\"><figcaption id=\"caption-attachment-66178\" class=\"wp-caption-text\">B\u1ebfp t\u1eeb Teka IBC 63015 BK MSS \u00e2m 3 v\u00f9ng n\u1ea5u m\u1eb7t k\u00ednh Ceramic EuroKera ch\u1ecbu l\u1ef1c, ch\u1ecbu nhi\u1ec7t<\/figcaption><\/figure>\n<h3>T\u00ednh n\u0103ng c\u01a1 b\u1ea3n<\/h3>\n<ul>\n<li><a href=\"https:\/\/livinghome.vn\/thiet-bi\/bep-dien-tu-ket-hop\/\">B\u1ebfp t\u1eeb \u00e2m<\/a> &#8211; B\u1ebfp k\u00ednh \u00e2m 3 v\u00f9ng n\u1ea5u<\/li>\n<li>B\u1ebfp \u0111i\u1ec7n t\u1eeb l\u1eafp \u00e2m<\/li>\n<li>\u0110i\u1ec1u khi\u1ec3n c\u1ea3m \u1ee9ng tr\u01b0\u1ee3t \u0111a \u0111i\u1ec3m<\/li>\n<li>3 v\u00f9ng n\u1ea5u: 1 v\u00f9ng nhi\u1ec7t \u0111\u00f4i \u00d8 160\/280 mm, 1 v\u00f9ng \u00d8 180 mm v\u00e0 1 v\u00f9ng \u00d8 145 mm<\/li>\n<li>M\u1eb7t k\u00ednh Schott ceran ch\u1ecbu nhi\u1ec7t<\/li>\n<li>9 m\u1ee9c c\u00f4ng su\u1ea5t<\/li>\n<li>Ch\u1ee9c n\u0103ng t\u0103ng c\u01b0\u1eddng c\u00f4ng su\u1ea5t POWER PLUS<\/li>\n<li>H\u1eb9n gi\u1edd n\u1ea5u \u0103n<\/li>\n<li>Kh\u00f3a an to\u00e0n tr\u1ebb em<\/li>\n<li>H\u1ec7 th\u1ed1ng t\u1ef1 \u0111\u1ed9ng ng\u1eaft \u0111i\u1ec7n an to\u00e0n khi qu\u00e1 nhi\u1ec7t ho\u1eb7c tr\u00e0o n\u01b0\u1edbc<\/li>\n<li>\u0110\u00e8n hi\u1ec3n th\u1ecb nhi\u1ec7t d\u01b0<\/li>\n<\/ul>\n<figure id=\"attachment_65410\" aria-describedby=\"caption-attachment-65410\" style=\"width: 1020px\" class=\"wp-caption alignnone\"><img loading=\"lazy\" decoding=\"async\" class=\"size-large wp-image-65410\" src=\"https:\/\/livinghome.vn\/thiet-bi\/wp-content\/uploads\/nha-bep\/teka\/bep-tu\/bep-dien-tu-teka-ibc-63015-bk-mss\/bep-dien-tu-teka-ibc-63015-bk-mss-5-1065x800.jpg\" alt=\"B\u1ebfp t\u1eeb Teka IBC 63015 BK MSS \u00e2m 3 v\u00f9ng n\u1ea5u m\u1eb7t k\u00ednh Ceramic EuroKera ch\u1ecbu l\u1ef1c, ch\u1ecbu nhi\u1ec7t\" width=\"1020\" height=\"766\" title=\"\"><figcaption id=\"caption-attachment-65410\" class=\"wp-caption-text\">B\u1ebfp t\u1eeb Teka IBC 63015 BK MSS \u00e2m 3 v\u00f9ng n\u1ea5u m\u1eb7t k\u00ednh Ceramic EuroKera ch\u1ecbu l\u1ef1c, ch\u1ecbu nhi\u1ec7t<\/figcaption><\/figure>\n<p>Thi\u1ebft k\u1ebf sang tr\u1ecdng, hi\u1ec7n \u0111\u1ea1i:\u00a0B\u1ebfp t\u1eeb Teka IBC 63015 BK MSS \u0111\u01b0\u1ee3c ch\u00fa tr\u1ecdng v\u00e0o kh\u00e2u thi\u1ebft k\u1ebf, s\u1ea3n ph\u1ea9m mang \u0111\u1eadm phong c\u00e1ch ch\u00e2u \u00c2u v\u1edbi chi ti\u1ebft m\u1eb7t k\u00ednh v\u00e1t c\u1ea1nh tinh t\u1ebf v\u00e0 s\u1eed d\u1ee5ng gam m\u00e0u \u0111en hi\u1ec7n \u0111\u1ea1i, l\u1eafp \u0111\u1eb7t \u00e2m t\u1ee7, d\u1ec5 d\u00e0ng k\u1ebft h\u1ee3p v\u1edbi c\u00e1c \u0111\u1ed3 n\u1ed9i th\u1ea5t kh\u00e1c trong nh\u00e0 b\u1ebfp, g\u00f3p ph\u1ea7n l\u00e0m cho kh\u00f4ng gian b\u1ebfp th\u00eam ph\u1ea7n sang tr\u1ecdng.<\/p>\n<p>Ch\u1ea5t li\u1ec7u m\u1eb7t k\u00ednh cao c\u1ea5p: B\u1ebfp s\u1eed d\u1ee5ng m\u1eb7t k\u00ednh Schott c\u00f3 kh\u1ea3 n\u0103ng ch\u1ecbu l\u1ef1c, ch\u1ecbu nhi\u1ec7t v\u00e0 ch\u1ed1ng tr\u1ea7y x\u01b0\u1edbc cao, d\u1ec5 d\u00e0ng v\u1ec7 sinh s\u1ea1ch s\u1ebd gi\u00fap b\u1ec1 m\u1eb7t b\u1ebfp lu\u00f4n s\u1ea1ch \u0111\u1eb9p.<\/p>\n<figure id=\"attachment_66176\" aria-describedby=\"caption-attachment-66176\" style=\"width: 800px\" class=\"wp-caption alignnone\"><img loading=\"lazy\" decoding=\"async\" class=\"size-large wp-image-66176\" src=\"https:\/\/livinghome.vn\/thiet-bi\/wp-content\/uploads\/nha-bep\/teka\/bep-tu\/bep-dien-tu-teka-ibc-63015-bk-mss\/bep-dien-tu-teka-ibc-63015-bk-mss-6-800x800.jpg\" alt=\"B\u1ebfp t\u1eeb Teka IBC 63015 BK MSS \u00e2m 3 v\u00f9ng n\u1ea5u m\u1eb7t k\u00ednh Ceramic EuroKera ch\u1ecbu l\u1ef1c, ch\u1ecbu nhi\u1ec7t\" width=\"800\" height=\"800\" title=\"\"><figcaption id=\"caption-attachment-66176\" class=\"wp-caption-text\">K\u00edch th\u01b0\u1edbc b\u1ebfp t\u1eeb Teka IBC 63015 BK MSS<\/figcaption><\/figure>\n<h3>Th\u00f4ng s\u1ed1 k\u1ef9 thu\u1eadt<\/h3>\n<ul>\n<li>C\u00f4ng su\u1ea5t 7200W<\/li>\n<li>Chi\u1ec1u cao(mm):\u00a058<\/li>\n<li>Chi\u1ec1u r\u1ed9ng (mm):\u00a0600<\/li>\n<li>\u0110\u1ed9 s\u00e2u (mm):\u00a0510<\/li>\n<li>Tr\u1ecdng l\u01b0\u1ee3ng (Kgs):\u00a09,79<\/li>\n<li>T\u1ea7n s\u1ed1 (Hz):\u00a050\/60<\/li>\n<li>C\u00f4ng su\u1ea5t (V):\u00a0220-240<\/li>\n<li>Chi\u1ec1u d\u00e0i d\u00e2y c\u00e1p (cm):\u00a011<\/li>\n<\/ul>\n<p>C\u00f4ng su\u1ea5t m\u1ea1nh m\u1ebd: Kh\u00f4ng ch\u1ec9 t\u1eadp trung v\u00e0o thi\u1ebft k\u1ebf b\u00ean ngo\u00e0i, s\u1ea3n ph\u1ea9m b\u1ebfp t\u1eeb Teka IBC 63015 BK MSS c\u0169ng \u0111\u01b0\u1ee3c ch\u00fa tr\u1ecdng v\u00e0o hi\u1ec7u n\u0103ng ho\u1ea1t \u0111\u1ed9ng, \u0111\u1ea3m b\u1ea3o \u0111\u00e1p \u1ee9ng nhu c\u1ea7u ch\u1ebf bi\u1ebfn nhanh c\u00f9ng l\u00fac nhi\u1ec1u m\u00f3n \u0103n v\u1edbi c\u00f4ng su\u1ea5t l\u1edbn \u0111i c\u00f9ng nhi\u1ec1u c\u1ea5p \u0111\u1ed9 nhi\u1ec7t c\u00f3 th\u1ec3 \u0111i\u1ec1u ch\u1ec9nh ph\u00f9 h\u1ee3p cho t\u1eebng v\u00f9ng n\u1ea5u, t\u1eebng m\u00f3n \u0103n kh\u00e1c nhau.<\/p>\n<p>V\u00f9ng n\u1ea5u \u0111a d\u1ea1ng\u200b: V\u1edbi 3 v\u00f9ng n\u1ea5u \u0111\u1ed9c l\u1eadp, b\u1ea1n c\u00f3 th\u1ec3 \u0111i\u1ec1u ch\u1ec9nh linh ho\u1ea1t cho t\u1eebng b\u1ebfp, ch\u1ebf bi\u1ebfn c\u00e1c m\u00f3n \u0103n c\u00f9ng l\u00fac, ti\u1ebft ki\u1ec7m \u0111\u01b0\u1ee3c th\u1eddi gian ch\u1ebf bi\u1ebfn th\u1ee9c \u0103n.<\/p>\n<h3>Xu\u1ea5t x\u1ee9: Th\u1ed5 Nh\u0129 K\u1ef3<\/h3>\n<div><\/div>\n","protected":false},"excerpt":{"rendered":"<div id=\"product-title\" class=\"et_pb_module et_pb_text et_pb_bg_layout_light et_pb_text_align_left\">\n<div class=\"et_pb_text_inner\">\n<h1>B\u1ebfp t\u1eeb 3 v\u00f9ng n\u1ea5u, 60cm<\/h1>\n<\/div>\n<\/div>\n<div class=\"et_pb_module et_pb_text et_pb_text_1 et_pb_bg_layout_light et_pb_text_align_left\">\n<div class=\"et_pb_text_inner\">\n<div id=\"product-content\">\n<ul>\n<li>B\u1ebfp \u0111i\u1ec7n t\u1eeb l\u1eafp \u00e2m<\/li>\n<li>\u0110i\u1ec1u khi\u1ec3n c\u1ea3m \u1ee9ng tr\u01b0\u1ee3t \u0111a \u0111i\u1ec3m<\/li>\n<li>3 v\u00f9ng n\u1ea5u<\/li>\n<li>9 m\u1ee9c c\u00f4ng su\u1ea5t<\/li>\n<li>Kh\u00f3a an to\u00e0n tr\u1ebb em<\/li>\n<\/ul>\n<\/div>\n<\/div>\n<\/div>\n","protected":false},"featured_media":2060,"comment_status":"open","ping_status":"closed","template":"","meta":[],"product_brand":[],"product_cat":[745,868,803,800,802,707,833,816,75,805,871,322,311],"product_tag":[81,115,321,313],"class_list":{"0":"post-1999","1":"product","2":"type-product","3":"status-publish","4":"has-post-thumbnail","6":"product_cat-bep-dien-tu","7":"product_cat-bep-3-tu","8":"product_cat-bep-dien-tu-3-vung-nau","9":"product_cat-bep-dien-tu-hinh-vuong","10":"product_cat-bep-dien-tu-mat-kinh-schott-ceran","11":"product_cat-bep-dien-tu-teka","12":"product_cat-bep-dien-tu-tho-nhi-ky","13":"product_cat-bep-dien-tu-thoi-trang","14":"product_cat-bep-tu","15":"product_cat-bep-tu-3-vung-nau","16":"product_cat-bep-tu-da-vung-nau","17":"product_cat-bep-tu-teka","18":"product_cat-thuong-hieu-teka","19":"product_tag-bep-dien-tu","20":"product_tag-bep-dien-tu-am","21":"product_tag-bep-dien-tu-teka","22":"product_tag-teka","24":"first","25":"instock","26":"sale","27":"shipping-taxable","28":"purchasable","29":"product-type-simple"},"_links":{"self":[{"href":"https:\/\/livinghome.vn\/thiet-bi\/wp-json\/wp\/v2\/product\/1999","targetHints":{"allow":["GET"]}}],"collection":[{"href":"https:\/\/livinghome.vn\/thiet-bi\/wp-json\/wp\/v2\/product"}],"about":[{"href":"https:\/\/livinghome.vn\/thiet-bi\/wp-json\/wp\/v2\/types\/product"}],"replies":[{"embeddable":true,"href":"https:\/\/livinghome.vn\/thiet-bi\/wp-json\/wp\/v2\/comments?post=1999"}],"wp:featuredmedia":[{"embeddable":true,"href":"https:\/\/livinghome.vn\/thiet-bi\/wp-json\/wp\/v2\/media\/2060"}],"wp:attachment":[{"href":"https:\/\/livinghome.vn\/thiet-bi\/wp-json\/wp\/v2\/media?parent=1999"}],"wp:term":[{"taxonomy":"product_brand","embeddable":true,"href":"https:\/\/livinghome.vn\/thiet-bi\/wp-json\/wp\/v2\/product_brand?post=1999"},{"taxonomy":"product_cat","embeddable":true,"href":"https:\/\/livinghome.vn\/thiet-bi\/wp-json\/wp\/v2\/product_cat?post=1999"},{"taxonomy":"product_tag","embeddable":true,"href":"https:\/\/livinghome.vn\/thiet-bi\/wp-json\/wp\/v2\/product_tag?post=1999"}],"curies":[{"name":"wp","href":"https:\/\/api.w.org\/{rel}","templated":true}]}}