{"id":1998,"date":"2023-01-12T16:43:28","date_gmt":"2023-01-12T16:43:28","guid":{"rendered":"https:\/\/livinghome.vn\/thiet-bi\/?post_type=product&#038;p=1998"},"modified":"2024-11-29T14:20:35","modified_gmt":"2024-11-29T07:20:35","slug":"bep-tu-teka-ibc-7322-s","status":"publish","type":"product","link":"https:\/\/livinghome.vn\/thiet-bi\/bep-tu-teka-ibc-7322-s\/","title":{"rendered":"B\u1ebfp t\u1eeb Teka IBC 7322 S \u00e2m 2 v\u00f9ng n\u1ea5u sang tr\u1ecdng, ch\u1ea5t l\u01b0\u1ee3ng tuy\u1ec7t h\u1ea3o"},"content":{"rendered":"<h3>B\u1ebfp t\u1eeb Teka IBC 7322 S \u00e2m 2 v\u00f9ng n\u1ea5u sang tr\u1ecdng, ch\u1ea5t l\u01b0\u1ee3ng tuy\u1ec7t h\u1ea3o<\/h3>\n<figure id=\"attachment_66174\" aria-describedby=\"caption-attachment-66174\" style=\"width: 800px\" class=\"wp-caption alignnone\"><img loading=\"lazy\" decoding=\"async\" class=\"wp-image-66174 size-large\" src=\"https:\/\/livinghome.vn\/thiet-bi\/wp-content\/uploads\/nha-bep\/teka\/bep-tu\/bep-dien-tu-teka-ibc-7322-s\/bep-dien-tu-teka-ibc-7322-s-1-800x800.jpg\" alt=\"B\u1ebfp t\u1eeb Teka IBC 7322 S \u00e2m 2 v\u00f9ng n\u1ea5u sang tr\u1ecdng, ch\u1ea5t l\u01b0\u1ee3ng tuy\u1ec7t h\u1ea3o\" width=\"800\" height=\"800\" title=\"\"><figcaption id=\"caption-attachment-66174\" class=\"wp-caption-text\">B\u1ebfp \u0111i\u1ec7n t\u1eeb Teka IBC 7322 S \u00e2m 2 v\u00f9ng n\u1ea5u sang tr\u1ecdng, ch\u1ea5t l\u01b0\u1ee3ng tuy\u1ec7t h\u1ea3o<\/figcaption><\/figure>\n<h3>T\u00ednh n\u0103ng c\u01a1 b\u1ea3n<\/h3>\n<ul>\n<li><a href=\"https:\/\/livinghome.vn\/thiet-bi\/bep-dien-tu-ket-hop\/\">B\u1ebfp t\u1eeb \u00e2m<\/a> &#8211; B\u1ebfp k\u00ednh \u00e2m 2 v\u00f9ng n\u1ea5u<\/li>\n<li>B\u1ebfp \u0111i\u1ec7n t\u1eeb<\/li>\n<li>\u0110i\u1ec1u khi\u1ec3n c\u1ea3m \u1ee9ng d\u1ea1ng tr\u01b0\u1ee3t<\/li>\n<li>M\u1eb7t k\u00ednh Schott ceran ch\u1ecbu nhi\u1ec7t<\/li>\n<li>Ch\u1ee9c n\u0103ng n\u1ea5u tr\u1ef1c ti\u1ebfp: chi\u00ean ng\u1eadp d\u1ea7u, x\u00e0o, h\u1ea7m, n\u1ea5u nhanh v\u00e0 h\u00e2m n\u00f3ng<\/li>\n<li>Ch\u1ee9c n\u0103ng t\u0103ng c\u01b0\u1eddng c\u00f4ng su\u1ea5t<\/li>\n<li>Ch\u1ee9c n\u0103ng t\u1ea1m d\u1eebng ho\u1ea1t \u0111\u1ed9ng<\/li>\n<li>Kh\u00f3a tr\u1ebb em<\/li>\n<li>\u0110\u00e8n hi\u1ec3n th\u1ecb nhi\u1ec7t d\u01b0<\/li>\n<li>T\u1ef1 \u0111\u1ed9ng ng\u1eaft \u0111i\u1ec7n khi qu\u00e1 nhi\u1ec7t ho\u1eb7c tr\u00e0o n\u01b0\u1edbc<\/li>\n<\/ul>\n<p>B\u1ebfp \u0111i\u1ec7n \u0111i\u1ec7n t\u1eeb Teka IBC 7322\u00a0S\u00a0thi\u1ebft\u00a0k\u1ebf sang tr\u1ecdng, ch\u1ea5t l\u01b0\u1ee3ng tuy\u1ec7t h\u1ea3o b\u1edfi c\u00f4ng ngh\u1ec7 hi\u1ec7n \u0111\u1ea1i nh\u1ea5t, an to\u00e0n cho ng\u01b0\u1eddi s\u1eed d\u1ee5ng, ti\u1ebft ki\u1ec7m n\u0103ng l\u01b0\u1ee3ng v\u00e0 th\u00e2n thi\u1ec7n v\u1edbi m\u00f4i tr\u01b0\u1eddng, \u0111a d\u1ea1ng ch\u1ee7ng lo\u1ea1i v\u00e0 k\u00edch th\u01b0\u1edbc ph\u00f9 h\u1ee3p v\u1edbi m\u1ecdi kh\u00f4ng gian b\u1ebfp gia \u0111\u00ecnh.<\/p>\n<p>B\u1ebfp \u0111\u00f4i Teka IBC 7322-S v\u1edbi nhi\u1ec1u t\u00ednh n\u0103ng \u01b0u vi\u1ec7t \u0111\u1ea1t ti\u00eau chu\u1ea9n ch\u1ea5t l\u01b0\u1ee3ng ch\u00e2u \u00c2u v\u1edbi \u0111\u1ed9 b\u1ec1n cao, ki\u1ec3u d\u00e1ng sang tr\u1ecdng, hi\u1ec7n \u0111\u1ea1i g\u00f3p ph\u1ea7n t\u00f4n l\u00ean v\u1ebb sang tr\u1ecdng cho c\u0103n ph\u00f2ng b\u1ebfp nh\u00e0 b\u1ea1n.<\/p>\n<h3>Th\u00f4ng s\u1ed1 k\u1ef9 thu\u1eadt<\/h3>\n<ul>\n<li>C\u00f4ng su\u1ea5t 4600W<\/li>\n<li>2 v\u00f9ng n\u1ea5u \u00d8205mm<\/li>\n<li>Chi\u1ec1u r\u1ed9ng (mm): 730<\/li>\n<li>\u0110\u1ed9 s\u00e2u (mm): 430<\/li>\n<\/ul>\n<h3>Xu\u1ea5t x\u1ee9: PRC<\/h3>\n<div><\/div>\n","protected":false},"excerpt":{"rendered":"<div id=\"product-title\" class=\"et_pb_module et_pb_text et_pb_bg_layout_light et_pb_text_align_left\">\n<div class=\"et_pb_text_inner\">\n<h1>B\u1ebfp \u0111i\u1ec7n t\u1eeb \u0111i\u1ec1u khi\u1ec3n c\u1ea3m \u1ee9ng d\u1ea1ng tr\u01b0\u1ee3t<\/h1>\n<\/div>\n<\/div>\n<div class=\"et_pb_module et_pb_text et_pb_text_1 et_pb_bg_layout_light et_pb_text_align_left\">\n<div class=\"et_pb_text_inner\">\n<div id=\"product-content\">\n<ul>\n<li>B\u1ebfp \u0111i\u1ec7n t\u1eeb<\/li>\n<li>\u0110i\u1ec1u khi\u1ec3n c\u1ea3m \u1ee9ng d\u1ea1ng tr\u01b0\u1ee3t<\/li>\n<li>2 v\u00f9ng n\u1ea5u \u00d8205mm<\/li>\n<li>9 m\u1ee9c c\u00f4ng su\u1ea5t<\/li>\n<li>M\u1eb7t k\u00ednh Schott ceran ch\u1ecbu nhi\u1ec7t<\/li>\n<li>C\u00f4ng su\u1ea5t 4600W<\/li>\n<\/ul>\n<\/div>\n<\/div>\n<\/div>\n","protected":false},"featured_media":2059,"comment_status":"open","ping_status":"closed","template":"","meta":[],"product_brand":[],"product_cat":[745,794,813,799,802,707,816,75,795,322,311],"product_tag":[81,115,321,313],"class_list":{"0":"post-1998","1":"product","2":"type-product","3":"status-publish","4":"has-post-thumbnail","6":"product_cat-bep-dien-tu","7":"product_cat-bep-2-tu","8":"product_cat-bep-dien-tu-chung-cu","9":"product_cat-bep-dien-tu-hinh-chu-nhat","10":"product_cat-bep-dien-tu-mat-kinh-schott-ceran","11":"product_cat-bep-dien-tu-teka","12":"product_cat-bep-dien-tu-thoi-trang","13":"product_cat-bep-tu","14":"product_cat-bep-tu-doi","15":"product_cat-bep-tu-teka","16":"product_cat-thuong-hieu-teka","17":"product_tag-bep-dien-tu","18":"product_tag-bep-dien-tu-am","19":"product_tag-bep-dien-tu-teka","20":"product_tag-teka","22":"first","23":"instock","24":"sale","25":"shipping-taxable","26":"purchasable","27":"product-type-simple"},"_links":{"self":[{"href":"https:\/\/livinghome.vn\/thiet-bi\/wp-json\/wp\/v2\/product\/1998","targetHints":{"allow":["GET"]}}],"collection":[{"href":"https:\/\/livinghome.vn\/thiet-bi\/wp-json\/wp\/v2\/product"}],"about":[{"href":"https:\/\/livinghome.vn\/thiet-bi\/wp-json\/wp\/v2\/types\/product"}],"replies":[{"embeddable":true,"href":"https:\/\/livinghome.vn\/thiet-bi\/wp-json\/wp\/v2\/comments?post=1998"}],"wp:featuredmedia":[{"embeddable":true,"href":"https:\/\/livinghome.vn\/thiet-bi\/wp-json\/wp\/v2\/media\/2059"}],"wp:attachment":[{"href":"https:\/\/livinghome.vn\/thiet-bi\/wp-json\/wp\/v2\/media?parent=1998"}],"wp:term":[{"taxonomy":"product_brand","embeddable":true,"href":"https:\/\/livinghome.vn\/thiet-bi\/wp-json\/wp\/v2\/product_brand?post=1998"},{"taxonomy":"product_cat","embeddable":true,"href":"https:\/\/livinghome.vn\/thiet-bi\/wp-json\/wp\/v2\/product_cat?post=1998"},{"taxonomy":"product_tag","embeddable":true,"href":"https:\/\/livinghome.vn\/thiet-bi\/wp-json\/wp\/v2\/product_tag?post=1998"}],"curies":[{"name":"wp","href":"https:\/\/api.w.org\/{rel}","templated":true}]}}