{"id":1997,"date":"2023-01-12T16:43:28","date_gmt":"2023-01-12T16:43:28","guid":{"rendered":"https:\/\/livinghome.vn\/thiet-bi\/?post_type=product&#038;p=1997"},"modified":"2024-11-29T14:20:35","modified_gmt":"2024-11-29T07:20:35","slug":"bep-gas-teka-jzc-63312-abn-bk-am-3-vung-nau-thiet-ke-sang-trong-tinh-te","status":"publish","type":"product","link":"https:\/\/livinghome.vn\/thiet-bi\/bep-gas-teka-jzc-63312-abn-bk-am-3-vung-nau-thiet-ke-sang-trong-tinh-te\/","title":{"rendered":"B\u1ebfp gas Teka JZC 63312 ABN BK \u00e2m 3 v\u00f9ng n\u1ea5u thi\u1ebft k\u1ebf sang tr\u1ecdng, tinh t\u1ebf"},"content":{"rendered":"<h3>B\u1ebfp gas Teka JZC 63312 ABN BK \u00e2m 3 v\u00f9ng n\u1ea5u thi\u1ebft k\u1ebf sang tr\u1ecdng, tinh t\u1ebf<\/h3>\n<figure id=\"attachment_66165\" aria-describedby=\"caption-attachment-66165\" style=\"width: 800px\" class=\"wp-caption alignnone\"><img loading=\"lazy\" decoding=\"async\" class=\"wp-image-66165 size-large\" src=\"https:\/\/livinghome.vn\/thiet-bi\/wp-content\/uploads\/nha-bep\/teka\/bep-ga\/bep-tu-ket-hop-teka-jzc-63312-abn-bk\/bep-tu-ket-hop-teka-jzc-63312-abn-bk-6-800x800.jpg\" alt=\"B\u1ebfp gas Teka 63312 ABN BK \u00e2m 3 v\u00f9ng n\u1ea5u thi\u1ebft k\u1ebf sang tr\u1ecdng, tinh t\u1ebf\" width=\"800\" height=\"800\" title=\"\"><figcaption id=\"caption-attachment-66165\" class=\"wp-caption-text\">B\u1ebfp gas Teka 63312 ABN BK \u00e2m 3 v\u00f9ng n\u1ea5u thi\u1ebft k\u1ebf sang tr\u1ecdng, tinh t\u1ebf<\/figcaption><\/figure>\n<p>B\u1ebfp h\u1ed7n h\u1ee3p Teka\u00a0JZC 63312 ABN BK \u0111\u01b0\u1ee3c thi\u1ebft k\u1ebf g\u1ed3m 3 vu\u0300ng n\u00e2\u0301u ri\u00eang bi\u1ec7t, trong \u0111\u00f3 1 vu\u0300ng n\u00e2\u0301u t\u01b0\u0300 \u00d8 210 mm m\u1ee9c c\u00f4ng su\u1ea5t 2250W\/Booster3000W,\u00a0 vu\u0300ng n\u00e2\u0301u t\u01b0\u0300 \u00d8 145 mm c\u00f4ng su\u1ea5t 1250W\/Booster1800W v\u00e0 1 vu\u0300ng n\u00e2\u0301u gas c\u00f4ng su\u1ea5t max 4,00 KW. T\u1ed5ng c\u00f4ng su\u1ea5t c\u1ee7a to\u00e0n v\u00f9ng n\u1ea5u t\u1eeb \u0111\u1ea1t 3500W n\u00ean b\u1ebfp n\u1ea5u teka ho\u00e0n to\u00e0n c\u00f3 th\u1ec3 \u0111\u00e1p \u1ee9ng m\u1ecdi nhu c\u1ea7u n\u1ea5u n\u01b0\u1edbng trong gia \u0111\u00ecnh.<\/p>\n<p>B\u1ea3ng \u0111i\u1ec1u khi\u1ec3n c\u1ea3m \u1ee9ng th\u00f4ng minh cho ph\u1ea7n b\u1ebfp t\u1eeb, c\u00e0i \u0111\u1eb7t ch\u1ee9c n\u0103ng \u0111\u1ed9c l\u1eadp cho t\u1eebng b\u1ebfp. Ri\u00eang ph\u1ea7n b\u1ebfp ga \u0111i\u1ec1u ch\u1ec9nh b\u1eb1ng n\u00fat v\u1eb7n tr\u1ef1c quan, b\u1ea1n c\u00f3 th\u1ec3 quan s\u00e1t m\u1ee9c \u0111\u1ed9 ng\u1ecdn l\u1eeda v\u1eeba ch\u1ec9nh l\u1ea1i cho th\u00edch h\u1ee3p.<\/p>\n<h3>T\u00ednh n\u0103ng c\u01a1 b\u1ea3n<\/h3>\n<ul>\n<li><a href=\"https:\/\/livinghome.vn\/thiet-bi\/bep-gas-am\/\">B\u1ebfp gas \u00e2m<\/a> &#8211; B\u1ebfp k\u00ednh \u00e2m 3 v\u00f9ng n\u1ea5u<\/li>\n<li>B\u1ea3ng \u0111i\u1ec1u khi\u1ec3n c\u1ea3m \u1ee9ng tr\u01b0\u1ee3t cho b\u1ebfp t\u1eeb, n\u00fat v\u1eb7n cho b\u1ebfp gas<\/li>\n<li>3 v\u00f9ng b\u1ebfp n\u1ea5u: 2 v\u00f9ng t\u1eeb + 1 v\u00f9ng gas<\/li>\n<li>C\u00e0i \u0111\u1eb7t ch\u01b0\u01a1ng tr\u00ecnh ri\u00eang bi\u1ec7t cho t\u1eebng b\u1ebfp n\u1ea5u<\/li>\n<li>Ki\u1ec1ng b\u1ebfp b\u1eb1ng gang, \u0111\u00e1nh l\u1eeda b\u1eb1ng \u0111i\u1ec7n<\/li>\n<li>9 m\u1ee9c \u0111i\u1ec1u khi\u1ec3n l\u1eeda cho b\u1ebfp gas<\/li>\n<li>H\u1ec7 th\u1ed1ng ng\u1eaft gas an to\u00e0n<\/li>\n<li>Ch\u1ee9c n\u0103ng t\u0103ng c\u01b0\u1eddng c\u00f4ng su\u1ea5t<\/li>\n<li>Ch\u1ee9c n\u0103ng nh\u1eadn di\u1ec7n \u0111\u00e1y n\u1ed3i<\/li>\n<li>Ph\u1ee5 ki\u1ec7n \u0111i k\u00e8m: b\u1ed9 d\u00f2 gas<\/li>\n<\/ul>\n<p>&nbsp;<\/p>\n<figure id=\"attachment_66166\" aria-describedby=\"caption-attachment-66166\" style=\"width: 800px\" class=\"wp-caption alignnone\"><img loading=\"lazy\" decoding=\"async\" class=\"size-large wp-image-66166\" src=\"https:\/\/livinghome.vn\/thiet-bi\/wp-content\/uploads\/nha-bep\/teka\/bep-ga\/bep-tu-ket-hop-teka-jzc-63312-abn-bk\/bep-tu-ket-hop-teka-jzc-63312-abn-bk-7-800x800.jpg\" alt=\"B\u1ebfp gas Teka 63312 ABN BK \u00e2m 3 v\u00f9ng n\u1ea5u thi\u1ebft k\u1ebf sang tr\u1ecdng, tinh t\u1ebf\" width=\"800\" height=\"800\" title=\"\"><figcaption id=\"caption-attachment-66166\" class=\"wp-caption-text\">K\u00edch th\u01b0\u1edbc b\u1ebfp gas Teka 63312 ABN BK<\/figcaption><\/figure>\n<h3>Th\u00f4ng s\u1ed1 k\u1ef9 thu\u1eadt<\/h3>\n<ul>\n<li>Chi\u1ec1u cao(mm):\u00a098<\/li>\n<li>Chi\u1ec1u r\u1ed9ng (mm):\u00a0600<\/li>\n<li>\u0110\u1ed9 s\u00e2u (mm):\u00a0510<\/li>\n<li>Tr\u1ecdng l\u01b0\u1ee3ng (Kgs):\u00a012,8<\/li>\n<li>C\u00f4ng su\u1ea5t ti\u00eau chu\u1ea9n t\u1ed1i \u0111a (W):\u00a03500<\/li>\n<li>T\u1ea7n s\u1ed1 (Hz):\u00a050\/60<\/li>\n<li>C\u00f4ng su\u1ea5t (V):\u00a0220-240<\/li>\n<li>Chi\u1ec1u d\u00e0i d\u00e2y c\u00e1p (cm):\u00a011<\/li>\n<\/ul>\n<h3>Xu\u1ea5t x\u1ee9: \u00dd<\/h3>\n<div><\/div>\n","protected":false},"excerpt":{"rendered":"<div id=\"product-title\" class=\"et_pb_module et_pb_text et_pb_bg_layout_light et_pb_text_align_left\">\n<div class=\"et_pb_text_inner\">\n<h1>B\u1ebfp t\u1eeb k\u1ebft h\u1ee3p gas<\/h1>\n<\/div>\n<\/div>\n<div class=\"et_pb_module et_pb_text et_pb_text_1 et_pb_bg_layout_light et_pb_text_align_left\">\n<div class=\"et_pb_text_inner\">\n<div id=\"product-content\">\n<ul>\n<li>C\u00f4ng su\u1ea5t \u0111i\u1ec7n t\u1eeb: 3500W<\/li>\n<li>C\u00f4ng su\u1ea5t gas: 4 kW<\/li>\n<li>B\u1ea3ng \u0111i\u1ec1u khi\u1ec3n c\u1ea3m \u1ee9ng tr\u01b0\u1ee3t cho b\u1ebfp t\u1eeb, n\u00fat v\u1eb7n cho b\u1ebfp gas<\/li>\n<li>C\u00e0i \u0111\u1eb7t ch\u01b0\u01a1ng tr\u00ecnh ri\u00eang bi\u1ec7t cho t\u1eebng b\u1ebfp n\u1ea5u<\/li>\n<li>Ki\u1ec1ng b\u1ebfp b\u1eb1ng gang, \u0111\u00e1nh l\u1eeda b\u1eb1ng \u0111i\u1ec7n<\/li>\n<li>H\u1ec7 th\u1ed1ng ng\u1eaft gas an to\u00e0n<\/li>\n<li>Xu\u1ea5t x\u1ee9 : Italia<\/li>\n<\/ul>\n<\/div>\n<\/div>\n<\/div>\n","protected":false},"featured_media":2054,"comment_status":"open","ping_status":"closed","template":"","meta":[],"product_brand":[],"product_cat":[745,123,727,75,311],"product_tag":[124,319,126,744,318,313],"class_list":{"0":"post-1997","1":"product","2":"type-product","3":"status-publish","4":"has-post-thumbnail","6":"product_cat-bep-dien-tu","7":"product_cat-bep-gas","8":"product_cat-bep-gas-teka","9":"product_cat-bep-tu","10":"product_cat-thuong-hieu-teka","11":"product_tag-bep-gas","12":"product_tag-bep-gas-3-vung-nau","13":"product_tag-bep-gas-am","14":"product_tag-bep-gas-am-teka","15":"product_tag-bep-gas-teka","16":"product_tag-teka","18":"first","19":"instock","20":"sale","21":"shipping-taxable","22":"purchasable","23":"product-type-simple"},"_links":{"self":[{"href":"https:\/\/livinghome.vn\/thiet-bi\/wp-json\/wp\/v2\/product\/1997","targetHints":{"allow":["GET"]}}],"collection":[{"href":"https:\/\/livinghome.vn\/thiet-bi\/wp-json\/wp\/v2\/product"}],"about":[{"href":"https:\/\/livinghome.vn\/thiet-bi\/wp-json\/wp\/v2\/types\/product"}],"replies":[{"embeddable":true,"href":"https:\/\/livinghome.vn\/thiet-bi\/wp-json\/wp\/v2\/comments?post=1997"}],"wp:featuredmedia":[{"embeddable":true,"href":"https:\/\/livinghome.vn\/thiet-bi\/wp-json\/wp\/v2\/media\/2054"}],"wp:attachment":[{"href":"https:\/\/livinghome.vn\/thiet-bi\/wp-json\/wp\/v2\/media?parent=1997"}],"wp:term":[{"taxonomy":"product_brand","embeddable":true,"href":"https:\/\/livinghome.vn\/thiet-bi\/wp-json\/wp\/v2\/product_brand?post=1997"},{"taxonomy":"product_cat","embeddable":true,"href":"https:\/\/livinghome.vn\/thiet-bi\/wp-json\/wp\/v2\/product_cat?post=1997"},{"taxonomy":"product_tag","embeddable":true,"href":"https:\/\/livinghome.vn\/thiet-bi\/wp-json\/wp\/v2\/product_tag?post=1997"}],"curies":[{"name":"wp","href":"https:\/\/api.w.org\/{rel}","templated":true}]}}