{"id":19912,"date":"2024-01-26T11:23:55","date_gmt":"2024-01-26T04:23:55","guid":{"rendered":"https:\/\/livinghome.vn\/thiet-bi\/?post_type=product&#038;p=19912"},"modified":"2024-11-29T14:19:02","modified_gmt":"2024-11-29T07:19:02","slug":"quat-tran-minka-supra-trang","status":"publish","type":"product","link":"https:\/\/livinghome.vn\/thiet-bi\/quat-tran-minka-supra-trang\/","title":{"rendered":"Qu\u1ea1t Tr\u1ea7n Minka Supra Tr\u1eafng"},"content":{"rendered":"<h2>QU\u1ea0T TR\u1ea6N M\u1ef8 MINKA SUPRA<\/h2>\n<h3>M\u1eabu qu\u1ea1t truy\u1ec1n th\u1ed1ng gi\u00f3 t\u1ed1t, gi\u00e1 t\u1ed1t.<\/h3>\n<h3>\u0110\u01b0\u1ee3c d\u00f9ng t\u1ea1i d\u1ef1 \u00e1n Marriott Cam Ranh &amp; Duy\u00ean H\u00e0 Resort.<\/h3>\n<figure id=\"attachment_19911\" aria-describedby=\"caption-attachment-19911\" style=\"width: 1200px\" class=\"wp-caption alignnone\"><img loading=\"lazy\" decoding=\"async\" class=\"size-full wp-image-19911\" src=\"https:\/\/livinghome.vn\/thiet-bi\/wp-content\/uploads\/san-pham\/quat-tran\/minka\/minka-supra-f563-wh\/minka-supra-f563-wh.jpg\" alt=\"QU\u1ea0T TR\u1ea6N M\u1ef8 MINKA SUPRA\" width=\"1200\" height=\"1200\" title=\"\" srcset=\"https:\/\/livinghome.vn\/thiet-bi\/wp-content\/uploads\/san-pham\/quat-tran\/minka\/minka-supra-f563-wh\/minka-supra-f563-wh.jpg 1200w, https:\/\/livinghome.vn\/thiet-bi\/wp-content\/uploads\/san-pham\/quat-tran\/minka\/minka-supra-f563-wh\/minka-supra-f563-wh-400x400.jpg 400w, https:\/\/livinghome.vn\/thiet-bi\/wp-content\/uploads\/san-pham\/quat-tran\/minka\/minka-supra-f563-wh\/minka-supra-f563-wh-800x800.jpg 800w, https:\/\/livinghome.vn\/thiet-bi\/wp-content\/uploads\/san-pham\/quat-tran\/minka\/minka-supra-f563-wh\/minka-supra-f563-wh-280x280.jpg 280w, https:\/\/livinghome.vn\/thiet-bi\/wp-content\/uploads\/san-pham\/quat-tran\/minka\/minka-supra-f563-wh\/minka-supra-f563-wh-768x768.jpg 768w, https:\/\/livinghome.vn\/thiet-bi\/wp-content\/uploads\/san-pham\/quat-tran\/minka\/minka-supra-f563-wh\/minka-supra-f563-wh-300x300.jpg 300w, https:\/\/livinghome.vn\/thiet-bi\/wp-content\/uploads\/san-pham\/quat-tran\/minka\/minka-supra-f563-wh\/minka-supra-f563-wh-600x600.jpg 600w, https:\/\/livinghome.vn\/thiet-bi\/wp-content\/uploads\/san-pham\/quat-tran\/minka\/minka-supra-f563-wh\/minka-supra-f563-wh-100x100.jpg 100w\" sizes=\"auto, (max-width: 1200px) 100vw, 1200px\" \/><figcaption id=\"caption-attachment-19911\" class=\"wp-caption-text\">QU\u1ea0T TR\u1ea6N M\u1ef8 MINKA SUPRA<\/figcaption><\/figure>\n<table>\n<tbody>\n<tr>\n<td width=\"468\">Th\u01b0\u01a1ng hi\u1ec7u<\/td>\n<td width=\"468\">Minka<\/td>\n<\/tr>\n<tr>\n<td width=\"468\">Phong c\u00e1ch<\/td>\n<td width=\"468\">Truy\u1ec1n th\u1ed1ng<\/td>\n<\/tr>\n<tr>\n<td width=\"468\">Th\u00e2n qu\u1ea1t<\/td>\n<td width=\"468\">M\u00e0u \u0111\u1ed3ng v\u00e0ng\/\u0111\u1ed3ng t\u1ed1i\/b\u1ea1c\/tr\u1eafng<\/td>\n<\/tr>\n<tr>\n<td width=\"468\">C\u00e1nh qu\u1ea1t<\/td>\n<td width=\"468\">05 c\u00e1nh g\u1ed7 Plywood<\/td>\n<\/tr>\n<tr>\n<td width=\"468\">S\u1ea3i c\u00e1nh<\/td>\n<td width=\"468\">44&#8243; (112 cm) 4.200.000\u0111 \/52&#8243; (132 cm) 4.800.000\u0111<\/td>\n<\/tr>\n<tr>\n<td width=\"468\">\u0110\u1ed9ng c\u01a1<\/td>\n<td width=\"468\">AC Motor 79W<\/td>\n<\/tr>\n<tr>\n<td width=\"468\">L\u01b0u l\u01b0\u1ee3ng gi\u00f3<\/td>\n<td width=\"468\">44&#8243; (181.7 m\u00b3\/ph\u00fat) \/ 52&#8243; (186.7 m\u00b3\/ph\u00fat)<\/td>\n<\/tr>\n<tr>\n<td width=\"468\">\u0110\u1ed9 cao<\/td>\n<td width=\"468\">C\u00e1ch tr\u1ea7n 30 cm, cho tr\u1ea7n nh\u00e0 t\u1eeb 2.6 m<\/td>\n<\/tr>\n<tr>\n<td width=\"468\">\u0110\u00e8n<\/td>\n<td width=\"468\">B\u00e1n r\u1eddi 600.000\u20ab<\/td>\n<\/tr>\n<tr>\n<td width=\"468\">\u0110i\u1ec1u khi\u1ec3n<\/td>\n<td width=\"468\">Remote LuxuryFan (3 c\u1ea5p \u0111\u1ed9 gi\u00f3)<\/td>\n<\/tr>\n<tr>\n<td width=\"468\">Ph\u00f9 h\u1ee3p<\/td>\n<td width=\"468\">Kh\u00f4ng gian t\u1eeb 12 &#8211; 16 m\u00b2<\/td>\n<\/tr>\n<\/tbody>\n<\/table>\n","protected":false},"excerpt":{"rendered":"<h2>QU\u1ea0T TR\u1ea6N M\u1ef8 MINKA SUPRA<\/h2>\n<h3>M\u1eabu qu\u1ea1t truy\u1ec1n th\u1ed1ng gi\u00f3 t\u1ed1t, gi\u00e1 t\u1ed1t.<\/h3>\n<h3>\u0110\u01b0\u1ee3c d\u00f9ng t\u1ea1i d\u1ef1 \u00e1n Marriott Cam Ranh &amp; Duy\u00ean H\u00e0 Resort.<\/h3>\n","protected":false},"featured_media":19911,"comment_status":"open","ping_status":"closed","template":"","meta":[],"product_brand":[],"product_cat":[1945,1953],"product_tag":[1955,1938,1941,1942,1954,1939,1940],"class_list":{"0":"post-19912","1":"product","2":"type-product","3":"status-publish","4":"has-post-thumbnail","6":"product_cat-quat-tran","7":"product_cat-quat-tran-minka","8":"product_tag-minka","9":"product_tag-quat-tran","10":"product_tag-quat-tran-cao-cap","11":"product_tag-quat-tran-hien-dai","12":"product_tag-quat-tran-minka","13":"product_tag-quat-tran-my","14":"product_tag-quat-tran-nhap-khau","16":"first","17":"instock","18":"sale","19":"shipping-taxable","20":"purchasable","21":"product-type-simple"},"_links":{"self":[{"href":"https:\/\/livinghome.vn\/thiet-bi\/wp-json\/wp\/v2\/product\/19912","targetHints":{"allow":["GET"]}}],"collection":[{"href":"https:\/\/livinghome.vn\/thiet-bi\/wp-json\/wp\/v2\/product"}],"about":[{"href":"https:\/\/livinghome.vn\/thiet-bi\/wp-json\/wp\/v2\/types\/product"}],"replies":[{"embeddable":true,"href":"https:\/\/livinghome.vn\/thiet-bi\/wp-json\/wp\/v2\/comments?post=19912"}],"wp:featuredmedia":[{"embeddable":true,"href":"https:\/\/livinghome.vn\/thiet-bi\/wp-json\/wp\/v2\/media\/19911"}],"wp:attachment":[{"href":"https:\/\/livinghome.vn\/thiet-bi\/wp-json\/wp\/v2\/media?parent=19912"}],"wp:term":[{"taxonomy":"product_brand","embeddable":true,"href":"https:\/\/livinghome.vn\/thiet-bi\/wp-json\/wp\/v2\/product_brand?post=19912"},{"taxonomy":"product_cat","embeddable":true,"href":"https:\/\/livinghome.vn\/thiet-bi\/wp-json\/wp\/v2\/product_cat?post=19912"},{"taxonomy":"product_tag","embeddable":true,"href":"https:\/\/livinghome.vn\/thiet-bi\/wp-json\/wp\/v2\/product_tag?post=19912"}],"curies":[{"name":"wp","href":"https:\/\/api.w.org\/{rel}","templated":true}]}}