{"id":1991,"date":"2023-01-12T16:43:27","date_gmt":"2023-01-12T16:43:27","guid":{"rendered":"https:\/\/livinghome.vn\/thiet-bi\/?post_type=product&#038;p=1991"},"modified":"2024-11-29T14:20:36","modified_gmt":"2024-11-29T07:20:36","slug":"bep-dien-teka-tz-6415-60cm-4-dien","status":"publish","type":"product","link":"https:\/\/livinghome.vn\/thiet-bi\/bep-dien-teka-tz-6415-60cm-4-dien\/","title":{"rendered":"B\u1ebfp \u0110i\u1ec7n Teka TZ 6415 60CM 4 \u0110i\u1ec7n K\u00ednh Schott Ceran"},"content":{"rendered":"<h2>Xin gi\u1edbi thi\u1ec7u B\u1ebfp \u0111i\u1ec7n Teka TZ 6415 4 v\u00f9ng n\u1ea5u r\u1ed9ng r\u00e3i<\/h2>\n<figure id=\"attachment_65375\" aria-describedby=\"caption-attachment-65375\" style=\"width: 800px\" class=\"wp-caption alignnone\"><img loading=\"lazy\" decoding=\"async\" class=\"wp-image-65375 size-large\" src=\"https:\/\/livinghome.vn\/thiet-bi\/wp-content\/uploads\/nha-bep\/teka\/bep-dien\/bep-dien-teka-tz-6415\/bep-dien-teka-tz-6415-800x800.jpg\" alt=\"B\u1ebfp \u0111i\u1ec7n Teka TZ 6415 \u00e2m 4 v\u00f9ng n\u1ea5u k\u00ednh Vitroceramic 8 m\u1ee9c c\u00f4ng su\u1ea5t\" width=\"800\" height=\"800\" title=\"\"><figcaption id=\"caption-attachment-65375\" class=\"wp-caption-text\">B\u1ebfp \u0111i\u1ec7n Teka TZ 6415 \u00e2m 4 v\u00f9ng n\u1ea5u k\u00ednh Vitroceramic 8 m\u1ee9c c\u00f4ng su\u1ea5t<\/figcaption><\/figure>\n<h3>T\u00ednh n\u0103ng c\u01a1 b\u1ea3n<\/h3>\n<ul>\n<li><a href=\"https:\/\/livinghome.vn\/thiet-bi\/bep-dien-am\/\">B\u1ebfp \u0111i\u1ec7n \u00e2m<\/a> &#8211; B\u1ebfp k\u00ednh \u00e2m 4 \u0111i\u1ec7n<\/li>\n<li>B\u1ebfp \u0111i\u1ec7n vitroceramic<\/li>\n<li>\u0110i\u1ec1u khi\u1ec3n c\u1ea3m \u1ee9ng d\u1ea1ng tr\u01b0\u1ee3t 4 v\u00f9ng n\u1ea5u: 1 v\u00f9ng \u00d8210mm, 1 v\u00f9ng n\u1ea5u \u00d8180mm, 2 v\u00f9ng n\u1ea5u \u00d8145mm<\/li>\n<li>M\u1eb7t k\u00ednh Schott ceran ch\u1ecbu nhi\u1ec7t, v\u00e1c c\u1ea1nh ph\u00eda tr\u01b0\u1edbc<\/li>\n<li>8 m\u1ee9c c\u00f4ng su\u1ea5t<\/li>\n<li>H\u1ec7 th\u1ed1ng t\u1ef1 \u0111\u1ed9ng kh\u00f3a an to\u00e0n<\/li>\n<li>H\u1eb9n gi\u1edd n\u1ea5u \u0103n<\/li>\n<li>Kh\u00f3a an to\u00e0n cho tr\u1ebb em<\/li>\n<li>\u0110\u00e8n hi\u1ec3n th\u1ecb nhi\u1ec7t d\u01b0<\/li>\n<\/ul>\n<h3>Th\u00f4ng s\u1ed1 k\u1ef9 thu\u1eadt<\/h3>\n<ul>\n<li>C\u00f4ng su\u1ea5t 6300W<\/li>\n<li>Chi\u1ec1u s\u00e2u (mm): 51<\/li>\n<li>Chi\u1ec1u r\u1ed9ng (mm):\u00a0600<\/li>\n<li>\u0110\u1ed9 cao (mm): 51<\/li>\n<li>Tr\u1ecdng l\u01b0\u1ee3ng (Kgs):\u00a08,5<\/li>\n<li>T\u1ea7n s\u1ed1 (Hz):\u00a050\/60<\/li>\n<li>C\u00f4ng su\u1ea5t (V):\u00a0220-240<\/li>\n<li>Chi\u1ec1u d\u00e0i d\u00e2y c\u00e1p (cm):\u00a010<\/li>\n<\/ul>\n<p>&nbsp;<\/p>\n<figure id=\"attachment_66121\" aria-describedby=\"caption-attachment-66121\" style=\"width: 800px\" class=\"wp-caption alignnone\"><img loading=\"lazy\" decoding=\"async\" class=\"wp-image-66121 size-large\" src=\"https:\/\/livinghome.vn\/thiet-bi\/wp-content\/uploads\/nha-bep\/teka\/bep-dien\/bep-dien-teka-tz-6415\/bep-dien-teka-tt-6315-1-800x800.jpg\" alt=\"B\u1ebfp \u0111i\u1ec7n Teka TZ 6415 \u00e2m 4 v\u00f9ng n\u1ea5u k\u00ednh Vitroceramic 8 m\u1ee9c c\u00f4ng su\u1ea5t\" width=\"800\" height=\"800\" title=\"\"><figcaption id=\"caption-attachment-66121\" class=\"wp-caption-text\">K\u00edch th\u01b0\u1edbc b\u1ebfp \u0111i\u1ec7n Teka TZ 6415 v\u00e0 k\u00edch th\u01b0\u1edbc l\u1eafp \u00e2m c\u1ee7a s\u1ea3n ph\u1ea9m<\/figcaption><\/figure>\n<h3>Xu\u1ea5t x\u1ee9:\u00a0Th\u1ed5 Nh\u0129 K\u1ef3<\/h3>\n<div><\/div>\n","protected":false},"excerpt":{"rendered":"<p>&#8211; <strong>Lo\u1ea1i b\u1ebfp:<\/strong> 4 \u0111i\u1ec7n (h\u1ed3ng ngo\u1ea1i)<\/p>\n<p>&#8211; <strong>M\u1eb7t k\u00ednh:<\/strong> Schott Ceran<\/p>\n<p>&#8211; <strong>C\u00f4ng su\u1ea5t:<\/strong> 6300W<\/p>\n<p>&#8211; <strong>K\u00edch th\u01b0\u1edbc b\u1ebfp:<\/strong> W600 x D510 mm<\/p>\n<p>&#8211; <strong>K\u00edch th\u01b0\u1edbc c\u1eaft \u0111\u00e1:<\/strong> W560 x D490 mm<\/p>\n<p>&#8211; <strong>H\u1ec7 th\u1ed1ng \u0111i\u1ec1u khi\u1ec3n:<\/strong> c\u1ea3m \u1ee9ng d\u1ea1ng ch\u1ea1m<\/p>\n","protected":false},"featured_media":2034,"comment_status":"open","ping_status":"closed","template":"","meta":[],"product_brand":[],"product_cat":[741,117,314,745,804,800,801,707,833,816,311],"product_tag":[118,316,120,315,174,313],"class_list":{"0":"post-1991","1":"product","2":"type-product","3":"status-publish","4":"has-post-thumbnail","6":"product_cat-bep-hong-ngoai","7":"product_cat-bep-dien-hong-ngoai","8":"product_cat-bep-dien-hong-ngoai-teka","9":"product_cat-bep-dien-tu","10":"product_cat-bep-dien-tu-4-vung-nau","11":"product_cat-bep-dien-tu-hinh-vuong","12":"product_cat-bep-dien-tu-khong-ken-noi","13":"product_cat-bep-dien-tu-teka","14":"product_cat-bep-dien-tu-tho-nhi-ky","15":"product_cat-bep-dien-tu-thoi-trang","16":"product_cat-thuong-hieu-teka","17":"product_tag-bep-dien","18":"product_tag-bep-dien-4-vung-nau","19":"product_tag-bep-dien-am","20":"product_tag-bep-dien-teka","21":"product_tag-bep-hong-ngoai","22":"product_tag-teka","24":"first","25":"instock","26":"sale","27":"shipping-taxable","28":"purchasable","29":"product-type-simple"},"_links":{"self":[{"href":"https:\/\/livinghome.vn\/thiet-bi\/wp-json\/wp\/v2\/product\/1991","targetHints":{"allow":["GET"]}}],"collection":[{"href":"https:\/\/livinghome.vn\/thiet-bi\/wp-json\/wp\/v2\/product"}],"about":[{"href":"https:\/\/livinghome.vn\/thiet-bi\/wp-json\/wp\/v2\/types\/product"}],"replies":[{"embeddable":true,"href":"https:\/\/livinghome.vn\/thiet-bi\/wp-json\/wp\/v2\/comments?post=1991"}],"wp:featuredmedia":[{"embeddable":true,"href":"https:\/\/livinghome.vn\/thiet-bi\/wp-json\/wp\/v2\/media\/2034"}],"wp:attachment":[{"href":"https:\/\/livinghome.vn\/thiet-bi\/wp-json\/wp\/v2\/media?parent=1991"}],"wp:term":[{"taxonomy":"product_brand","embeddable":true,"href":"https:\/\/livinghome.vn\/thiet-bi\/wp-json\/wp\/v2\/product_brand?post=1991"},{"taxonomy":"product_cat","embeddable":true,"href":"https:\/\/livinghome.vn\/thiet-bi\/wp-json\/wp\/v2\/product_cat?post=1991"},{"taxonomy":"product_tag","embeddable":true,"href":"https:\/\/livinghome.vn\/thiet-bi\/wp-json\/wp\/v2\/product_tag?post=1991"}],"curies":[{"name":"wp","href":"https:\/\/api.w.org\/{rel}","templated":true}]}}