{"id":19448,"date":"2023-11-22T20:00:00","date_gmt":"2023-11-22T13:00:00","guid":{"rendered":"https:\/\/livinghome.vn\/thiet-bi\/?post_type=product&#038;p=19448"},"modified":"2024-11-29T14:19:03","modified_gmt":"2024-11-29T07:19:03","slug":"bo-noi-inox-5-mon-fivestar-fs08cg1","status":"publish","type":"product","link":"https:\/\/livinghome.vn\/thiet-bi\/bo-noi-inox-5-mon-fivestar-fs08cg1\/","title":{"rendered":"B\u1ed9 N\u1ed3i Inox 5 M\u00f3n FiveStar FS08CG1"},"content":{"rendered":"<p>B\u1ed9 n\u1ed3i x\u1eedng inox 3 \u0111\u00e1y n\u1eafp k\u00ednh FiveStar FS08CG1 v\u1edbi 5 s\u1ea3n ph\u1ea9m, b\u1ea1n c\u00f3 th\u1ec3 d\u00f9ng b\u1ed9 2 n\u1ed3i x\u1eedng \u0111\u1ec3 h\u1ea5p b\u00e1nh bao t\u1ea7m 6 c\u00e1i, d\u00f9ng n\u1ed3i lu\u1ed9c g\u00e0 kho\u1ea3ng 1.5 kg tr\u1edf l\u00ean. Ch\u1ea3o chi\u00ean 4 c\u00e1i \u0111\u00f9i g\u00e0, n\u1ed3i 20 cm th\u00edch h\u1ee3p \u0111\u1ec3 n\u1ea5u canh, h\u1ea7m th\u1ecbt d\u01b0\u1edbi 1 kg, qu\u00e1nh n\u1ea5u ch\u00e1o cho b\u00e9<\/p>\n<p><img loading=\"lazy\" decoding=\"async\" class=\"size-full wp-image-19471\" src=\"https:\/\/livinghome.vn\/thiet-bi\/wp-content\/uploads\/san-pham\/fivestar\/fs08cg1\/bo-noi-inox-5-mon-fivestar-fs08cg1-10.jpg\" alt=\"B\u1ed9 N\u1ed3i Inox 5 M\u00f3n FiveStar FS08CG1\" width=\"800\" height=\"533\" title=\"\" srcset=\"https:\/\/livinghome.vn\/thiet-bi\/wp-content\/uploads\/san-pham\/fivestar\/fs08cg1\/bo-noi-inox-5-mon-fivestar-fs08cg1-10.jpg 800w, https:\/\/livinghome.vn\/thiet-bi\/wp-content\/uploads\/san-pham\/fivestar\/fs08cg1\/bo-noi-inox-5-mon-fivestar-fs08cg1-10-600x400.jpg 600w, https:\/\/livinghome.vn\/thiet-bi\/wp-content\/uploads\/san-pham\/fivestar\/fs08cg1\/bo-noi-inox-5-mon-fivestar-fs08cg1-10-768x512.jpg 768w\" sizes=\"auto, (max-width: 800px) 100vw, 800px\" \/><\/p>\n<ul>\n<li>Th\u01b0\u01a1ng hi\u1ec7u: Five Star<\/li>\n<li>Model: FS08CG1<\/li>\n<li>Lo\u1ea1i s\u1ea3n ph\u1ea9m: B\u1ed9 n\u1ed3i inox<\/li>\n<li>Ch\u1ea5t li\u1ec7u: Th\u00e2n n\u1ed3i b\u1eb1ng inox 430, N\u1eafp k\u00ednh ch\u1ecbu nhi\u1ec7t<\/li>\n<li>N\u1ed3i 24 x 14 cm; N\u1ed3i 20 x 10 cm; Qu\u00e1nh 18 x 10 cm; Ch\u1ea3o 24 x 6.5 cm v\u00e0 X\u1eedng 24 x 8 cm<\/li>\n<li>T\u00ednh n\u0103ng: S\u1eed d\u1ee5ng \u0111\u01b0\u1ee3c tr\u00ean t\u1ea5t c\u1ea3 c\u00e1c lo\u1ea1i b\u1ebfp k\u1ec3 c\u1ea3 b\u1ebfp t\u1eeb<\/li>\n<li>Xu\u1ea5t x\u1ee9 s\u1ea3n ph\u1ea9m: S\u1ea3n xu\u1ea5t t\u1ea1i Vi\u1ec7t Nam<\/li>\n<li>B\u1ea3o h\u00e0nh: Ch\u00ednh h\u00e3ng 5 n\u0103m<\/li>\n<\/ul>\n<figure id=\"attachment_19469\" aria-describedby=\"caption-attachment-19469\" style=\"width: 800px\" class=\"wp-caption alignnone\"><img loading=\"lazy\" decoding=\"async\" class=\"size-full wp-image-19469\" src=\"https:\/\/livinghome.vn\/thiet-bi\/wp-content\/uploads\/san-pham\/fivestar\/fs08cg1\/bo-noi-inox-5-mon-fivestar-fs08cg1-3.jpg\" alt=\"B\u1ed9 N\u1ed3i Inox 5 M\u00f3n FiveStar FS08CG1\" width=\"800\" height=\"1812\" title=\"\" srcset=\"https:\/\/livinghome.vn\/thiet-bi\/wp-content\/uploads\/san-pham\/fivestar\/fs08cg1\/bo-noi-inox-5-mon-fivestar-fs08cg1-3.jpg 800w, https:\/\/livinghome.vn\/thiet-bi\/wp-content\/uploads\/san-pham\/fivestar\/fs08cg1\/bo-noi-inox-5-mon-fivestar-fs08cg1-3-177x400.jpg 177w, https:\/\/livinghome.vn\/thiet-bi\/wp-content\/uploads\/san-pham\/fivestar\/fs08cg1\/bo-noi-inox-5-mon-fivestar-fs08cg1-3-353x800.jpg 353w, https:\/\/livinghome.vn\/thiet-bi\/wp-content\/uploads\/san-pham\/fivestar\/fs08cg1\/bo-noi-inox-5-mon-fivestar-fs08cg1-3-768x1740.jpg 768w, https:\/\/livinghome.vn\/thiet-bi\/wp-content\/uploads\/san-pham\/fivestar\/fs08cg1\/bo-noi-inox-5-mon-fivestar-fs08cg1-3-678x1536.jpg 678w, https:\/\/livinghome.vn\/thiet-bi\/wp-content\/uploads\/san-pham\/fivestar\/fs08cg1\/bo-noi-inox-5-mon-fivestar-fs08cg1-3-600x1359.jpg 600w\" sizes=\"auto, (max-width: 800px) 100vw, 800px\" \/><figcaption id=\"caption-attachment-19469\" class=\"wp-caption-text\">B\u1ed9 N\u1ed3i Inox 5 M\u00f3n FiveStar FS08CG1<\/figcaption><\/figure>\n","protected":false},"excerpt":{"rendered":"<p>B\u1ed9 n\u1ed3i x\u1eedng inox 3 \u0111\u00e1y n\u1eafp k\u00ednh FiveStar FS08CG1 v\u1edbi 5 s\u1ea3n ph\u1ea9m, b\u1ea1n c\u00f3 th\u1ec3 d\u00f9ng b\u1ed9 2 n\u1ed3i x\u1eedng \u0111\u1ec3 h\u1ea5p b\u00e1nh bao t\u1ea7m 6 c\u00e1i, d\u00f9ng n\u1ed3i lu\u1ed9c g\u00e0 kho\u1ea3ng 1.5 kg tr\u1edf l\u00ean. Ch\u1ea3o chi\u00ean 4 c\u00e1i \u0111\u00f9i g\u00e0, n\u1ed3i 20 cm th\u00edch h\u1ee3p \u0111\u1ec3 n\u1ea5u canh, h\u1ea7m th\u1ecbt d\u01b0\u1edbi [&#8230;]\n","protected":false},"featured_media":19472,"comment_status":"open","ping_status":"closed","template":"","meta":[],"product_brand":[],"product_cat":[15],"product_tag":[],"class_list":{"0":"post-19448","1":"product","2":"type-product","3":"status-publish","4":"has-post-thumbnail","6":"product_cat-khac","8":"first","9":"instock","10":"sale","11":"shipping-taxable","12":"purchasable","13":"product-type-simple"},"_links":{"self":[{"href":"https:\/\/livinghome.vn\/thiet-bi\/wp-json\/wp\/v2\/product\/19448","targetHints":{"allow":["GET"]}}],"collection":[{"href":"https:\/\/livinghome.vn\/thiet-bi\/wp-json\/wp\/v2\/product"}],"about":[{"href":"https:\/\/livinghome.vn\/thiet-bi\/wp-json\/wp\/v2\/types\/product"}],"replies":[{"embeddable":true,"href":"https:\/\/livinghome.vn\/thiet-bi\/wp-json\/wp\/v2\/comments?post=19448"}],"wp:featuredmedia":[{"embeddable":true,"href":"https:\/\/livinghome.vn\/thiet-bi\/wp-json\/wp\/v2\/media\/19472"}],"wp:attachment":[{"href":"https:\/\/livinghome.vn\/thiet-bi\/wp-json\/wp\/v2\/media?parent=19448"}],"wp:term":[{"taxonomy":"product_brand","embeddable":true,"href":"https:\/\/livinghome.vn\/thiet-bi\/wp-json\/wp\/v2\/product_brand?post=19448"},{"taxonomy":"product_cat","embeddable":true,"href":"https:\/\/livinghome.vn\/thiet-bi\/wp-json\/wp\/v2\/product_cat?post=19448"},{"taxonomy":"product_tag","embeddable":true,"href":"https:\/\/livinghome.vn\/thiet-bi\/wp-json\/wp\/v2\/product_tag?post=19448"}],"curies":[{"name":"wp","href":"https:\/\/api.w.org\/{rel}","templated":true}]}}