{"id":18184,"date":"2023-11-01T14:06:14","date_gmt":"2023-11-01T07:06:14","guid":{"rendered":"https:\/\/livinghome.vn\/thiet-bi\/?post_type=product&#038;p=18184"},"modified":"2024-11-29T14:19:09","modified_gmt":"2024-11-29T07:19:09","slug":"bep-tu-don-sakura-se-1150w","status":"publish","type":"product","link":"https:\/\/livinghome.vn\/thiet-bi\/bep-tu-don-sakura-se-1150w\/","title":{"rendered":"B\u1ebfp T\u1eeb \u0110\u01a1n Sakura SE-1150W, 2200W, M\u1eb7t K\u00ednh Crystallite \u0110en"},"content":{"rendered":"<h2>B\u1ebfp T\u1eeb \u0110\u01a1n SAKURA SE-1150W<\/h2>\n<figure id=\"attachment_18183\" aria-describedby=\"caption-attachment-18183\" style=\"width: 800px\" class=\"wp-caption alignnone\"><img loading=\"lazy\" decoding=\"async\" class=\"wp-image-18183 size-full\" src=\"https:\/\/livinghome.vn\/thiet-bi\/wp-content\/uploads\/san-pham\/bep-tu\/bep-tu-sakura\/bep-tu-don-sakura-se-1150w\/bep-tu-don-sakura-se-1150w-2.jpg\" alt=\"B\u1ebfp T\u1eeb \u0110\u01a1n SAKURA SE-1150W\" width=\"800\" height=\"800\" title=\"\" srcset=\"https:\/\/livinghome.vn\/thiet-bi\/wp-content\/uploads\/san-pham\/bep-tu\/bep-tu-sakura\/bep-tu-don-sakura-se-1150w\/bep-tu-don-sakura-se-1150w-2.jpg 800w, https:\/\/livinghome.vn\/thiet-bi\/wp-content\/uploads\/san-pham\/bep-tu\/bep-tu-sakura\/bep-tu-don-sakura-se-1150w\/bep-tu-don-sakura-se-1150w-2-400x400.jpg 400w, https:\/\/livinghome.vn\/thiet-bi\/wp-content\/uploads\/san-pham\/bep-tu\/bep-tu-sakura\/bep-tu-don-sakura-se-1150w\/bep-tu-don-sakura-se-1150w-2-280x280.jpg 280w, https:\/\/livinghome.vn\/thiet-bi\/wp-content\/uploads\/san-pham\/bep-tu\/bep-tu-sakura\/bep-tu-don-sakura-se-1150w\/bep-tu-don-sakura-se-1150w-2-768x768.jpg 768w, https:\/\/livinghome.vn\/thiet-bi\/wp-content\/uploads\/san-pham\/bep-tu\/bep-tu-sakura\/bep-tu-don-sakura-se-1150w\/bep-tu-don-sakura-se-1150w-2-300x300.jpg 300w, https:\/\/livinghome.vn\/thiet-bi\/wp-content\/uploads\/san-pham\/bep-tu\/bep-tu-sakura\/bep-tu-don-sakura-se-1150w\/bep-tu-don-sakura-se-1150w-2-600x600.jpg 600w, https:\/\/livinghome.vn\/thiet-bi\/wp-content\/uploads\/san-pham\/bep-tu\/bep-tu-sakura\/bep-tu-don-sakura-se-1150w\/bep-tu-don-sakura-se-1150w-2-100x100.jpg 100w\" sizes=\"auto, (max-width: 800px) 100vw, 800px\" \/><figcaption id=\"caption-attachment-18183\" class=\"wp-caption-text\">B\u1ebfp T\u1eeb \u0110\u01a1n SAKURA SE-1150W<\/figcaption><\/figure>\n<h3>Th\u00f4ng tin s\u1ea3n ph\u1ea9m<\/h3>\n<ul>\n<li><strong>T\u1ed5ng c\u00f4ng su\u1ea5t:<\/strong> 8 m\u1ee9c c\u00f4ng su\u1ea5t, t\u1ed1i \u0111a 2000W<\/li>\n<li><strong>B\u1ea3ng \u0111i\u1ec1u khi\u1ec3n:<\/strong> \u0110i\u1ec1u khi\u1ec3n c\u1ea3m \u1ee9ng, M\u00e0n h\u00ecnh hi\u1ec3n th\u1ecb LED<\/li>\n<li><strong>M\u1eb7t b\u1ebfp:<\/strong> M\u1eb7t k\u00ednh Crystallite \u0111en<\/li>\n<\/ul>\n<figure id=\"attachment_18181\" aria-describedby=\"caption-attachment-18181\" style=\"width: 800px\" class=\"wp-caption alignnone\"><img loading=\"lazy\" decoding=\"async\" class=\"wp-image-18181 size-full\" src=\"https:\/\/livinghome.vn\/thiet-bi\/wp-content\/uploads\/san-pham\/bep-tu\/bep-tu-sakura\/bep-tu-don-sakura-se-1150w\/bep-tu-don-sakura-se-1150w-3.jpg\" alt=\"B\u1ebfp T\u1eeb \u0110\u01a1n SAKURA SE-1150W\" width=\"800\" height=\"800\" title=\"\" srcset=\"https:\/\/livinghome.vn\/thiet-bi\/wp-content\/uploads\/san-pham\/bep-tu\/bep-tu-sakura\/bep-tu-don-sakura-se-1150w\/bep-tu-don-sakura-se-1150w-3.jpg 800w, https:\/\/livinghome.vn\/thiet-bi\/wp-content\/uploads\/san-pham\/bep-tu\/bep-tu-sakura\/bep-tu-don-sakura-se-1150w\/bep-tu-don-sakura-se-1150w-3-400x400.jpg 400w, https:\/\/livinghome.vn\/thiet-bi\/wp-content\/uploads\/san-pham\/bep-tu\/bep-tu-sakura\/bep-tu-don-sakura-se-1150w\/bep-tu-don-sakura-se-1150w-3-280x280.jpg 280w, https:\/\/livinghome.vn\/thiet-bi\/wp-content\/uploads\/san-pham\/bep-tu\/bep-tu-sakura\/bep-tu-don-sakura-se-1150w\/bep-tu-don-sakura-se-1150w-3-768x768.jpg 768w, https:\/\/livinghome.vn\/thiet-bi\/wp-content\/uploads\/san-pham\/bep-tu\/bep-tu-sakura\/bep-tu-don-sakura-se-1150w\/bep-tu-don-sakura-se-1150w-3-300x300.jpg 300w, https:\/\/livinghome.vn\/thiet-bi\/wp-content\/uploads\/san-pham\/bep-tu\/bep-tu-sakura\/bep-tu-don-sakura-se-1150w\/bep-tu-don-sakura-se-1150w-3-600x600.jpg 600w, https:\/\/livinghome.vn\/thiet-bi\/wp-content\/uploads\/san-pham\/bep-tu\/bep-tu-sakura\/bep-tu-don-sakura-se-1150w\/bep-tu-don-sakura-se-1150w-3-100x100.jpg 100w\" sizes=\"auto, (max-width: 800px) 100vw, 800px\" \/><figcaption id=\"caption-attachment-18181\" class=\"wp-caption-text\">B\u1ebfp T\u1eeb \u0110\u01a1n SAKURA SE-1150W<\/figcaption><\/figure>\n<ul>\n<li><strong>Ch\u1ee9c n\u0103ng an to\u00e0n<\/strong><\/li>\n<li>Nh\u1eadn di\u1ec7n n\u1ed3i n\u1ea5u<\/li>\n<li>\u0110\u1ea1t ch\u1ee9ng nh\u1eadn EMC<\/li>\n<li>H\u1ec7 th\u1ed1ng b\u1ea3o v\u1ec7 khi qu\u00e1 nhi\u1ec7t<\/li>\n<li>N\u1ed3i \u0111\u01b0\u1ee3c c\u00f4ng b\u1ed1 h\u1ee3p chu\u1ea9n<\/li>\n<\/ul>\n<figure id=\"attachment_18182\" aria-describedby=\"caption-attachment-18182\" style=\"width: 800px\" class=\"wp-caption alignnone\"><img loading=\"lazy\" decoding=\"async\" class=\"wp-image-18182 size-full\" src=\"https:\/\/livinghome.vn\/thiet-bi\/wp-content\/uploads\/san-pham\/bep-tu\/bep-tu-sakura\/bep-tu-don-sakura-se-1150w\/bep-tu-don-sakura-se-1150w-1.jpg\" alt=\"B\u1ebfp T\u1eeb \u0110\u01a1n SAKURA SE-1150W\" width=\"800\" height=\"800\" title=\"\" srcset=\"https:\/\/livinghome.vn\/thiet-bi\/wp-content\/uploads\/san-pham\/bep-tu\/bep-tu-sakura\/bep-tu-don-sakura-se-1150w\/bep-tu-don-sakura-se-1150w-1.jpg 800w, https:\/\/livinghome.vn\/thiet-bi\/wp-content\/uploads\/san-pham\/bep-tu\/bep-tu-sakura\/bep-tu-don-sakura-se-1150w\/bep-tu-don-sakura-se-1150w-1-400x400.jpg 400w, https:\/\/livinghome.vn\/thiet-bi\/wp-content\/uploads\/san-pham\/bep-tu\/bep-tu-sakura\/bep-tu-don-sakura-se-1150w\/bep-tu-don-sakura-se-1150w-1-280x280.jpg 280w, https:\/\/livinghome.vn\/thiet-bi\/wp-content\/uploads\/san-pham\/bep-tu\/bep-tu-sakura\/bep-tu-don-sakura-se-1150w\/bep-tu-don-sakura-se-1150w-1-768x768.jpg 768w, https:\/\/livinghome.vn\/thiet-bi\/wp-content\/uploads\/san-pham\/bep-tu\/bep-tu-sakura\/bep-tu-don-sakura-se-1150w\/bep-tu-don-sakura-se-1150w-1-300x300.jpg 300w, https:\/\/livinghome.vn\/thiet-bi\/wp-content\/uploads\/san-pham\/bep-tu\/bep-tu-sakura\/bep-tu-don-sakura-se-1150w\/bep-tu-don-sakura-se-1150w-1-600x600.jpg 600w, https:\/\/livinghome.vn\/thiet-bi\/wp-content\/uploads\/san-pham\/bep-tu\/bep-tu-sakura\/bep-tu-don-sakura-se-1150w\/bep-tu-don-sakura-se-1150w-1-100x100.jpg 100w\" sizes=\"auto, (max-width: 800px) 100vw, 800px\" \/><figcaption id=\"caption-attachment-18182\" class=\"wp-caption-text\">B\u1ebfp T\u1eeb \u0110\u01a1n SAKURA SE-1150W<\/figcaption><\/figure>\n<ul>\n<li><strong>\u0110i\u1ec7n \u00e1p:<\/strong> 220-240V\/ 50-60Hz<\/li>\n<li><strong>K\u00edch th\u01b0\u1edbc s\u1ea3n ph\u1ea9m:<\/strong> W282 x D311 x H72mm<\/li>\n<li><strong>Tr\u1ecdng l\u01b0\u1ee3ng:<\/strong> 1.9kg<\/li>\n<li><strong>Xu\u1ea5t x\u1ee9:<\/strong> Trung Qu\u1ed1c<\/li>\n<li><strong>B\u1ea3o h\u00e0nh:<\/strong> 12 th\u00e1ng<\/li>\n<\/ul>\n<p>&nbsp;<\/p>\n","protected":false},"excerpt":{"rendered":"<ul>\n<li>B\u1ebfp t\u1eeb \u0111\u01a1n SAKURA t\u1eb7ng k\u00e8m 1 n\u1ed3i<\/li>\n<li>Ki\u1ec3u d\u00e1ng h\u00ecnh tr\u00f2n nh\u1ecf g\u1ecdn, d\u1ec5 d\u00e0ng di chuy\u1ec3n kh\u1eafp m\u1ecdi n\u01a1i<\/li>\n<li>M\u1eb7t k\u00ednh Crystallite \u0111en ph\u1ed1i v\u1edbi th\u00e2n m\u00e0u tr\u1eafng t\u1ea1o n\u00e9t \u0111\u1eb9p hi\u1ec7n \u0111\u1ea1i v\u00e0 b\u1eaft m\u1eaft<\/li>\n<li>\u0110i\u1ec1u khi\u1ec3n c\u1ea3m \u1ee9ng d\u1ec5 thao t\u00e1c, th\u00edch h\u1ee3p cho m\u1ecdi l\u1ee9a tu\u1ed3i<\/li>\n<li>M\u00e0n h\u00ecnh hi\u1ec3n th\u1ecb LED ti\u1ec7n l\u1ee3i khi \u0111i\u1ec1u ch\u1ec9nh c\u00f4ng su\u1ea5t<\/li>\n<li>C\u00f4ng su\u1ea5t l\u00ean \u0111\u1ebfn 2000W v\u1edbi hi\u1ec7u su\u1ea5t nhi\u1ec7t cao<\/li>\n<li>Ch\u00e2n b\u1ebfp c\u00f3 l\u1edbp cao su ch\u1ed1ng tr\u01a1n tr\u01b0\u1ee3t gi\u00fap b\u1ebfp \u0111\u1ee9ng v\u1eefng<\/li>\n<\/ul>\n","protected":false},"featured_media":18183,"comment_status":"open","ping_status":"closed","template":"","meta":[],"product_brand":[],"product_cat":[1830,1802,75,733,98],"product_tag":[1780,76,1781,1782,83,1784,1783,1803],"class_list":{"0":"post-18184","1":"product","2":"type-product","3":"status-publish","4":"has-post-thumbnail","6":"product_cat-thuong-hieu-sakura","7":"product_cat-bep-dien-tu-sakura","8":"product_cat-bep-tu","9":"product_cat-bep-tu-don","10":"product_cat-bo-noi-bep-tu","11":"product_tag-bep-dien-tu-sakura","12":"product_tag-bep-tu","13":"product_tag-bep-tu-1-vung-nau","14":"product_tag-bep-tu-cao-cap","15":"product_tag-bep-tu-don","16":"product_tag-bep-tu-don-gia-re","17":"product_tag-bep-tu-gia-re","18":"product_tag-sakura","20":"first","21":"instock","22":"sale","23":"shipping-taxable","24":"purchasable","25":"product-type-simple"},"_links":{"self":[{"href":"https:\/\/livinghome.vn\/thiet-bi\/wp-json\/wp\/v2\/product\/18184","targetHints":{"allow":["GET"]}}],"collection":[{"href":"https:\/\/livinghome.vn\/thiet-bi\/wp-json\/wp\/v2\/product"}],"about":[{"href":"https:\/\/livinghome.vn\/thiet-bi\/wp-json\/wp\/v2\/types\/product"}],"replies":[{"embeddable":true,"href":"https:\/\/livinghome.vn\/thiet-bi\/wp-json\/wp\/v2\/comments?post=18184"}],"wp:featuredmedia":[{"embeddable":true,"href":"https:\/\/livinghome.vn\/thiet-bi\/wp-json\/wp\/v2\/media\/18183"}],"wp:attachment":[{"href":"https:\/\/livinghome.vn\/thiet-bi\/wp-json\/wp\/v2\/media?parent=18184"}],"wp:term":[{"taxonomy":"product_brand","embeddable":true,"href":"https:\/\/livinghome.vn\/thiet-bi\/wp-json\/wp\/v2\/product_brand?post=18184"},{"taxonomy":"product_cat","embeddable":true,"href":"https:\/\/livinghome.vn\/thiet-bi\/wp-json\/wp\/v2\/product_cat?post=18184"},{"taxonomy":"product_tag","embeddable":true,"href":"https:\/\/livinghome.vn\/thiet-bi\/wp-json\/wp\/v2\/product_tag?post=18184"}],"curies":[{"name":"wp","href":"https:\/\/api.w.org\/{rel}","templated":true}]}}