{"id":1331,"date":"2023-01-12T13:31:09","date_gmt":"2023-01-12T13:31:09","guid":{"rendered":"https:\/\/livinghome.vn\/thiet-bi\/?post_type=product&#038;p=1331"},"modified":"2024-11-29T14:20:45","modified_gmt":"2024-11-29T07:20:45","slug":"may-hut-mui-malloca-cube-f-181-45cm-treo-doc-lap-600m3-h","status":"publish","type":"product","link":"https:\/\/livinghome.vn\/thiet-bi\/may-hut-mui-malloca-cube-f-181-45cm-treo-doc-lap-600m3-h\/","title":{"rendered":"M\u00e1y H\u00fat M\u00f9i Malloca CUBE F-181, 45cm, Treo \u0110\u1ed9c L\u1eadp, 600m3\/h"},"content":{"rendered":"<h2>M\u00e1y H\u00fat Kh\u00f3i Kh\u1eed M\u00f9i B\u1ebfp Malloca SOPHIE K-500B \u0110\u1eb3ng C\u1ea5p<\/h2>\n<figure id=\"attachment_17053\" aria-describedby=\"caption-attachment-17053\" style=\"width: 800px\" class=\"wp-caption alignnone\"><img loading=\"lazy\" decoding=\"async\" class=\"size-full wp-image-17053\" src=\"https:\/\/livinghome.vn\/thiet-bi\/wp-content\/uploads\/san-pham\/may-hut-mui\/may-hut-mui-malloca\/malloca-cube-f-181-3.jpg\" alt=\"M\u00e1y H\u00fat M\u00f9i Malloca CUBE F-181, 45cm, Treo \u0110\u1ed9c L\u1eadp, 600m3\/h\" width=\"800\" height=\"800\" title=\"\" srcset=\"https:\/\/livinghome.vn\/thiet-bi\/wp-content\/uploads\/san-pham\/may-hut-mui\/may-hut-mui-malloca\/malloca-cube-f-181-3.jpg 800w, https:\/\/livinghome.vn\/thiet-bi\/wp-content\/uploads\/san-pham\/may-hut-mui\/may-hut-mui-malloca\/malloca-cube-f-181-3-300x300.jpg 300w, https:\/\/livinghome.vn\/thiet-bi\/wp-content\/uploads\/san-pham\/may-hut-mui\/may-hut-mui-malloca\/malloca-cube-f-181-3-100x100.jpg 100w, https:\/\/livinghome.vn\/thiet-bi\/wp-content\/uploads\/san-pham\/may-hut-mui\/may-hut-mui-malloca\/malloca-cube-f-181-3-600x600.jpg 600w, https:\/\/livinghome.vn\/thiet-bi\/wp-content\/uploads\/san-pham\/may-hut-mui\/may-hut-mui-malloca\/malloca-cube-f-181-3-400x400.jpg 400w, https:\/\/livinghome.vn\/thiet-bi\/wp-content\/uploads\/san-pham\/may-hut-mui\/may-hut-mui-malloca\/malloca-cube-f-181-3-280x280.jpg 280w, https:\/\/livinghome.vn\/thiet-bi\/wp-content\/uploads\/san-pham\/may-hut-mui\/may-hut-mui-malloca\/malloca-cube-f-181-3-768x768.jpg 768w\" sizes=\"auto, (max-width: 800px) 100vw, 800px\" \/><figcaption id=\"caption-attachment-17053\" class=\"wp-caption-text\">Thi\u1ebft k\u1ebf m\u00e1y h\u00fat m\u00f9i Malloca CUBE F-181 h\u00ecnh kh\u00f3i t\u1ea1o c\u1ea3m gi\u00e1c h\u00e0i h\u00f2a, tinh t\u1ebf<\/figcaption><\/figure>\n<h3>T\u00ednh n\u0103ng c\u01a1 b\u1ea3n<\/h3>\n<ul>\n<li><a href=\"https:\/\/livinghome.vn\/thiet-bi\/may-hut-mui\/\">M\u00e1y h\u00fat kh\u00f3i kh\u1eed m\u00f9i<\/a> \u2013 treo \u0111\u1ed9c l\u1eadp<\/li>\n<li>M\u00e1y h\u00fat kh\u00f3i kh\u1eed m\u00f9i decor \u2013 treo \u0111\u1ed9c l\u1eadp<\/li>\n<li>Ch\u1ea5t li\u1ec7u: Inox, Inox S\u01a1n \u0111en<\/li>\n<li>H\u1ec7 th\u1ed1ng \u0111i\u1ec1u khi\u1ec3n k\u1ebft n\u1ed1i v\u1edbi b\u1ebfp &#8211;\u00a0Integra<\/li>\n<\/ul>\n<figure id=\"attachment_17054\" aria-describedby=\"caption-attachment-17054\" style=\"width: 800px\" class=\"wp-caption alignnone\"><img loading=\"lazy\" decoding=\"async\" class=\"size-full wp-image-17054\" src=\"https:\/\/livinghome.vn\/thiet-bi\/wp-content\/uploads\/san-pham\/may-hut-mui\/may-hut-mui-malloca\/malloca-cube-f-181-4.jpg\" alt=\"M\u00e1y H\u00fat M\u00f9i Malloca CUBE F-181, 45cm, Treo \u0110\u1ed9c L\u1eadp, 600m3\/h\" width=\"800\" height=\"800\" title=\"\" srcset=\"https:\/\/livinghome.vn\/thiet-bi\/wp-content\/uploads\/san-pham\/may-hut-mui\/may-hut-mui-malloca\/malloca-cube-f-181-4.jpg 800w, https:\/\/livinghome.vn\/thiet-bi\/wp-content\/uploads\/san-pham\/may-hut-mui\/may-hut-mui-malloca\/malloca-cube-f-181-4-300x300.jpg 300w, https:\/\/livinghome.vn\/thiet-bi\/wp-content\/uploads\/san-pham\/may-hut-mui\/may-hut-mui-malloca\/malloca-cube-f-181-4-100x100.jpg 100w, https:\/\/livinghome.vn\/thiet-bi\/wp-content\/uploads\/san-pham\/may-hut-mui\/may-hut-mui-malloca\/malloca-cube-f-181-4-600x600.jpg 600w, https:\/\/livinghome.vn\/thiet-bi\/wp-content\/uploads\/san-pham\/may-hut-mui\/may-hut-mui-malloca\/malloca-cube-f-181-4-400x400.jpg 400w, https:\/\/livinghome.vn\/thiet-bi\/wp-content\/uploads\/san-pham\/may-hut-mui\/may-hut-mui-malloca\/malloca-cube-f-181-4-280x280.jpg 280w, https:\/\/livinghome.vn\/thiet-bi\/wp-content\/uploads\/san-pham\/may-hut-mui\/may-hut-mui-malloca\/malloca-cube-f-181-4-768x768.jpg 768w\" sizes=\"auto, (max-width: 800px) 100vw, 800px\" \/><figcaption id=\"caption-attachment-17054\" class=\"wp-caption-text\">Thi\u1ebft k\u1ebf m\u00e1y h\u00fat m\u00f9i Malloca CONCRETE K-400 h\u00ecnh kh\u1ed1i t\u1ea1o c\u1ea3m gi\u00e1c h\u00e0i h\u00f2a, tinh t\u1ebf<\/figcaption><\/figure>\n<h3>Th\u00f4ng s\u1ed1 k\u1ef9 thu\u1eadt<\/h3>\n<ul>\n<li>\u0110\u00e8n LED 2 x 2.1W<\/li>\n<li>C\u00f4ng su\u1ea5t h\u00fat: 600m3\/h<\/li>\n<li>\u0110\u1ed9 \u1ed3n: 59dB<\/li>\n<li>C\u00f4ng su\u1ea5t: 224.2W<\/li>\n<li>K\u00edch th\u01b0\u1edbc: W450 x H450mm<\/li>\n<\/ul>\n<figure id=\"attachment_17052\" aria-describedby=\"caption-attachment-17052\" style=\"width: 800px\" class=\"wp-caption alignnone\"><img loading=\"lazy\" decoding=\"async\" class=\"wp-image-17052 size-full\" src=\"https:\/\/livinghome.vn\/thiet-bi\/wp-content\/uploads\/san-pham\/may-hut-mui\/may-hut-mui-malloca\/malloca-cube-f-181-2.jpg\" alt=\"M\u00e1y H\u00fat M\u00f9i Malloca CUBE F-181, 45cm, Treo \u0110\u1ed9c L\u1eadp, 600m3\/h\" width=\"800\" height=\"800\" title=\"\" srcset=\"https:\/\/livinghome.vn\/thiet-bi\/wp-content\/uploads\/san-pham\/may-hut-mui\/may-hut-mui-malloca\/malloca-cube-f-181-2.jpg 800w, https:\/\/livinghome.vn\/thiet-bi\/wp-content\/uploads\/san-pham\/may-hut-mui\/may-hut-mui-malloca\/malloca-cube-f-181-2-300x300.jpg 300w, https:\/\/livinghome.vn\/thiet-bi\/wp-content\/uploads\/san-pham\/may-hut-mui\/may-hut-mui-malloca\/malloca-cube-f-181-2-100x100.jpg 100w, https:\/\/livinghome.vn\/thiet-bi\/wp-content\/uploads\/san-pham\/may-hut-mui\/may-hut-mui-malloca\/malloca-cube-f-181-2-600x600.jpg 600w, https:\/\/livinghome.vn\/thiet-bi\/wp-content\/uploads\/san-pham\/may-hut-mui\/may-hut-mui-malloca\/malloca-cube-f-181-2-400x400.jpg 400w, https:\/\/livinghome.vn\/thiet-bi\/wp-content\/uploads\/san-pham\/may-hut-mui\/may-hut-mui-malloca\/malloca-cube-f-181-2-280x280.jpg 280w, https:\/\/livinghome.vn\/thiet-bi\/wp-content\/uploads\/san-pham\/may-hut-mui\/may-hut-mui-malloca\/malloca-cube-f-181-2-768x768.jpg 768w\" sizes=\"auto, (max-width: 800px) 100vw, 800px\" \/><figcaption id=\"caption-attachment-17052\" class=\"wp-caption-text\">K\u00edch th\u01b0\u1edbc m\u00e1y h\u00fat m\u00f9i Malloca CUBE F-181<\/figcaption><\/figure>\n<h3>Xu\u1ea5t x\u1ee9: \u00dd<\/h3>\n<p>&nbsp;<\/p>\n<div><\/div>\n","protected":false},"excerpt":{"rendered":"<ul>\n<li style=\"text-align: left;\"><span style=\"font-weight: 400;\">M\u00e0u s\u1eafc: <\/span><span style=\"font-weight: 400;\">Inox, Inox S\u01a1n \u0111en<\/span><\/li>\n<li style=\"text-align: left;\"><span style=\"font-weight: 400;\">\u0110i\u1ec1u khi\u1ec3n remote<\/span><\/li>\n<li style=\"text-align: left;\"><span style=\"font-weight: 400;\">\u0110\u00e8n LED 2 x 2.2W<\/span><\/li>\n<li style=\"text-align: left;\"><span style=\"font-weight: 400;\">S\u1ee9c h\u00fat: 600m3\/h &#8211; \u0110\u1ed9 \u1ed3n: 59dB<\/span><\/li>\n<li style=\"text-align: left;\"><span style=\"font-weight: 400;\">C\u00f4ng su\u1ea5t: 224.2W<\/span><\/li>\n<li style=\"text-align: left;\"><span style=\"font-weight: 400;\">K\u00edch th\u01b0\u1edbc: W450 x D450mm<\/span><\/li>\n<\/ul>\n","protected":false},"featured_media":17051,"comment_status":"open","ping_status":"closed","template":"","meta":[],"product_brand":[],"product_cat":[84,274,134,262],"product_tag":[270,86,271,273,188],"class_list":{"0":"post-1331","1":"product","2":"type-product","3":"status-publish","4":"has-post-thumbnail","6":"product_cat-may-hut-mui","7":"product_cat-may-hut-mui-malloca","8":"product_cat-may-hut-mui-oc-dao","9":"product_cat-thuong-hieu-malloca","10":"product_tag-malloca","11":"product_tag-may-hut-mui","12":"product_tag-may-hut-mui-malloca","13":"product_tag-may-hut-mui-oc-dao","14":"product_tag-may-hut-mui-treo-doc-lap","16":"first","17":"instock","18":"sale","19":"shipping-taxable","20":"purchasable","21":"product-type-simple"},"_links":{"self":[{"href":"https:\/\/livinghome.vn\/thiet-bi\/wp-json\/wp\/v2\/product\/1331","targetHints":{"allow":["GET"]}}],"collection":[{"href":"https:\/\/livinghome.vn\/thiet-bi\/wp-json\/wp\/v2\/product"}],"about":[{"href":"https:\/\/livinghome.vn\/thiet-bi\/wp-json\/wp\/v2\/types\/product"}],"replies":[{"embeddable":true,"href":"https:\/\/livinghome.vn\/thiet-bi\/wp-json\/wp\/v2\/comments?post=1331"}],"wp:featuredmedia":[{"embeddable":true,"href":"https:\/\/livinghome.vn\/thiet-bi\/wp-json\/wp\/v2\/media\/17051"}],"wp:attachment":[{"href":"https:\/\/livinghome.vn\/thiet-bi\/wp-json\/wp\/v2\/media?parent=1331"}],"wp:term":[{"taxonomy":"product_brand","embeddable":true,"href":"https:\/\/livinghome.vn\/thiet-bi\/wp-json\/wp\/v2\/product_brand?post=1331"},{"taxonomy":"product_cat","embeddable":true,"href":"https:\/\/livinghome.vn\/thiet-bi\/wp-json\/wp\/v2\/product_cat?post=1331"},{"taxonomy":"product_tag","embeddable":true,"href":"https:\/\/livinghome.vn\/thiet-bi\/wp-json\/wp\/v2\/product_tag?post=1331"}],"curies":[{"name":"wp","href":"https:\/\/api.w.org\/{rel}","templated":true}]}}