{"id":1327,"date":"2023-01-12T13:31:08","date_gmt":"2023-01-12T13:31:08","guid":{"rendered":"https:\/\/livinghome.vn\/thiet-bi\/?post_type=product&#038;p=1327"},"modified":"2024-11-29T14:20:45","modified_gmt":"2024-11-29T07:20:45","slug":"catalogue-malloca","status":"publish","type":"product","link":"https:\/\/livinghome.vn\/thiet-bi\/catalogue-malloca\/","title":{"rendered":"Catalogue Malloca"},"content":{"rendered":"<p><img loading=\"lazy\" decoding=\"async\" class=\"size-full wp-image-22292\" src=\"https:\/\/livinghome.vn\/thiet-bi\/wp-content\/uploads\/2024\/07\/catalogue-malloca-02-2024-1.jpg\" alt=\"Catalogue Malloca 02 2024\" width=\"1067\" height=\"1509\" title=\"\" srcset=\"https:\/\/livinghome.vn\/thiet-bi\/wp-content\/uploads\/2024\/07\/catalogue-malloca-02-2024-1.jpg 1067w, https:\/\/livinghome.vn\/thiet-bi\/wp-content\/uploads\/2024\/07\/catalogue-malloca-02-2024-1-283x400.jpg 283w, https:\/\/livinghome.vn\/thiet-bi\/wp-content\/uploads\/2024\/07\/catalogue-malloca-02-2024-1-566x800.jpg 566w, https:\/\/livinghome.vn\/thiet-bi\/wp-content\/uploads\/2024\/07\/catalogue-malloca-02-2024-1-768x1086.jpg 768w, https:\/\/livinghome.vn\/thiet-bi\/wp-content\/uploads\/2024\/07\/catalogue-malloca-02-2024-1-600x849.jpg 600w\" sizes=\"auto, (max-width: 1067px) 100vw, 1067px\" \/><br \/>\n<img loading=\"lazy\" decoding=\"async\" class=\"size-full wp-image-22292\" src=\"https:\/\/livinghome.vn\/thiet-bi\/wp-content\/uploads\/2024\/07\/catalogue-malloca-02-2024-2.jpg\" alt=\"Catalogue Malloca 02 2024\" width=\"1067\" height=\"1509\" title=\"\"><br \/>\n<img loading=\"lazy\" decoding=\"async\" class=\"size-full wp-image-22292\" src=\"https:\/\/livinghome.vn\/thiet-bi\/wp-content\/uploads\/2024\/07\/catalogue-malloca-02-2024-3.jpg\" alt=\"Catalogue Malloca 02 2024\" width=\"1067\" height=\"1509\" title=\"\"><br \/>\n<img loading=\"lazy\" decoding=\"async\" class=\"size-full wp-image-22292\" src=\"https:\/\/livinghome.vn\/thiet-bi\/wp-content\/uploads\/2024\/07\/catalogue-malloca-02-2024-4.jpg\" alt=\"Catalogue Malloca 02 2024\" width=\"1067\" height=\"1509\" title=\"\"><br \/>\n<img loading=\"lazy\" decoding=\"async\" class=\"size-full wp-image-22292\" src=\"https:\/\/livinghome.vn\/thiet-bi\/wp-content\/uploads\/2024\/07\/catalogue-malloca-02-2024-5.jpg\" alt=\"Catalogue Malloca 02 2024\" width=\"1067\" height=\"1509\" title=\"\"><br \/>\n<img loading=\"lazy\" decoding=\"async\" class=\"size-full wp-image-22292\" src=\"https:\/\/livinghome.vn\/thiet-bi\/wp-content\/uploads\/2024\/07\/catalogue-malloca-02-2024-6.jpg\" alt=\"Catalogue Malloca 02 2024\" width=\"1067\" height=\"1509\" title=\"\"><br \/>\n<img loading=\"lazy\" decoding=\"async\" class=\"size-full wp-image-22292\" src=\"https:\/\/livinghome.vn\/thiet-bi\/wp-content\/uploads\/2024\/07\/catalogue-malloca-02-2024-7.jpg\" alt=\"Catalogue Malloca 02 2024\" width=\"1067\" height=\"1509\" title=\"\"><br \/>\n<img loading=\"lazy\" decoding=\"async\" class=\"size-full wp-image-22292\" src=\"https:\/\/livinghome.vn\/thiet-bi\/wp-content\/uploads\/2024\/07\/catalogue-malloca-02-2024-8.jpg\" alt=\"Catalogue Malloca 02 2024\" width=\"1067\" height=\"1509\" title=\"\"><br \/>\n<img loading=\"lazy\" decoding=\"async\" class=\"size-full wp-image-22292\" src=\"https:\/\/livinghome.vn\/thiet-bi\/wp-content\/uploads\/2024\/07\/catalogue-malloca-02-2024-9.jpg\" alt=\"Catalogue Malloca 02 2024\" width=\"1067\" height=\"1509\" title=\"\"><br \/>\n<img loading=\"lazy\" decoding=\"async\" class=\"size-full wp-image-22292\" src=\"https:\/\/livinghome.vn\/thiet-bi\/wp-content\/uploads\/2024\/07\/catalogue-malloca-02-2024-10.jpg\" alt=\"Catalogue Malloca 02 2024\" width=\"1067\" height=\"1509\" title=\"\"><br \/>\n<img loading=\"lazy\" decoding=\"async\" class=\"size-full wp-image-22292\" src=\"https:\/\/livinghome.vn\/thiet-bi\/wp-content\/uploads\/2024\/07\/catalogue-malloca-02-2024-11.jpg\" alt=\"Catalogue Malloca 02 2024\" width=\"1067\" height=\"1509\" title=\"\"><br \/>\n<img loading=\"lazy\" decoding=\"async\" class=\"size-full wp-image-22292\" src=\"https:\/\/livinghome.vn\/thiet-bi\/wp-content\/uploads\/2024\/07\/catalogue-malloca-02-2024-12.jpg\" alt=\"Catalogue Malloca 02 2024\" width=\"1067\" height=\"1509\" title=\"\"><br \/>\n<img loading=\"lazy\" decoding=\"async\" class=\"size-full wp-image-22292\" src=\"https:\/\/livinghome.vn\/thiet-bi\/wp-content\/uploads\/2024\/07\/catalogue-malloca-02-2024-13.jpg\" alt=\"Catalogue Malloca 02 2024\" width=\"1067\" height=\"1509\" title=\"\"><br \/>\n<img loading=\"lazy\" decoding=\"async\" class=\"size-full wp-image-22292\" src=\"https:\/\/livinghome.vn\/thiet-bi\/wp-content\/uploads\/2024\/07\/catalogue-malloca-02-2024-14.jpg\" alt=\"Catalogue Malloca 02 2024\" width=\"1067\" height=\"1509\" title=\"\"><br \/>\n<img loading=\"lazy\" decoding=\"async\" class=\"size-full wp-image-22292\" src=\"https:\/\/livinghome.vn\/thiet-bi\/wp-content\/uploads\/2024\/07\/catalogue-malloca-02-2024-15.jpg\" alt=\"Catalogue Malloca 02 2024\" width=\"1067\" height=\"1509\" title=\"\"><br \/>\n<img loading=\"lazy\" decoding=\"async\" class=\"size-full wp-image-22292\" src=\"https:\/\/livinghome.vn\/thiet-bi\/wp-content\/uploads\/2024\/07\/catalogue-malloca-02-2024-16.jpg\" alt=\"Catalogue Malloca 02 2024\" width=\"1067\" height=\"1509\" title=\"\"><br \/>\n<img loading=\"lazy\" decoding=\"async\" class=\"size-full wp-image-22292\" src=\"https:\/\/livinghome.vn\/thiet-bi\/wp-content\/uploads\/2024\/07\/catalogue-malloca-02-2024-17.jpg\" alt=\"Catalogue Malloca 02 2024\" width=\"1067\" height=\"1509\" title=\"\"><br \/>\n<img loading=\"lazy\" decoding=\"async\" class=\"size-full wp-image-22292\" src=\"https:\/\/livinghome.vn\/thiet-bi\/wp-content\/uploads\/2024\/07\/catalogue-malloca-02-2024-18.jpg\" alt=\"Catalogue Malloca 02 2024\" width=\"1067\" height=\"1509\" title=\"\"><br \/>\n<img loading=\"lazy\" decoding=\"async\" class=\"size-full wp-image-22292\" src=\"https:\/\/livinghome.vn\/thiet-bi\/wp-content\/uploads\/2024\/07\/catalogue-malloca-02-2024-19.jpg\" alt=\"Catalogue Malloca 02 2024\" width=\"1067\" height=\"1509\" title=\"\"><br \/>\n<img loading=\"lazy\" decoding=\"async\" class=\"size-full wp-image-22292\" src=\"https:\/\/livinghome.vn\/thiet-bi\/wp-content\/uploads\/2024\/07\/catalogue-malloca-02-2024-20.jpg\" alt=\"Catalogue Malloca 02 2024\" width=\"1067\" height=\"1509\" title=\"\"><br \/>\n<img loading=\"lazy\" decoding=\"async\" class=\"size-full wp-image-22292\" src=\"https:\/\/livinghome.vn\/thiet-bi\/wp-content\/uploads\/2024\/07\/catalogue-malloca-02-2024-21.jpg\" alt=\"Catalogue Malloca 02 2024\" width=\"1067\" height=\"1509\" title=\"\"><br \/>\n<img loading=\"lazy\" decoding=\"async\" class=\"size-full wp-image-22292\" src=\"https:\/\/livinghome.vn\/thiet-bi\/wp-content\/uploads\/2024\/07\/catalogue-malloca-02-2024-22.jpg\" alt=\"Catalogue Malloca 02 2024\" width=\"1067\" height=\"1509\" title=\"\"><br \/>\n<img loading=\"lazy\" decoding=\"async\" class=\"size-full wp-image-22292\" src=\"https:\/\/livinghome.vn\/thiet-bi\/wp-content\/uploads\/2024\/07\/catalogue-malloca-02-2024-23.jpg\" alt=\"Catalogue Malloca 02 2024\" width=\"1067\" height=\"1509\" title=\"\"><br \/>\n<img loading=\"lazy\" decoding=\"async\" class=\"size-full wp-image-22292\" src=\"https:\/\/livinghome.vn\/thiet-bi\/wp-content\/uploads\/2024\/07\/catalogue-malloca-02-2024-24.jpg\" alt=\"Catalogue Malloca 02 2024\" width=\"1067\" height=\"1509\" title=\"\"><br \/>\n<img loading=\"lazy\" decoding=\"async\" class=\"size-full wp-image-22292\" src=\"https:\/\/livinghome.vn\/thiet-bi\/wp-content\/uploads\/2024\/07\/catalogue-malloca-02-2024-25.jpg\" alt=\"Catalogue Malloca 02 2024\" width=\"1067\" height=\"1509\" title=\"\"><br \/>\n<img loading=\"lazy\" decoding=\"async\" class=\"size-full wp-image-22292\" src=\"https:\/\/livinghome.vn\/thiet-bi\/wp-content\/uploads\/2024\/07\/catalogue-malloca-02-2024-26.jpg\" alt=\"Catalogue Malloca 02 2024\" width=\"1067\" height=\"1509\" title=\"\"><br \/>\n<img loading=\"lazy\" decoding=\"async\" class=\"size-full wp-image-22292\" src=\"https:\/\/livinghome.vn\/thiet-bi\/wp-content\/uploads\/2024\/07\/catalogue-malloca-02-2024-27.jpg\" alt=\"Catalogue Malloca 02 2024\" width=\"1067\" height=\"1509\" title=\"\"><br \/>\n<img loading=\"lazy\" decoding=\"async\" class=\"size-full wp-image-22292\" src=\"https:\/\/livinghome.vn\/thiet-bi\/wp-content\/uploads\/2024\/07\/catalogue-malloca-02-2024-28.jpg\" alt=\"Catalogue Malloca 02 2024\" width=\"1067\" height=\"1509\" title=\"\"><br \/>\n<img loading=\"lazy\" decoding=\"async\" class=\"size-full wp-image-22292\" src=\"https:\/\/livinghome.vn\/thiet-bi\/wp-content\/uploads\/2024\/07\/catalogue-malloca-02-2024-29.jpg\" alt=\"Catalogue Malloca 02 2024\" width=\"1067\" height=\"1509\" title=\"\"><br \/>\n<img loading=\"lazy\" decoding=\"async\" class=\"size-full wp-image-22292\" src=\"https:\/\/livinghome.vn\/thiet-bi\/wp-content\/uploads\/2024\/07\/catalogue-malloca-02-2024-30.jpg\" alt=\"Catalogue Malloca 02 2024\" width=\"1067\" height=\"1509\" title=\"\"><br \/>\n<img loading=\"lazy\" decoding=\"async\" class=\"size-full wp-image-22292\" src=\"https:\/\/livinghome.vn\/thiet-bi\/wp-content\/uploads\/2024\/07\/catalogue-malloca-02-2024-31.jpg\" alt=\"Catalogue Malloca 02 2024\" width=\"1067\" height=\"1509\" title=\"\"><br \/>\n<img loading=\"lazy\" decoding=\"async\" class=\"size-full wp-image-22292\" src=\"https:\/\/livinghome.vn\/thiet-bi\/wp-content\/uploads\/2024\/07\/catalogue-malloca-02-2024-32.jpg\" alt=\"Catalogue Malloca 02 2024\" width=\"1067\" height=\"1509\" title=\"\"><br \/>\n<img loading=\"lazy\" decoding=\"async\" class=\"size-full wp-image-22292\" src=\"https:\/\/livinghome.vn\/thiet-bi\/wp-content\/uploads\/2024\/07\/catalogue-malloca-02-2024-33.jpg\" alt=\"Catalogue Malloca 02 2024\" width=\"1067\" height=\"1509\" title=\"\"><br \/>\n<img loading=\"lazy\" decoding=\"async\" class=\"size-full wp-image-22292\" src=\"https:\/\/livinghome.vn\/thiet-bi\/wp-content\/uploads\/2024\/07\/catalogue-malloca-02-2024-34.jpg\" alt=\"Catalogue Malloca 02 2024\" width=\"1067\" height=\"1509\" title=\"\"><br \/>\n<img loading=\"lazy\" decoding=\"async\" class=\"size-full wp-image-22292\" src=\"https:\/\/livinghome.vn\/thiet-bi\/wp-content\/uploads\/2024\/07\/catalogue-malloca-02-2024-35.jpg\" alt=\"Catalogue Malloca 02 2024\" width=\"1067\" height=\"1509\" title=\"\"><br \/>\n<img loading=\"lazy\" decoding=\"async\" class=\"size-full wp-image-22292\" src=\"https:\/\/livinghome.vn\/thiet-bi\/wp-content\/uploads\/2024\/07\/catalogue-malloca-02-2024-36.jpg\" alt=\"Catalogue Malloca 02 2024\" width=\"1067\" height=\"1509\" title=\"\"><br \/>\n<img loading=\"lazy\" decoding=\"async\" class=\"size-full wp-image-22292\" src=\"https:\/\/livinghome.vn\/thiet-bi\/wp-content\/uploads\/2024\/07\/catalogue-malloca-02-2024-37.jpg\" alt=\"Catalogue Malloca 02 2024\" width=\"1067\" height=\"1509\" title=\"\"><br \/>\n<img loading=\"lazy\" decoding=\"async\" class=\"size-full wp-image-22292\" src=\"https:\/\/livinghome.vn\/thiet-bi\/wp-content\/uploads\/2024\/07\/catalogue-malloca-02-2024-38.jpg\" alt=\"Catalogue Malloca 02 2024\" width=\"1067\" height=\"1509\" title=\"\"><br \/>\n<img loading=\"lazy\" decoding=\"async\" class=\"size-full wp-image-22292\" src=\"https:\/\/livinghome.vn\/thiet-bi\/wp-content\/uploads\/2024\/07\/catalogue-malloca-02-2024-39.jpg\" alt=\"Catalogue Malloca 02 2024\" width=\"1067\" height=\"1509\" title=\"\"><br \/>\n<img loading=\"lazy\" decoding=\"async\" class=\"size-full wp-image-22292\" src=\"https:\/\/livinghome.vn\/thiet-bi\/wp-content\/uploads\/2024\/07\/catalogue-malloca-02-2024-40.jpg\" alt=\"Catalogue Malloca 02 2024\" width=\"1067\" height=\"1509\" title=\"\"><br \/>\n<img loading=\"lazy\" decoding=\"async\" class=\"size-full wp-image-22292\" src=\"https:\/\/livinghome.vn\/thiet-bi\/wp-content\/uploads\/2024\/07\/catalogue-malloca-02-2024-41.jpg\" alt=\"Catalogue Malloca 02 2024\" width=\"1067\" height=\"1509\" title=\"\"><br \/>\n<img loading=\"lazy\" decoding=\"async\" class=\"size-full wp-image-22292\" src=\"https:\/\/livinghome.vn\/thiet-bi\/wp-content\/uploads\/2024\/07\/catalogue-malloca-02-2024-42.jpg\" alt=\"Catalogue Malloca 02 2024\" width=\"1067\" height=\"1509\" title=\"\"><br \/>\n<img loading=\"lazy\" decoding=\"async\" class=\"size-full wp-image-22292\" src=\"https:\/\/livinghome.vn\/thiet-bi\/wp-content\/uploads\/2024\/07\/catalogue-malloca-02-2024-43.jpg\" alt=\"Catalogue Malloca 02 2024\" width=\"1067\" height=\"1509\" title=\"\"><br \/>\n<img loading=\"lazy\" decoding=\"async\" class=\"size-full wp-image-22292\" src=\"https:\/\/livinghome.vn\/thiet-bi\/wp-content\/uploads\/2024\/07\/catalogue-malloca-02-2024-44.jpg\" alt=\"Catalogue Malloca 02 2024\" width=\"1067\" height=\"1509\" title=\"\"><br \/>\n<img loading=\"lazy\" decoding=\"async\" class=\"size-full wp-image-22292\" src=\"https:\/\/livinghome.vn\/thiet-bi\/wp-content\/uploads\/2024\/07\/catalogue-malloca-02-2024-45.jpg\" alt=\"Catalogue Malloca 02 2024\" width=\"1067\" height=\"1509\" title=\"\"><br \/>\n<img loading=\"lazy\" decoding=\"async\" class=\"size-full wp-image-22292\" src=\"https:\/\/livinghome.vn\/thiet-bi\/wp-content\/uploads\/2024\/07\/catalogue-malloca-02-2024-46.jpg\" alt=\"Catalogue Malloca 02 2024\" width=\"1067\" height=\"1509\" title=\"\"><br \/>\n<img loading=\"lazy\" decoding=\"async\" class=\"size-full wp-image-22292\" src=\"https:\/\/livinghome.vn\/thiet-bi\/wp-content\/uploads\/2024\/07\/catalogue-malloca-02-2024-47.jpg\" alt=\"Catalogue Malloca 02 2024\" width=\"1067\" height=\"1509\" title=\"\"><br \/>\n<img loading=\"lazy\" decoding=\"async\" class=\"size-full wp-image-22292\" src=\"https:\/\/livinghome.vn\/thiet-bi\/wp-content\/uploads\/2024\/07\/catalogue-malloca-02-2024-48.jpg\" alt=\"Catalogue Malloca 02 2024\" width=\"1067\" height=\"1509\" title=\"\"><br \/>\n<img loading=\"lazy\" decoding=\"async\" class=\"size-full wp-image-22292\" src=\"https:\/\/livinghome.vn\/thiet-bi\/wp-content\/uploads\/2024\/07\/catalogue-malloca-02-2024-49.jpg\" alt=\"Catalogue Malloca 02 2024\" width=\"1067\" height=\"1509\" title=\"\"><br \/>\n<img loading=\"lazy\" decoding=\"async\" class=\"size-full wp-image-22292\" src=\"https:\/\/livinghome.vn\/thiet-bi\/wp-content\/uploads\/2024\/07\/catalogue-malloca-02-2024-50.jpg\" alt=\"Catalogue Malloca 02 2024\" width=\"1067\" height=\"1509\" title=\"\"><br \/>\n<img loading=\"lazy\" decoding=\"async\" class=\"size-full wp-image-22292\" src=\"https:\/\/livinghome.vn\/thiet-bi\/wp-content\/uploads\/2024\/07\/catalogue-malloca-02-2024-51.jpg\" alt=\"Catalogue Malloca 02 2024\" width=\"1067\" height=\"1509\" title=\"\"><br \/>\n<img loading=\"lazy\" decoding=\"async\" class=\"size-full wp-image-22292\" src=\"https:\/\/livinghome.vn\/thiet-bi\/wp-content\/uploads\/2024\/07\/catalogue-malloca-02-2024-52.jpg\" alt=\"Catalogue Malloca 02 2024\" width=\"1067\" height=\"1509\" title=\"\"><br \/>\n<img loading=\"lazy\" decoding=\"async\" class=\"size-full wp-image-22292\" src=\"https:\/\/livinghome.vn\/thiet-bi\/wp-content\/uploads\/2024\/07\/catalogue-malloca-02-2024-53.jpg\" alt=\"Catalogue Malloca 02 2024\" width=\"1067\" height=\"1509\" title=\"\"><br \/>\n<img loading=\"lazy\" decoding=\"async\" class=\"size-full wp-image-22292\" src=\"https:\/\/livinghome.vn\/thiet-bi\/wp-content\/uploads\/2024\/07\/catalogue-malloca-02-2024-54.jpg\" alt=\"Catalogue Malloca 02 2024\" width=\"1067\" height=\"1509\" title=\"\"><br \/>\n<img loading=\"lazy\" decoding=\"async\" class=\"size-full wp-image-22292\" src=\"https:\/\/livinghome.vn\/thiet-bi\/wp-content\/uploads\/2024\/07\/catalogue-malloca-02-2024-55.jpg\" alt=\"Catalogue Malloca 02 2024\" width=\"1067\" height=\"1509\" title=\"\"><br \/>\n<img loading=\"lazy\" decoding=\"async\" class=\"size-full wp-image-22292\" src=\"https:\/\/livinghome.vn\/thiet-bi\/wp-content\/uploads\/2024\/07\/catalogue-malloca-02-2024-56.jpg\" alt=\"Catalogue Malloca 02 2024\" width=\"1067\" height=\"1509\" title=\"\"><br \/>\n<img loading=\"lazy\" decoding=\"async\" class=\"size-full wp-image-22292\" src=\"https:\/\/livinghome.vn\/thiet-bi\/wp-content\/uploads\/2024\/07\/catalogue-malloca-02-2024-57.jpg\" alt=\"Catalogue Malloca 02 2024\" width=\"1067\" height=\"1509\" title=\"\"><br \/>\n<img loading=\"lazy\" decoding=\"async\" class=\"size-full wp-image-22292\" src=\"https:\/\/livinghome.vn\/thiet-bi\/wp-content\/uploads\/2024\/07\/catalogue-malloca-02-2024-58.jpg\" alt=\"Catalogue Malloca 02 2024\" width=\"1067\" height=\"1509\" title=\"\"><br \/>\n<img loading=\"lazy\" decoding=\"async\" class=\"size-full wp-image-22292\" src=\"https:\/\/livinghome.vn\/thiet-bi\/wp-content\/uploads\/2024\/07\/catalogue-malloca-02-2024-59.jpg\" alt=\"Catalogue Malloca 02 2024\" width=\"1067\" height=\"1509\" title=\"\"><br \/>\n<img loading=\"lazy\" decoding=\"async\" class=\"size-full wp-image-22292\" src=\"https:\/\/livinghome.vn\/thiet-bi\/wp-content\/uploads\/2024\/07\/catalogue-malloca-02-2024-60.jpg\" alt=\"Catalogue Malloca 02 2024\" width=\"1067\" height=\"1509\" title=\"\"><br \/>\n<img loading=\"lazy\" decoding=\"async\" class=\"size-full wp-image-22292\" src=\"https:\/\/livinghome.vn\/thiet-bi\/wp-content\/uploads\/2024\/07\/catalogue-malloca-02-2024-61.jpg\" alt=\"Catalogue Malloca 02 2024\" width=\"1067\" height=\"1509\" title=\"\"><br \/>\n<img loading=\"lazy\" decoding=\"async\" class=\"size-full wp-image-22292\" src=\"https:\/\/livinghome.vn\/thiet-bi\/wp-content\/uploads\/2024\/07\/catalogue-malloca-02-2024-62.jpg\" alt=\"Catalogue Malloca 02 2024\" width=\"1067\" height=\"1509\" title=\"\"><br \/>\n<img loading=\"lazy\" decoding=\"async\" class=\"size-full wp-image-22292\" src=\"https:\/\/livinghome.vn\/thiet-bi\/wp-content\/uploads\/2024\/07\/catalogue-malloca-02-2024-63.jpg\" alt=\"Catalogue Malloca 02 2024\" width=\"1067\" height=\"1509\" title=\"\"><br \/>\n<img loading=\"lazy\" decoding=\"async\" class=\"size-full wp-image-22292\" src=\"https:\/\/livinghome.vn\/thiet-bi\/wp-content\/uploads\/2024\/07\/catalogue-malloca-02-2024-64.jpg\" alt=\"Catalogue Malloca 02 2024\" width=\"1067\" height=\"1509\" title=\"\"><br \/>\n<img loading=\"lazy\" decoding=\"async\" class=\"size-full wp-image-22292\" src=\"https:\/\/livinghome.vn\/thiet-bi\/wp-content\/uploads\/2024\/07\/catalogue-malloca-02-2024-65.jpg\" alt=\"Catalogue Malloca 02 2024\" width=\"1067\" height=\"1509\" title=\"\"><br \/>\n<img loading=\"lazy\" decoding=\"async\" class=\"size-full wp-image-22292\" src=\"https:\/\/livinghome.vn\/thiet-bi\/wp-content\/uploads\/2024\/07\/catalogue-malloca-02-2024-66.jpg\" alt=\"Catalogue Malloca 02 2024\" width=\"1067\" height=\"1509\" title=\"\"><br \/>\n<img loading=\"lazy\" decoding=\"async\" class=\"size-full wp-image-22292\" src=\"https:\/\/livinghome.vn\/thiet-bi\/wp-content\/uploads\/2024\/07\/catalogue-malloca-02-2024-67.jpg\" alt=\"Catalogue Malloca 02 2024\" width=\"1067\" height=\"1509\" title=\"\"><br \/>\n<img loading=\"lazy\" decoding=\"async\" class=\"size-full wp-image-22292\" src=\"https:\/\/livinghome.vn\/thiet-bi\/wp-content\/uploads\/2024\/07\/catalogue-malloca-02-2024-68.jpg\" alt=\"Catalogue Malloca 02 2024\" width=\"1067\" height=\"1509\" title=\"\"><br \/>\n<img loading=\"lazy\" decoding=\"async\" class=\"size-full wp-image-22292\" src=\"https:\/\/livinghome.vn\/thiet-bi\/wp-content\/uploads\/2024\/07\/catalogue-malloca-02-2024-69.jpg\" alt=\"Catalogue Malloca 02 2024\" width=\"1067\" height=\"1509\" title=\"\"><\/p>\n","protected":false},"excerpt":{"rendered":"<h3>C\u1eadp nh\u1eadt phi\u00ean b\u1ea3n Catalogue m\u1edbi nh\u1ea5t c\u1ee7a Th\u01b0\u01a1ng hi\u1ec7u Malloca<\/h3>\n<ul>\n<li>B\u1ebfp \u0111i\u1ec7n t\u1eeb c\u00e1c lo\u1ea1i<\/li>\n<li>M\u00e1y h\u00fat m\u00f9i c\u00e1c lo\u1ea1i<\/li>\n<li>L\u00f2 n\u01b0\u1edbng \u00e2m<\/li>\n<li>L\u00f2 vi s\u00f3ng \u00e2m<\/li>\n<li>M\u00e1y r\u1eeda ch\u00e9n b\u00e1t<\/li>\n<li>T\u1ee7 l\u1ea1nh<\/li>\n<li>M\u00e1y gi\u1eb7t s\u1ea5y<\/li>\n<li>Ch\u1eadu r\u1eeda v\u00f2i r\u1eeda inox v\u00e0 \u0111\u00e1<\/li>\n<li>M\u00e1y l\u1ecdc n\u01b0\u1edbc n\u01b0\u1edbc \u00e2m t\u1ee7<\/li>\n<li>&#8230;.<\/li>\n<\/ul>\n","protected":false},"featured_media":22292,"comment_status":"open","ping_status":"closed","template":"","meta":[],"product_brand":[],"product_cat":[70,262],"product_tag":[263,264,265,1692,266,267,268,269,270,271,272],"class_list":{"0":"post-1327","1":"product","2":"type-product","3":"status-publish","4":"has-post-thumbnail","6":"product_cat-catalogue-thuong-hieu","7":"product_cat-thuong-hieu-malloca","8":"product_tag-bep-dien-malloca","9":"product_tag-bep-dien-tu-malloca","10":"product_tag-bep-gas-am-malloca","11":"product_tag-bep-hong-ngoai-malloca","12":"product_tag-bep-tu-malloca","13":"product_tag-catalogue-malloca","14":"product_tag-lo-nuong-am-tu-malloca","15":"product_tag-lo-vi-song-am-malloca","16":"product_tag-malloca","17":"product_tag-may-hut-mui-malloca","18":"product_tag-may-rua-chen-malloca","20":"first","21":"instock","22":"product-type-simple"},"_links":{"self":[{"href":"https:\/\/livinghome.vn\/thiet-bi\/wp-json\/wp\/v2\/product\/1327","targetHints":{"allow":["GET"]}}],"collection":[{"href":"https:\/\/livinghome.vn\/thiet-bi\/wp-json\/wp\/v2\/product"}],"about":[{"href":"https:\/\/livinghome.vn\/thiet-bi\/wp-json\/wp\/v2\/types\/product"}],"replies":[{"embeddable":true,"href":"https:\/\/livinghome.vn\/thiet-bi\/wp-json\/wp\/v2\/comments?post=1327"}],"wp:featuredmedia":[{"embeddable":true,"href":"https:\/\/livinghome.vn\/thiet-bi\/wp-json\/wp\/v2\/media\/22292"}],"wp:attachment":[{"href":"https:\/\/livinghome.vn\/thiet-bi\/wp-json\/wp\/v2\/media?parent=1327"}],"wp:term":[{"taxonomy":"product_brand","embeddable":true,"href":"https:\/\/livinghome.vn\/thiet-bi\/wp-json\/wp\/v2\/product_brand?post=1327"},{"taxonomy":"product_cat","embeddable":true,"href":"https:\/\/livinghome.vn\/thiet-bi\/wp-json\/wp\/v2\/product_cat?post=1327"},{"taxonomy":"product_tag","embeddable":true,"href":"https:\/\/livinghome.vn\/thiet-bi\/wp-json\/wp\/v2\/product_tag?post=1327"}],"curies":[{"name":"wp","href":"https:\/\/api.w.org\/{rel}","templated":true}]}}