{"id":1140,"date":"2023-01-12T13:19:28","date_gmt":"2023-01-12T13:19:28","guid":{"rendered":"https:\/\/livinghome.vn\/thiet-bi\/?post_type=product&#038;p=1140"},"modified":"2024-11-29T14:20:45","modified_gmt":"2024-11-29T07:20:45","slug":"tu-cigar-klarstein-kl-el-president-23l-dieu-khien-cam-ung-den-led-hien-dai","status":"publish","type":"product","link":"https:\/\/livinghome.vn\/thiet-bi\/tu-cigar-klarstein-kl-el-president-23l-dieu-khien-cam-ung-den-led-hien-dai\/","title":{"rendered":"T\u1ee7 cigar Klarstein KL-EL PRESIDENT 23L \u0111i\u1ec1u khi\u1ec3n c\u1ea3m \u1ee9ng \u0111\u00e8n Led hi\u1ec7n \u0111\u1ea1i"},"content":{"rendered":"<h2>T\u1ee7 cigar Klarstein KL-EL PRESIDENT 23L dung t\u00edch l\u1edbn c\u00f3 s\u1ee9c ch\u1ee9a l\u00ean \u0111\u1ebfn 100-150 \u0111i\u1ebfu cigar<\/h2>\n<figure id=\"attachment_66654\" aria-describedby=\"caption-attachment-66654\" style=\"width: 800px\" class=\"wp-caption alignnone\"><img loading=\"lazy\" decoding=\"async\" class=\"size-large wp-image-66654\" src=\"https:\/\/livinghome.vn\/thiet-bi\/wp-content\/uploads\/nha-bep\/klarstein\/tu-ruou\/tu-cigar-klarstein-kl-el-presidente-23l\/tu-cigar-klarstein-kl-el-presidente-23l-800x800.jpg\" alt=\"T\u1ee7 cigar Klarstein KL-EL PRESIDENT 23L\" width=\"800\" height=\"800\" title=\"\"><figcaption id=\"caption-attachment-66654\" class=\"wp-caption-text\">T\u1ee7 cigar Klarstein KL-EL PRESIDENT 23L<\/figcaption><\/figure>\n<div class=\"xw_product-section-extra\">\n<h3>\u0110\u1eb7c T\u00ednh N\u1ed5i B\u1eadt<\/h3>\n<div class=\"entry-content\">\n<ul>\n<li>Qu\u00fd ph\u00e1i: m\u00e1y l\u00e0m \u1ea9m v\u1edbi c\u1eeda k\u00ednh hai l\u1edbp, m\u00e0u \u0111en v\u00e0 \u0111\u00e8n n\u1ed9i th\u1ea5t LED tr\u1eafng<\/li>\n<li>\u0110\u1ed9 \u1ea9m \u0111\u00e1ng tin c\u1eady: nh\u1edd b\u00e1t n\u01b0\u1edbc v\u00e0 \u1ea9m k\u1ebf, \u0111\u1ed9 \u1ea9m t\u01b0\u01a1ng \u0111\u1ed1i t\u1ed1i \u01b0u 70% v\u00e0 l\u00e0m m\u00e1t \u1ed5n \u0111\u1ecbnh<\/li>\n<li>D\u1ec5 s\u1eed d\u1ee5ng: B\u1ea3ng \u0111i\u1ec1u khi\u1ec3n c\u1ea3m \u1ee9ng \u0111\u1ec3 c\u00e0i \u0111\u1eb7t nhi\u1ec7t \u0111\u1ed9 v\u00e0 \u0111\u1ed9 \u1ea9m ch\u00ednh x\u00e1c<\/li>\n<li>R\u1ed9ng r\u00e3i: 2 khe v\u00e0 m\u1ed9t ng\u0103n k\u00e9o l\u00e0m b\u1eb1ng g\u1ed7 tuy\u1ebft t\u00f9ng tr\u00ean ray c\u00f3 th\u1ec3 t\u00edch 23 l\u00edt cho 100 \u0111\u1ebfn 150 \u0111i\u1ebfu x\u00ec g\u00e0<\/li>\n<li>L\u1eafp \u0111\u1eb7t linh ho\u1ea1t: l\u00e0 m\u1ed9t thi\u1ebft b\u1ecb \u0111\u1ed9c l\u1eadp v\u1edbi k\u00edch th\u01b0\u1edbc nh\u1ecf g\u1ecdn, n\u00f3 c\u00f3 th\u1ec3 \u0111\u01b0\u1ee3c l\u1eafp \u0111\u1eb7t \u1edf h\u1ea7u h\u1ebft m\u1ecdi n\u01a1i<\/li>\n<li>Ti\u1ebfng \u1ed3n th\u1ea5p: ti\u1ebfng \u1ed3n th\u1ea5p nh\u1edd l\u00e0m m\u00e1t nhi\u1ec7t \u0111i\u1ec7n<\/li>\n<\/ul>\n<\/div>\n<\/div>\n<div class=\"xw_product-section-extra\">\n<h3>T\u00ednh n\u0103ng &amp; K\u00edch th\u01b0\u1edbc<\/h3>\n<div class=\"entry-content\">\n<div class=\"Product_infoContent__3srJU\">\n<ul>\n<li>Lo\u1ea1i s\u1ea3n ph\u1ea9m: <a href=\"https:\/\/livinghome.vn\/thiet-bi\/gia-dung-khac\/tu-uop-ruou\/\">t\u1ee7 cigar<\/a><\/li>\n<li>Hi\u1ec7u su\u1ea5t n\u0103ng l\u01b0\u1ee3ng lo\u1ea1i B<\/li>\n<li>2 ng\u0103n k\u00e9o g\u1ed7 v\u00e0 m\u1ed9t ng\u0103n k\u00e9o tr\u00ean ray<\/li>\n<li>4 ray tr\u01b0\u1ee3t, m\u1ed7i ray c\u00e1ch nhau 8 cm<\/li>\n<li>Th\u1ec3 t\u00edch: 23 l\u00edt<\/li>\n<li>Nhi\u1ec7t \u0111\u1ed9 b\u00ean trong c\u00f3 th\u1ec3 \u0111i\u1ec1u ch\u1ec9nh \u1edf m\u1ee9c \u0111\u1ed9 t\u1eeb 12 \u0111\u1ebfn 23 \u00b0 C<\/li>\n<li>B\u1ea3ng \u0111i\u1ec1u khi\u1ec3n c\u1ea3m \u1ee9ng<\/li>\n<li>ki\u1ec3m so\u00e1t \u0111\u1ed9 \u1ea9m \u0111\u1ebfn 70%<\/li>\n<li>Ph\u00e1t tri\u1ec3n ti\u1ebfng \u1ed3n: 38 dB<\/li>\n<li>Ch\u1ea5t l\u00e0m l\u1ea1nh: cyclopentane<\/li>\n<li>Hi\u1ec3n th\u1ecb k\u1ef9 thu\u1eadt s\u1ed1 nhi\u1ec7t \u0111\u1ed9 trong nh\u00e0<\/li>\n<li>\u0111\u1ec3 \u0111\u1ef1ng x\u00ec g\u00e0 ri\u00eang l\u1ebb ho\u1eb7c h\u1ed9p x\u00ec g\u00e0<\/li>\n<li>C\u00f4ng su\u1ea5t ti\u00eau th\u1ee5: 50 W<\/li>\n<li>Ngu\u1ed3n \u0111i\u1ec7n: 220-240 V ~ | 50\/60 Hz<\/li>\n<li>K\u00edch th\u01b0\u1edbc: x\u1ea5p x\u1ec9. 25 x 46 x 52 cm (WxHxD)<\/li>\n<li>K\u00edch th\u01b0\u1edbc b\u00ean trong: kho\u1ea3ng. 20 x 37,5 x 32 cm (WxHxD)<\/li>\n<li>K\u00edch th\u01b0\u1edbc b\u00ean trong c\u1ee7a ng\u0103n k\u00e9o: x\u1ea5p x\u1ec9. 16,5 x 7,5 x 28 cm (WxHxD)<\/li>\n<li>K\u00edch th\u01b0\u1edbc c\u1ee7a b\u00e1t n\u01b0\u1edbc: x\u1ea5p x\u1ec9. 11 x 7 x 6 cm (WxHxD)<\/li>\n<li>Chi\u1ec1u d\u00e0i d\u00e2y ngu\u1ed3n: x\u1ea5p x\u1ec9. 180 cm<\/li>\n<li>Tr\u1ecdng l\u01b0\u1ee3ng x\u1ea5p x\u1ec9. 9 kg<\/li>\n<\/ul>\n<h3>Thi\u1ebft k\u1ebf nhi\u1ec1u ng\u0103n ti\u1ec7n d\u1ee5ng<\/h3>\n<p>T\u1ee7 cigar Klarstein KL-EL PRESIDENT 23L l\u00e0 c\u1eeda h\u00e0ng l\u01b0u tr\u1eef hi\u1ec7n \u0111\u1ea1i \u0111\u1ec3 th\u01b0\u1edfng th\u1ee9c thu\u1ed1c l\u00e1 h\u1ea1ng. Trong kh\u00f4ng gian b\u00ean trong 23 l\u00edt, c\u00f3 th\u1ec3 l\u01b0u tr\u1eef t\u1eeb 100 \u0111\u1ebfn 150 \u0111i\u1ebfu x\u00ec g\u00e0 tr\u00ean 2 t\u1ea7ng b\u1ea3o qu\u1ea3n v\u00e0 trong ng\u0103n k\u00e9o b\u1eb1ng g\u1ed7 tuy\u1ebft t\u00f9ng.<\/p>\n<figure id=\"attachment_66646\" aria-describedby=\"caption-attachment-66646\" style=\"width: 800px\" class=\"wp-caption alignnone\"><img loading=\"lazy\" decoding=\"async\" class=\"size-large wp-image-66646\" src=\"https:\/\/livinghome.vn\/thiet-bi\/wp-content\/uploads\/nha-bep\/klarstein\/tu-ruou\/tu-cigar-klarstein-kl-el-presidente-23l\/tu-cigar-klarstein-kl-el-presidente-23l-4-800x800.jpg\" alt=\"T\u1ee7 cigar Klarstein KL-EL PRESIDENT 23L\" width=\"800\" height=\"800\" title=\"\"><figcaption id=\"caption-attachment-66646\" class=\"wp-caption-text\">T\u1ee7 cigar Klarstein KL-EL PRESIDENT 23L<\/figcaption><\/figure>\n<h3>H\u1ec7 th\u1ed1ng m\u00e1y \u0111o \u0111\u1ed9 \u1ea9m<\/h3>\n<p>Nh\u1edd k\u00edch th\u01b0\u1edbc nh\u1ecf l\u1ea1i, n\u00f3 c\u00f3 th\u1ec3 \u0111\u01b0\u1ee3c \u0111\u1eb7t \u1edf h\u1ea7u h\u1ebft m\u1ecdi n\u01a1i m\u00e0 b\u1ea1n mu\u1ed1n.<\/p>\n<p>\u0110i\u1ec1u ki\u1ec7n b\u1ea3o m\u1eadt v\u1edbi \u1ea9m \u0111\u1ed9 v\u00e0 nhi\u1ec7t \u0111\u1ed9 kh\u00f4ng thay \u0111\u1ed5i, gi\u1eef cho h\u01b0\u01a1ng v\u1ecb c\u1ee7a x\u00ec g\u00e0 kh\u00f4ng thay \u0111\u1ed5i.<\/p>\n<p>M\u00e1y \u0111o \u0111\u1ed9 \u1ea9m gi\u00fap b\u1ea1n d\u1ec5 d\u00e0ng duy tr\u00ec \u0111\u1ed9 \u1ea9m t\u01b0\u01a1ng \u0111\u1ed1i l\u00fd t\u01b0\u1edfng 70%, v\u00ec v\u1eady x\u00ec g\u00e0 kh\u00f4ng b\u1ecb kh\u00f4 v\u00e0 gi\u1eef \u0111\u01b0\u1ee3c h\u01b0\u01a1ng v\u1ecb \u0111\u1ea7y \u0111\u1ee7 trong m\u1ed9t th\u1eddi gian d\u00e0i.<\/p>\n<figure id=\"attachment_66648\" aria-describedby=\"caption-attachment-66648\" style=\"width: 800px\" class=\"wp-caption alignnone\"><img loading=\"lazy\" decoding=\"async\" class=\"size-large wp-image-66648\" src=\"https:\/\/livinghome.vn\/thiet-bi\/wp-content\/uploads\/nha-bep\/klarstein\/tu-ruou\/tu-cigar-klarstein-kl-el-presidente-23l\/tu-cigar-klarstein-kl-el-presidente-23l-5-800x800.jpg\" alt=\"T\u1ee7 cigar Klarstein KL-EL PRESIDENT 23L\" width=\"800\" height=\"800\" title=\"\"><figcaption id=\"caption-attachment-66648\" class=\"wp-caption-text\">T\u1ee7 cigar Klarstein KL-EL PRESIDENT 23L<\/figcaption><\/figure>\n<div class=\"xw_product-section-extra\">\n<div class=\"entry-content\">\n<div class=\"Product_infoContent__3srJU\">\n<h3>Ki\u1ec3u d\u00e1ng hi\u1ec7n \u0111\u1ea1i sang tr\u1ecdng<\/h3>\n<p>T\u1ea1o phong c\u00e1ch Cuba \u1edf nh\u00e0 ho\u1eb7c trong qu\u00e1n bar, nh\u1edd m\u00e1y l\u00e0m \u1ea9m T\u1ee7 cigar Klarstein KL-EL PRESIDENT 23L c\u00e1c s\u1ea3n ph\u1ea9m thu\u1ed1c l\u00e1 \u0111\u1ec1 c\u00f3 th\u1ec3 \u0111\u01b0\u1ee3c l\u01b0u tr\u1eef m\u1ed9t c\u00e1ch an to\u00e0n v\u00e0 s\u00e0nh \u0111i\u1ec7u trong m\u1ed9t th\u1eddi gian d\u00e0i.<\/p>\n<\/div>\n<\/div>\n<\/div>\n<figure id=\"attachment_66651\" aria-describedby=\"caption-attachment-66651\" style=\"width: 800px\" class=\"wp-caption alignnone\"><img loading=\"lazy\" decoding=\"async\" class=\"size-large wp-image-66651\" src=\"https:\/\/livinghome.vn\/thiet-bi\/wp-content\/uploads\/nha-bep\/klarstein\/tu-ruou\/tu-cigar-klarstein-kl-el-presidente-23l\/tu-cigar-klarstein-kl-el-presidente-23l-1-800x800.jpg\" alt=\"T\u1ee7 cigar Klarstein KL-EL PRESIDENT 23L\" width=\"800\" height=\"800\" title=\"\"><figcaption id=\"caption-attachment-66651\" class=\"wp-caption-text\">T\u1ee7 cigar Klarstein KL-EL PRESIDENT 23L<\/figcaption><\/figure>\n<\/div>\n<\/div>\n<\/div>\n<p>&nbsp;<\/p>\n","protected":false},"excerpt":{"rendered":"<p>T\u1ee7 cigar Klarstein KL-EL PRESIDENT 23L dung t\u00edch l\u1edbn c\u00f3 s\u1ee9c ch\u1ee9a l\u00ean \u0111\u1ebfn 100-150 \u0111i\u1ebfu cigar \u0110\u1eb7c T\u00ednh N\u1ed5i B\u1eadt Qu\u00fd ph\u00e1i: m\u00e1y l\u00e0m \u1ea9m v\u1edbi c\u1eeda k\u00ednh hai l\u1edbp, m\u00e0u \u0111en v\u00e0 \u0111\u00e8n n\u1ed9i th\u1ea5t LED tr\u1eafng \u0110\u1ed9 \u1ea9m \u0111\u00e1ng tin c\u1eady: nh\u1edd b\u00e1t n\u01b0\u1edbc v\u00e0 \u1ea9m k\u1ebf, \u0111\u1ed9 \u1ea9m t\u01b0\u01a1ng \u0111\u1ed1i t\u1ed1i [&#8230;]\n","protected":false},"featured_media":1289,"comment_status":"open","ping_status":"closed","template":"","meta":[],"product_brand":[],"product_cat":[217,253],"product_tag":[218,254,255],"class_list":{"0":"post-1140","1":"product","2":"type-product","3":"status-publish","4":"has-post-thumbnail","6":"product_cat-thuong-hieu-klarstein","7":"product_cat-tu-cigar","8":"product_tag-klarstein","9":"product_tag-tu-cigar","10":"product_tag-tu-cigar-klarstein","12":"first","13":"instock","14":"sale","15":"shipping-taxable","16":"purchasable","17":"product-type-simple"},"_links":{"self":[{"href":"https:\/\/livinghome.vn\/thiet-bi\/wp-json\/wp\/v2\/product\/1140","targetHints":{"allow":["GET"]}}],"collection":[{"href":"https:\/\/livinghome.vn\/thiet-bi\/wp-json\/wp\/v2\/product"}],"about":[{"href":"https:\/\/livinghome.vn\/thiet-bi\/wp-json\/wp\/v2\/types\/product"}],"replies":[{"embeddable":true,"href":"https:\/\/livinghome.vn\/thiet-bi\/wp-json\/wp\/v2\/comments?post=1140"}],"wp:featuredmedia":[{"embeddable":true,"href":"https:\/\/livinghome.vn\/thiet-bi\/wp-json\/wp\/v2\/media\/1289"}],"wp:attachment":[{"href":"https:\/\/livinghome.vn\/thiet-bi\/wp-json\/wp\/v2\/media?parent=1140"}],"wp:term":[{"taxonomy":"product_brand","embeddable":true,"href":"https:\/\/livinghome.vn\/thiet-bi\/wp-json\/wp\/v2\/product_brand?post=1140"},{"taxonomy":"product_cat","embeddable":true,"href":"https:\/\/livinghome.vn\/thiet-bi\/wp-json\/wp\/v2\/product_cat?post=1140"},{"taxonomy":"product_tag","embeddable":true,"href":"https:\/\/livinghome.vn\/thiet-bi\/wp-json\/wp\/v2\/product_tag?post=1140"}],"curies":[{"name":"wp","href":"https:\/\/api.w.org\/{rel}","templated":true}]}}