{"id":1121,"date":"2023-01-12T13:18:58","date_gmt":"2023-01-12T13:18:58","guid":{"rendered":"https:\/\/livinghome.vn\/thiet-bi\/?post_type=product&#038;p=1121"},"modified":"2024-11-29T14:20:46","modified_gmt":"2024-11-29T07:20:46","slug":"may-tron-thuc-pham-klarstein-kl-bella-pico-2g-thiet-ke-nho-gon-voi-dung-tich-5-lit","status":"publish","type":"product","link":"https:\/\/livinghome.vn\/thiet-bi\/may-tron-thuc-pham-klarstein-kl-bella-pico-2g-thiet-ke-nho-gon-voi-dung-tich-5-lit\/","title":{"rendered":"M\u00e1y tr\u1ed9n th\u1ef1c ph\u1ea9m Klarstein KL-BELLA PICO 2G thi\u1ebft k\u1ebf nh\u1ecf g\u1ecdn v\u1edbi dung t\u00edch 5 L\u00edt"},"content":{"rendered":"<h2>M\u00e1y tr\u1ed9n th\u1ef1c ph\u1ea9m Klarstein KL-BELLA PICO 2G b\u1eb1ng th\u00e9p kh\u00f4ng g\u1ec9 ph\u1ee7 s\u01a1n m\u00e0u \u0111\u1ecf v\u1edbi 6 m\u1ee9c c\u00f4ng su\u1ea5t<\/h2>\n<figure id=\"attachment_66546\" aria-describedby=\"caption-attachment-66546\" style=\"width: 800px\" class=\"wp-caption alignnone\"><img loading=\"lazy\" decoding=\"async\" class=\"size-large wp-image-66546\" src=\"https:\/\/livinghome.vn\/thiet-bi\/wp-content\/uploads\/nha-bep\/klarstein\/may-tron-thuc-pham\/may-tron-thuc-pham-klarstein-kl-bella-pico-2g\/may-tron-thuc-pham-klarstein-kl-bella-pico-2g-800x800.jpg\" alt=\"M\u00e1y tr\u1ed9n th\u1ef1c ph\u1ea9m Klarstein KL-BELLA PICO 2G\" width=\"800\" height=\"800\" title=\"\"><figcaption id=\"caption-attachment-66546\" class=\"wp-caption-text\">M\u00e1y tr\u1ed9n th\u1ef1c ph\u1ea9m Klarstein KL-BELLA PICO 2G<\/figcaption><\/figure>\n<h3>K\u00edch th\u01b0\u1edbc<\/h3>\n<div class=\"entry-content\">\n<ul>\n<li>K\u00edch th\u01b0\u1edbc: x\u1ea5p x\u1ec9 22,5 x 32,5 x 38 cm (WxHxD).<\/li>\n<li>Tr\u1ecdng l\u01b0\u1ee3ng: kho\u1ea3ng 3,7 kg.<\/li>\n<li>Ngu\u1ed3n \u0111i\u1ec7n: 220-240 V ~ |\u00a050\/60 Hz.<\/li>\n<\/ul>\n<h3>Ti\u1ebft ki\u1ec7m kh\u00f4ng gian<\/h3>\n<p><a href=\"https:\/\/livinghome.vn\/thiet-bi\/gia-dung-khac\/\">M\u00e1y tr\u1ed9n th\u1ef1c ph\u1ea9m Klarstein KL-BELLA PICO 2G<\/a> mang \u0111\u1ebfn m\u1ed9t s\u1ea3n ph\u1ea9m ho\u00e0n to\u00e0n m\u1edbi trong c\u00e1c s\u1ea3n ph\u1ea9m nh\u1ecf g\u1ecdn v\u1edbi ch\u1ea5t l\u01b0\u1ee3ng cao th\u00f4ng th\u01b0\u1eddng, v\u1eadn h\u00e0nh \u0111\u01a1n gi\u1ea3n v\u00e0 thi\u1ebft k\u1ebf ti\u1ebft ki\u1ec7m kh\u00f4ng gian.<\/p>\n<figure id=\"attachment_66548\" aria-describedby=\"caption-attachment-66548\" style=\"width: 800px\" class=\"wp-caption alignnone\"><img loading=\"lazy\" decoding=\"async\" class=\"size-large wp-image-66548\" src=\"https:\/\/livinghome.vn\/thiet-bi\/wp-content\/uploads\/nha-bep\/klarstein\/may-tron-thuc-pham\/may-tron-thuc-pham-klarstein-kl-bella-pico-2g\/may-tron-thuc-pham-klarstein-kl-bella-pico-2g-1-800x800.jpg\" alt=\"M\u00e1y tr\u1ed9n th\u1ef1c ph\u1ea9m Klarstein KL-BELLA PICO 2G\" width=\"800\" height=\"800\" title=\"\"><figcaption id=\"caption-attachment-66548\" class=\"wp-caption-text\">M\u00e1y tr\u1ed9n th\u1ef1c ph\u1ea9m Klarstein KL-BELLA PICO 2G<\/figcaption><\/figure>\n<h3>Dung t\u00edch 5L v\u1edbi \u0111\u1ed9ng c\u01a1 m\u1ea1nh m\u1ebd<\/h3>\n<p>M\u00e1y tr\u1ed9n th\u1ef1c ph\u1ea9m Klarstein KL-BELLA PICO 2G bao g\u1ed3m m\u1ed9t b\u00e1t tr\u1ed9n v\u1edbi dung t\u00edch 5 l\u00edt v\u00e0 m\u1ed9t \u0111\u1ed9ng c\u01a1 v\u00f4 c\u00f9ng m\u1ea1nh m\u1ebd. 6 m\u1ee9c t\u1ed1c \u0111\u1ed9 v\u00e0 ch\u1ee9c n\u0103ng xung \u0111i\u1ec1u ch\u1ec9nh ch\u00fang ho\u00e0n h\u1ea3o theo m\u1ecdi y\u00eau c\u1ea7u c\u1ee7a c\u00e1c m\u00f3n n\u01b0\u1edbng. Ph\u1ee5 ki\u1ec7n \u0111i k\u00e8m theo m\u00e1y bao g\u1ed3m m\u00f3c nh\u00e0o v\u00e0 m\u00f3c khu\u1ea5y \u0111\u01b0\u1ee3c l\u00e0m b\u1eb1ng nh\u00f4m \u0111\u00fac ch\u1ea5t l\u01b0\u1ee3ng cao v\u00e0 que \u0111\u00e1nh tr\u1ee9ng l\u00e0m b\u1eb1ng th\u00e9p kh\u00f4ng g\u1ec9. V\u1edbi v\u1ecf ngo\u00e0i nh\u1ecf g\u1ecdn, trang nh\u00e3, M\u00e1y tr\u1ed9n th\u1ef1c ph\u1ea9m Klarstein KL-BELLA PICO 2G kh\u00f4ng chi\u1ebfm qu\u00e1 nhi\u1ec1u di\u1ec7n t\u00edch nh\u01b0ng l\u1ea1i l\u00e0 m\u1ed9t \u0111i\u1ec3m nh\u1ea5n trong khu b\u1ebfp nh\u00e0 m\u00ecnh.<\/p>\n<figure id=\"attachment_66547\" aria-describedby=\"caption-attachment-66547\" style=\"width: 800px\" class=\"wp-caption alignnone\"><img loading=\"lazy\" decoding=\"async\" class=\"size-large wp-image-66547\" src=\"https:\/\/livinghome.vn\/thiet-bi\/wp-content\/uploads\/nha-bep\/klarstein\/may-tron-thuc-pham\/may-tron-thuc-pham-klarstein-kl-bella-pico-2g\/may-tron-thuc-pham-klarstein-kl-bella-pico-2g-3-800x800.jpg\" alt=\"M\u00e1y tr\u1ed9n th\u1ef1c ph\u1ea9m Klarstein KL-BELLA PICO 2G\" width=\"800\" height=\"800\" title=\"\"><figcaption id=\"caption-attachment-66547\" class=\"wp-caption-text\">M\u00e1y tr\u1ed9n th\u1ef1c ph\u1ea9m Klarstein KL-BELLA PICO 2G<\/figcaption><\/figure>\n<h3>Ch\u1ea5t li\u1ec7u b\u1ec1n b\u0129 cao c\u1ea5p<\/h3>\n<p>B\u00e1t tr\u1ed9n l\u00e0m b\u1eb1ng th\u00e9p kh\u00f4ng g\u1ec9 ch\u1eafc ch\u1eafn.<\/p>\n<p>M\u00f3c khu\u1ea5y b\u1eb1ng nh\u00f4m \u0111\u00fac \u2013 khu\u1ea5y \u0111\u1ec1u kh\u1ed1i l\u01b0\u1ee3ng l\u1edbn b\u1ed9t.<\/p>\n<p>M\u00f3c b\u1ed9t b\u1eb1ng nh\u00f4m \u0111\u00fac \u2013 d\u00f9ng cho b\u1ed9t n\u1eb7ng, ch\u1eb3ng h\u1ea1n nh\u01b0 b\u1ed9t men ho\u1eb7c b\u1ed9t b\u00e1nh m\u00ec.<\/p>\n<p>M\u00e1y \u0111\u00e1nh tr\u1ee9ng b\u1eb1ng th\u00e9p kh\u00f4ng g\u1ec9 cho c\u00e1c kh\u1ed1i kh\u00ed nh\u01b0 l\u00f2ng tr\u1eafng tr\u1ee9ng ho\u1eb7c b\u1ed9t b\u00e1nh quy.<\/p>\n<p>C\u01a1 ch\u1ebf m\u1edf kh\u00f3a cho c\u00e1nh tay \u0111a n\u0103ng \u2013 c\u00f3 th\u1ec3 g\u1ea5p l\u1ea1i \u0111\u1ec3 d\u1ec5 d\u00e0ng g\u1eafn v\u00e0 x\u1eed l\u00fd b\u00e1t.<\/p>\n<p>B\u1ea3o v\u1ec7 ch\u1ed1ng tia n\u01b0\u1edbc v\u1edbi l\u1ed7 n\u1ea1p th\u1ef1c t\u1ebf \u0111\u1ec3 l\u00e0m vi\u1ec7c s\u1ea1ch s\u1ebd.<\/p>\n<p>Ch\u1ee9c n\u0103ng xung cho c\u00e1c xung khu\u1ea5y ng\u1eafn.<\/p>\n<p>Thi\u1ebft b\u1ecb \u0111\u1eb7c bi\u1ec7t.<\/p>\n<p>ch\u00e2n \u0111\u1ebf an to\u00e0n nh\u1edd 4 ch\u00e2n h\u00fat.<\/p>\n<p>Ch\u1ea5t li\u1ec7u: nh\u1ef1a ABS.<\/p>\n<figure id=\"attachment_66545\" aria-describedby=\"caption-attachment-66545\" style=\"width: 800px\" class=\"wp-caption alignnone\"><img loading=\"lazy\" decoding=\"async\" class=\"size-large wp-image-66545\" src=\"https:\/\/livinghome.vn\/thiet-bi\/wp-content\/uploads\/nha-bep\/klarstein\/may-tron-thuc-pham\/may-tron-thuc-pham-klarstein-kl-bella-pico-2g\/may-tron-thuc-pham-klarstein-kl-bella-pico-2g-2-800x800.jpg\" alt=\"M\u00e1y tr\u1ed9n th\u1ef1c ph\u1ea9m Klarstein KL-BELLA PICO 2G\" width=\"800\" height=\"800\" title=\"\"><figcaption id=\"caption-attachment-66545\" class=\"wp-caption-text\">M\u00e1y tr\u1ed9n th\u1ef1c ph\u1ea9m Klarstein KL-BELLA PICO 2G<\/figcaption><\/figure>\n<\/div>\n","protected":false},"excerpt":{"rendered":"<p>M\u00e1y tr\u1ed9n th\u1ef1c ph\u1ea9m Klarstein KL-BELLA PICO 2G b\u1eb1ng th\u00e9p kh\u00f4ng g\u1ec9 ph\u1ee7 s\u01a1n m\u00e0u \u0111\u1ecf v\u1edbi 6 m\u1ee9c c\u00f4ng su\u1ea5t K\u00edch th\u01b0\u1edbc K\u00edch th\u01b0\u1edbc: x\u1ea5p x\u1ec9 22,5 x 32,5 x 38 cm (WxHxD). Tr\u1ecdng l\u01b0\u1ee3ng: kho\u1ea3ng 3,7 kg. Ngu\u1ed3n \u0111i\u1ec7n: 220-240 V ~ |\u00a050\/60 Hz. Ti\u1ebft ki\u1ec7m kh\u00f4ng gian M\u00e1y tr\u1ed9n th\u1ef1c ph\u1ea9m Klarstein [&#8230;]\n","protected":false},"featured_media":1275,"comment_status":"open","ping_status":"closed","template":"","meta":[],"product_brand":[],"product_cat":[101,217],"product_tag":[218,250,247,248,249],"class_list":{"0":"post-1121","1":"product","2":"type-product","3":"status-publish","4":"has-post-thumbnail","6":"product_cat-gia-dung-khac","7":"product_cat-thuong-hieu-klarstein","8":"product_tag-klarstein","9":"product_tag-may-danh-trung","10":"product_tag-may-tron-bot","11":"product_tag-may-tron-thuc-pham","12":"product_tag-may-tron-thuc-pham-klarstein","14":"first","15":"instock","16":"sale","17":"shipping-taxable","18":"purchasable","19":"product-type-simple"},"_links":{"self":[{"href":"https:\/\/livinghome.vn\/thiet-bi\/wp-json\/wp\/v2\/product\/1121","targetHints":{"allow":["GET"]}}],"collection":[{"href":"https:\/\/livinghome.vn\/thiet-bi\/wp-json\/wp\/v2\/product"}],"about":[{"href":"https:\/\/livinghome.vn\/thiet-bi\/wp-json\/wp\/v2\/types\/product"}],"replies":[{"embeddable":true,"href":"https:\/\/livinghome.vn\/thiet-bi\/wp-json\/wp\/v2\/comments?post=1121"}],"wp:featuredmedia":[{"embeddable":true,"href":"https:\/\/livinghome.vn\/thiet-bi\/wp-json\/wp\/v2\/media\/1275"}],"wp:attachment":[{"href":"https:\/\/livinghome.vn\/thiet-bi\/wp-json\/wp\/v2\/media?parent=1121"}],"wp:term":[{"taxonomy":"product_brand","embeddable":true,"href":"https:\/\/livinghome.vn\/thiet-bi\/wp-json\/wp\/v2\/product_brand?post=1121"},{"taxonomy":"product_cat","embeddable":true,"href":"https:\/\/livinghome.vn\/thiet-bi\/wp-json\/wp\/v2\/product_cat?post=1121"},{"taxonomy":"product_tag","embeddable":true,"href":"https:\/\/livinghome.vn\/thiet-bi\/wp-json\/wp\/v2\/product_tag?post=1121"}],"curies":[{"name":"wp","href":"https:\/\/api.w.org\/{rel}","templated":true}]}}