{"id":1103,"date":"2023-01-12T13:18:57","date_gmt":"2023-01-12T13:18:57","guid":{"rendered":"https:\/\/livinghome.vn\/thiet-bi\/?post_type=product&#038;p=1103"},"modified":"2024-11-29T14:20:47","modified_gmt":"2024-11-29T07:20:47","slug":"may-rua-chen-mini-klarstein-kl-amazonia-dung-tich-4-bo-06-chuong-trinh-rua","status":"publish","type":"product","link":"https:\/\/livinghome.vn\/thiet-bi\/may-rua-chen-mini-klarstein-kl-amazonia-dung-tich-4-bo-06-chuong-trinh-rua\/","title":{"rendered":"M\u00e1y r\u1eeda ch\u00e9n Mini Klarstein KL-AMAZONIA dung t\u00edch 4 b\u1ed9 &#8211; 06 ch\u01b0\u01a1ng tr\u00ecnh r\u1eeda"},"content":{"rendered":"<h2>M\u00e1y r\u1eeda ch\u00e9n Mini Klarstein KL-AMAZONIA thi\u1ebft k\u1ebf m\u00e0u b\u1ea1c \u0111i\u1ec1u khi\u1ec3n b\u1eb1ng m\u00e0n h\u00ecnh Led c\u1ea3m \u1ee9ng hi\u1ec7n \u0111\u1ea1i<\/h2>\n<figure id=\"attachment_66533\" aria-describedby=\"caption-attachment-66533\" style=\"width: 800px\" class=\"wp-caption alignnone\"><img loading=\"lazy\" decoding=\"async\" class=\"size-large wp-image-66533\" src=\"https:\/\/livinghome.vn\/thiet-bi\/wp-content\/uploads\/nha-bep\/klarstein\/may-rua-chen\/may-rua-chen-klarstein-kl-amazonia-mini\/may-rua-chen-klarstein-kl-amazonia-mini-800x800.jpg\" alt=\"M\u00e1y r\u1eeda ch\u00e9n Mini Klarstein KL-AMAZONIA\" width=\"800\" height=\"800\" title=\"\"><figcaption id=\"caption-attachment-66533\" class=\"wp-caption-text\">M\u00e1y r\u1eeda ch\u00e9n Mini Klarstein KL-AMAZONIA<\/figcaption><\/figure>\n<h3>\u0110\u1eb7c T\u00ednh N\u1ed5i B\u1eadt<\/h3>\n<div class=\"entry-content\">\n<ul>\n<li>Lo\u1ea1i s\u1ea3n ph\u1ea9m: <a href=\"https:\/\/livinghome.vn\/thiet-bi\/may-rua-chen-bat\/\">m\u00e1y r\u1eeda ch\u00e9n mini<\/a><\/li>\n<li>C\u00f4ng su\u1ea5t: r\u1eeda \u0111\u01b0\u1ee3c 4 b\u1ed9 b\u00e1t \u0111\u0129a.<\/li>\n<li>6 ch\u01b0\u01a1ng tr\u00ecnh.<\/li>\n<li>Ti\u1ebfng b\u00edp khi b\u00ecnh n\u01b0\u1edbc \u0111\u1ea7y.<\/li>\n<li>Ngu\u1ed3n \u0111i\u1ec7n: 220-240V ~ | 50\/60 Hz.<\/li>\n<li>K\u00edch th\u01b0\u1edbc: x\u1ea5p x\u1ec9 42 x 44 x 44 cm (WxHxD).<\/li>\n<li>Chi\u1ec1u d\u00e0i c\u1ee7a c\u00e1p \u0111i\u1ec7n: kho\u1ea3ng 130 cm.<\/li>\n<li>C\u00e2n n\u1eb7ng: 17kg.<\/li>\n<\/ul>\n<h3>Thi\u1ebft k\u1ebf mini nh\u1ecf gon, ti\u1ec7n l\u1ee3i<\/h3>\n<\/div>\n<p>M\u00e1y r\u1eeda ch\u00e9n Mini Klarstein KL-AMAZONIA l\u00e0 m\u1ed9t trong nh\u1eefng d\u00f2ng s\u1ea3n ph\u1ea9m c\u1ee7a H\u00e3ng Klarstein, CHLB \u0110\u1ee9c. M\u00e1y r\u1eeda ch\u00e9n Mini Klarstein KL-AMAZONIAkh\u00f4ng y\u00eau c\u1ea7u c\u00e0i \u0111\u1eb7t, nh\u01b0ng c\u00f3 th\u1ec3 th\u1ef1c hi\u1ec7n c\u00f4ng vi\u1ec7c c\u1ee7a n\u00f3 h\u1ea7u nh\u01b0 \u1edf m\u1ecdi n\u01a1i: k\u1ebft n\u1ed1i ngu\u1ed3n \u0111i\u1ec7n, 5 l\u00edt n\u01b0\u1edbc l\u00e0 \u0111\u1ee7 \u0111\u1ec3 ho\u1ea1t \u0111\u1ed9ng. Khi kh\u00f4ng c\u1ea7n d\u00f9ng n\u1eefa c\u00f3 th\u1ec3 c\u1ea5t \u0111i nhanh ch\u00f3ng, d\u1ec5 d\u00e0ng \u0111\u1ec3 ti\u1ebft ki\u1ec7m di\u1ec7n t\u00edch t\u1ed1i \u0111a.<\/p>\n<figure id=\"attachment_66535\" aria-describedby=\"caption-attachment-66535\" style=\"width: 800px\" class=\"wp-caption alignnone\"><img loading=\"lazy\" decoding=\"async\" class=\"size-large wp-image-66535\" src=\"https:\/\/livinghome.vn\/thiet-bi\/wp-content\/uploads\/nha-bep\/klarstein\/may-rua-chen\/may-rua-chen-klarstein-kl-amazonia-mini\/may-rua-chen-klarstein-kl-amazonia-mini-1-800x800.jpg\" alt=\"M\u00e1y r\u1eeda ch\u00e9n Mini Klarstein KL-AMAZONIA\" width=\"800\" height=\"800\" title=\"\"><figcaption id=\"caption-attachment-66535\" class=\"wp-caption-text\">M\u00e1y r\u1eeda ch\u00e9n Mini Klarstein KL-AMAZONIA<\/figcaption><\/figure>\n<h3>M\u00e0n h\u00ecnh LED sang tr\u1ecdng, d\u1ec5 s\u1eed d\u1ee5ng<\/h3>\n<p>\u0110\u01b0\u1ee3c s\u1eed d\u1ee5ng \u1edf m\u1ecdi n\u01a1i v\u1edbi\u00a0nh\u1edd k\u00edch th\u01b0\u1edbc nh\u1ecf g\u1ecdn.\u00a0M\u00e0n h\u00ecnh LED gi\u00fap b\u1ea1n d\u1ec5 d\u00e0ng ch\u1ecdn gi\u1eefa s\u00e1u ch\u01b0\u01a1ng tr\u00ecnh. Ngo\u00e0i ch\u1ebf \u0111\u1ed9 sinh th\u00e1i ti\u1ebft ki\u1ec7m n\u0103ng l\u01b0\u1ee3ng v\u00e0 ch\u01b0\u01a1ng tr\u00ecnh m\u1ed9t gi\u1edd, c\u00f2n c\u00f3 c\u00e1c ch\u01b0\u01a1ng tr\u00ecnh th\u1ef1c t\u1ebf \u0111\u1ec3 r\u1eeda tr\u00e1i c\u00e2y, ti\u1ec7t tr\u00f9ng b\u00e1t \u0111\u0129a tr\u1ebb em, ly ho\u1eb7c th\u1eadm ch\u00ed l\u00e0 ch\u01b0\u01a1ng tr\u00ecnh nhanh h\u1eefu \u00edch. \u1ede ch\u1ee9c n\u0103ng m\u00e1y s\u1ea5y, s\u1ef1 l\u01b0u th\u00f4ng c\u1ee7a kh\u00f4ng kh\u00ed trong l\u00e0nh gi\u00fap lo\u1ea1i b\u1ecf m\u00f9i h\u00f4i, l\u00e0m kh\u00f4 b\u00e1t \u0111\u0129a v\u00e0 gi\u1eef cho ch\u00fang kh\u00f4ng c\u00f3 m\u00f9i trong 72 gi\u1edd.<\/p>\n<figure id=\"attachment_66534\" aria-describedby=\"caption-attachment-66534\" style=\"width: 800px\" class=\"wp-caption alignnone\"><img loading=\"lazy\" decoding=\"async\" class=\"size-large wp-image-66534\" src=\"https:\/\/livinghome.vn\/thiet-bi\/wp-content\/uploads\/nha-bep\/klarstein\/may-rua-chen\/may-rua-chen-klarstein-kl-amazonia-mini\/may-rua-chen-klarstein-kl-amazonia-mini-2-800x800.jpg\" alt=\"M\u00e1y r\u1eeda ch\u00e9n Mini Klarstein KL-AMAZONIA\" width=\"800\" height=\"800\" title=\"\"><figcaption id=\"caption-attachment-66534\" class=\"wp-caption-text\">M\u00e1y r\u1eeda ch\u00e9n Mini Klarstein KL-AMAZONIA<\/figcaption><\/figure>\n<p>V\u1edbi k\u00edch th\u01b0\u1edbc ti\u1ebft ki\u1ec7m kh\u00f4ng gian, M\u00e1y r\u1eeda ch\u00e9n Mini Klarstein KL-AMAZONIA\u00a0 \u0111\u1eb7c bi\u1ec7t th\u00edch h\u1ee3p cho c\u00e1c h\u1ed9 gia \u0111\u00ecnh l\u00e0m s\u1ea1ch b\u00e1t \u0111\u0129a, d\u1ee5ng c\u1ee5 n\u1ea5u n\u01b0\u1edbng cho m\u1ed9t b\u00e0n \u0103n ho\u1eb7c m\u1ed9t bu\u1ed5i giao l\u01b0u nh\u1eb9 nh\u00e0ng.<\/p>\n<h3>06 Ch\u01b0\u01a1ng tr\u00ecnh r\u1eeda si\u00eau s\u1ea1ch<\/h3>\n<p>V\u1edbi 6 ch\u01b0\u01a1ng tr\u00ecnh c\u00e0i \u0111\u1eb7t v\u00e0 n\u0103ng l\u01b0\u1ee3ng v\u1ec7 sinh l\u00ean \u0111\u1ebfn 1380 watt, hi\u1ec7u qu\u1ea3 n\u0103ng l\u01b0\u1ee3ng lo\u1ea1i A + n\u00ean M\u00e1y r\u1eeda ch\u00e9n Mini Klarstein KL-AMAZONIA\u00a0 l\u00e0 m\u1ed9t trong nh\u1eefng thi\u1ebft b\u1ecb nh\u00e0 b\u1ebfp kinh t\u1ebf nh\u1ea5t. T\u1eeb vi\u1ec7c r\u1eeda s\u1ea1ch \u0111\u1ebfn s\u1ea5y kh\u00f4 ho\u00e0n to\u00e0n cho b\u1ea1n b\u1ed9 \u0111\u1ed3 \u0103n ho\u00e0n h\u1ea3o, s\u1ea1ch s\u1ebd v\u00e0 c\u00f3 ngay khi c\u1ea7n.<\/p>\n<p>M\u00e1y r\u1eeda b\u00e1t Mini Klarstein KL-AMAZONIA\u00a0 \u0111\u01b0\u1ee3c thi\u1ebft k\u1ebf v\u1edbi ki\u1ec3u d\u00e1ng \u0111\u1eb9p, thanh l\u1ecbch n\u00ean khi nh\u00ecn v\u00e0o ch\u1eafc ch\u1eafn s\u1ebd r\u1ea5t thu h\u00fat ng\u01b0\u1eddi nh\u00ecn. B\u00ean c\u1ea1nh \u0111\u00f3, M\u00e1y r\u1eeda ch\u00e9n Mini Klarstein KL-AMAZONIA\u00a0 \u0111\u1ee9c c\u00f3 kh\u00f4ng gian r\u1ed9ng n\u00ean ch\u1ecb em c\u0169ng c\u00f3 th\u1ec3 ch\u1ee9a \u0111\u01b0\u1ee3c nhi\u1ec1u ch\u00e9n \u0111\u0129a. M\u1ed9t trong nh\u1eefng t\u00ednh n\u0103ng m\u00e0 s\u1ea3n ph\u1ea9m c\u00f3 \u0111\u01b0\u1ee3c ch\u00ednh l\u00e0 c\u00f3 h\u1ec7 th\u1ed1ng Teilzerlegbares l\u1ecdc n\u00ean c\u1ef1c k\u00ec s\u1ea1ch s\u1ebd lu\u00f4n.<\/p>\n<p>M\u00e1y r\u1eeda b\u00e1t\u00a0v\u1edbi 6 ch\u01b0\u01a1ng tr\u00ecnh lu\u00f4n \u0111\u01b0a ra s\u1ef1 l\u1ef1a ch\u1ecdn \u0111\u00fang \u0111\u1eafn cho c\u00e1c m\u1ee9c \u0111\u1ed9 v\u00e0 c\u00e1c lo\u1ea1i d\u1ee5ng c\u1ee5 l\u00e0m s\u1ea1ch kh\u00e1c nhau, l\u00e0m s\u1ea1ch t\u1eeb k\u00ednh b\u1ecb b\u1ea9n nh\u1eb9, c\u00e1c \u0111\u0129a c\u1ed1c, c\u00e1c d\u1ee5ng c\u1ee5 v\u00e0 dao k\u00e9o n\u1eb7ng b\u1ecb b\u00e1m b\u1ea9n d\u1ea7u m\u1ee1, l\u00fd t\u01b0\u1edfng cho c\u00e1c ch\u1ea5t \u0111\u1eb7c bi\u1ec7t b\u1ea9n \u0111\u00e3 b\u1ecb c\u00e1u l\u00e2u ng\u00e0y. Thi\u1ebft k\u1ebf ti\u1ebft ki\u1ec7m n\u0103ng l\u01b0\u1ee3ng v\u1edbi ti\u1ebfng \u1ed3n ho\u1ea1t \u0111\u1ed9ng th\u1ea5p (49dB).<\/p>\n<figure id=\"attachment_66532\" aria-describedby=\"caption-attachment-66532\" style=\"width: 800px\" class=\"wp-caption alignnone\"><img loading=\"lazy\" decoding=\"async\" class=\"size-large wp-image-66532\" src=\"https:\/\/livinghome.vn\/thiet-bi\/wp-content\/uploads\/nha-bep\/klarstein\/may-rua-chen\/may-rua-chen-klarstein-kl-amazonia-mini\/may-rua-chen-klarstein-kl-amazonia-mini-3-800x800.jpg\" alt=\"M\u00e1y r\u1eeda ch\u00e9n Mini Klarstein KL-AMAZONIA\" width=\"800\" height=\"800\" title=\"\"><figcaption id=\"caption-attachment-66532\" class=\"wp-caption-text\">M\u00e1y r\u1eeda ch\u00e9n Mini Klarstein KL-AMAZONIA<\/figcaption><\/figure>\n","protected":false},"excerpt":{"rendered":"<p>M\u00e1y r\u1eeda ch\u00e9n Mini Klarstein KL-AMAZONIA thi\u1ebft k\u1ebf m\u00e0u b\u1ea1c \u0111i\u1ec1u khi\u1ec3n b\u1eb1ng m\u00e0n h\u00ecnh Led c\u1ea3m \u1ee9ng hi\u1ec7n \u0111\u1ea1i \u0110\u1eb7c T\u00ednh N\u1ed5i B\u1eadt Lo\u1ea1i s\u1ea3n ph\u1ea9m: m\u00e1y r\u1eeda ch\u00e9n mini C\u00f4ng su\u1ea5t: r\u1eeda \u0111\u01b0\u1ee3c 4 b\u1ed9 b\u00e1t \u0111\u0129a. 6 ch\u01b0\u01a1ng tr\u00ecnh. Ti\u1ebfng b\u00edp khi b\u00ecnh n\u01b0\u1edbc \u0111\u1ea7y. Ngu\u1ed3n \u0111i\u1ec7n: 220-240V ~ | 50\/60 Hz. [&#8230;]\n","protected":false},"featured_media":1178,"comment_status":"open","ping_status":"closed","template":"","meta":[],"product_brand":[],"product_cat":[608,92,819,818,826,817,217],"product_tag":[218,93,236,237],"class_list":{"0":"post-1103","1":"product","2":"type-product","3":"status-publish","4":"has-post-thumbnail","6":"product_cat-may-rua-chen-bat-klarstein","7":"product_cat-may-rua-chen-bat","8":"product_cat-may-rua-chen-bat-6-bo","9":"product_cat-may-rua-chen-bat-de-ban","10":"product_cat-may-rua-chen-bat-doc-lap","11":"product_cat-may-rua-chen-bat-mini","12":"product_cat-thuong-hieu-klarstein","13":"product_tag-klarstein","14":"product_tag-may-rua-chen","15":"product_tag-may-rua-chen-klarstein","16":"product_tag-may-rua-chen-mini","18":"first","19":"instock","20":"sale","21":"shipping-taxable","22":"purchasable","23":"product-type-simple"},"_links":{"self":[{"href":"https:\/\/livinghome.vn\/thiet-bi\/wp-json\/wp\/v2\/product\/1103","targetHints":{"allow":["GET"]}}],"collection":[{"href":"https:\/\/livinghome.vn\/thiet-bi\/wp-json\/wp\/v2\/product"}],"about":[{"href":"https:\/\/livinghome.vn\/thiet-bi\/wp-json\/wp\/v2\/types\/product"}],"replies":[{"embeddable":true,"href":"https:\/\/livinghome.vn\/thiet-bi\/wp-json\/wp\/v2\/comments?post=1103"}],"wp:featuredmedia":[{"embeddable":true,"href":"https:\/\/livinghome.vn\/thiet-bi\/wp-json\/wp\/v2\/media\/1178"}],"wp:attachment":[{"href":"https:\/\/livinghome.vn\/thiet-bi\/wp-json\/wp\/v2\/media?parent=1103"}],"wp:term":[{"taxonomy":"product_brand","embeddable":true,"href":"https:\/\/livinghome.vn\/thiet-bi\/wp-json\/wp\/v2\/product_brand?post=1103"},{"taxonomy":"product_cat","embeddable":true,"href":"https:\/\/livinghome.vn\/thiet-bi\/wp-json\/wp\/v2\/product_cat?post=1103"},{"taxonomy":"product_tag","embeddable":true,"href":"https:\/\/livinghome.vn\/thiet-bi\/wp-json\/wp\/v2\/product_tag?post=1103"}],"curies":[{"name":"wp","href":"https:\/\/api.w.org\/{rel}","templated":true}]}}