{"id":1101,"date":"2023-01-12T13:18:57","date_gmt":"2023-01-12T13:18:57","guid":{"rendered":"https:\/\/livinghome.vn\/thiet-bi\/?post_type=product&#038;p=1101"},"modified":"2024-11-29T14:20:47","modified_gmt":"2024-11-29T07:20:47","slug":"may-ep-cham-klarstein-kl-400w-red-thiet-ke-vo-thep-khong-gi-mau-do-sieu-ben","status":"publish","type":"product","link":"https:\/\/livinghome.vn\/thiet-bi\/may-ep-cham-klarstein-kl-400w-red-thiet-ke-vo-thep-khong-gi-mau-do-sieu-ben\/","title":{"rendered":"M\u00e1y \u00e9p ch\u1eadm Klarstein KL-400W Red thi\u1ebft k\u1ebf v\u1ecf th\u00e9p kh\u00f4ng g\u1ec9 m\u00e0u \u0111\u1ecf si\u00eau b\u1ec1n"},"content":{"rendered":"<h2>M\u00e1y \u00e9p ch\u1eadm Klarstein KL-400W Red ki\u1ec3u d\u00e1ng nh\u1ecf g\u1ecdn 4,9Kg v\u1edbi n\u0103ng su\u1ea5t \u00e9p n\u01b0\u1edbc c\u1ef1c nhanh<\/h2>\n<figure id=\"attachment_66485\" aria-describedby=\"caption-attachment-66485\" style=\"width: 800px\" class=\"wp-caption alignnone\"><img loading=\"lazy\" decoding=\"async\" class=\"size-large wp-image-66485\" src=\"https:\/\/livinghome.vn\/thiet-bi\/wp-content\/uploads\/nha-bep\/klarstein\/may-ep-cham\/may-ep-cham-klarstein-kl-400w-red\/may-ep-cham-klarstein-kl-400w-red-800x800.jpg\" alt=\"M\u00e1y \u00e9p ch\u1eadm Klarstein KL-400W Red\" width=\"800\" height=\"800\" title=\"\"><figcaption id=\"caption-attachment-66485\" class=\"wp-caption-text\">M\u00e1y \u00e9p ch\u1eadm Klarstein KL-400W Red<\/figcaption><\/figure>\n<div class=\"xw_product-section-extra\">\n<h3>\u0110\u1eb7c T\u00ednh N\u1ed5i B\u1eadt<\/h3>\n<div class=\"entry-content\">\n<ul>\n<li>60 v\u00f2ng \/ ph\u00fat \u0111\u1ec3 \u00e9p nh\u1eb9 nh\u00e0ng v\u00e0 n\u0103ng su\u1ea5t n\u01b0\u1edbc \u00e9p cao.<\/li>\n<li>\u1ed0ng chi\u1ebft r\u00f3t \u0111\u1eb7c bi\u1ec7t r\u1ed9ng 8,5 cm: l\u00fd t\u01b0\u1edfng \u0111\u1ec3 d\u1ec5 d\u00e0ng \u0111\u1ed5 \u0111\u1ea7y c\u00e1c mi\u1ebfng tr\u00e1i c\u00e2y v\u00e0 rau qu\u1ea3 l\u1edbn ho\u1eb7c tr\u00e1i c\u00e2y nguy\u00ean tr\u00e1i.<\/li>\n<li>V\u1ecf th\u00e9p kh\u00f4ng g\u1ec9 thanh l\u1ecbch v\u1edbi c\u00e1c th\u00e0nh ph\u1ea7n nh\u1ef1a \u0111en.<\/li>\n<li>Bao g\u1ed3m hai th\u00f9ng ch\u1ee9a v\u1edbi dung t\u00edch m\u1ed7i th\u00f9ng l\u00e0 1000 ml.<\/li>\n<\/ul>\n<\/div>\n<\/div>\n<div class=\"xw_product-section-extra\">\n<h3>T\u00ednh n\u0103ng &amp; K\u00edch th\u01b0\u1edbc<\/h3>\n<div class=\"entry-content\">\n<div class=\"Product_infoContent__3srJU\">\n<ul>\n<li>Ngu\u1ed3n \u0111i\u1ec7n: AC, \u2013 Ngu\u1ed3n \u0111i\u1ec7n: AC 240V, 50Hz.<\/li>\n<li>M\u00e0u \u0111\u1ecf v\u00e0 b\u1ea1c.<\/li>\n<li>Thi\u1ebft b\u1ecb (kh\u00f4ng c\u00f3 \u1ed1ng ph\u1ee5): 16 x 31 x 21 (WxHxD).<\/li>\n<li>Thi\u1ebft b\u1ecb (v\u1edbi \u1ed1ng ph\u1ee5): 16 x 52 x 21 (WxHxD).<\/li>\n<li>Chi\u1ec1u d\u00e0i c\u00e1p: 1,15 cm<\/li>\n<li>Tr\u1ecdng l\u01b0\u1ee3ng: x\u1ea5p x\u1ec9 4,9 kg.<\/li>\n<li>Ti\u1ebfng \u1ed3n v\u1eadn h\u00e0nh th\u1ea5p v\u00e0 c\u1ef1c k\u1ef3 d\u1ec5 l\u00e0m s\u1ea1ch nh\u1edd c\u1eeda h\u00e0ng \u00e9p c\u00f3 th\u1ec3 th\u00e1o d\u1ee1.<\/li>\n<li>Ch\u00e2n h\u00fat cho gi\u00e1 \u0111\u1ee1 an to\u00e0n.<\/li>\n<li>Kim lo\u1ea1i th\u00e9p kh\u00f4ng g\u1ec9.<\/li>\n<\/ul>\n<p>V\u1edbi M\u00e1y \u00e9p ch\u1eadm Klarstein KL-400W Red, b\u1ea1n c\u00f3 th\u1ec3 t\u1eadn d\u1ee5ng t\u1ed1i \u0111a tr\u00e1i c\u00e2y v\u00e0 rau c\u1ee7 c\u1ee7a m\u00ecnh.<\/p>\n<p>Nh\u1edd t\u1ed1c \u0111\u1ed9 \u0111\u1eb7c bi\u1ec7t th\u1ea5p ch\u1ec9 60 v\u00f2ng\/ph\u00fat, tr\u00e1i c\u00e2y kh\u00f4ng b\u1ecb n\u00f3ng l\u00ean v\u00e0 kh\u00f4ng b\u1ecb m\u1ea5t vitamin. B\u1eb1ng c\u00e1ch n\u00e0y, t\u1ea5t c\u1ea3 c\u00e1c ch\u1ea5t quan tr\u1ecdng ch\u1ee9a trong \u0111\u00f3 v\u1eabn c\u00f2n nguy\u00ean v\u1eb9n \u0111\u1ec3 ph\u00e1t huy t\u00e1c d\u1ee5ng t\u00edch c\u1ef1c c\u1ee7a ch\u00fang \u0111\u1ed1i v\u1edbi c\u01a1 th\u1ec3. Nh\u1edd c\u00f4ng ngh\u1ec7 m\u1edbi nh\u1ea5t, s\u1ea3n l\u01b0\u1ee3ng n\u01b0\u1edbc tr\u00e1i c\u00e2y cao h\u01a1n nhi\u1ec1u so v\u1edbi l\u01b0\u1ee3ng trung b\u00ecnh thu \u0111\u01b0\u1ee3c b\u1eb1ng quy tr\u00ecnh \u00e9p th\u00f4ng th\u01b0\u1eddng.<\/p>\n<p>B\u1ed9 ph\u1eadn 400w ho\u1ea1t \u0111\u1ed9ng c\u1ef1c k\u1ef3 y\u00ean t\u0129nh v\u00e0 do \u0111\u00f3 kh\u00f4ng \u1ea3nh h\u01b0\u1edfng \u0111\u1ebfn vi\u1ec7c chu\u1ea9n b\u1ecb c\u00e1c lo\u1ea1i cocktail tr\u00e1i c\u00e2y t\u01b0\u01a1i, nh\u01b0ng \u0111\u1eb7c bi\u1ec7t m\u1ea1nh khi \u00e9p c\u00e1c mi\u1ebfng tr\u00e1i c\u00e2y v\u00e0 rau qu\u1ea3 l\u1edbn ho\u1eb7c c\u1ee9ng h\u01a1n. M\u00e1y \u00e9p ch\u1eadm Klarstein KL-400W Red c\u00f3 Ngo\u00e0i ra c\u00f2n c\u00f3 m\u1ed9t \u1ed1ng chi\u1ebft r\u00f3t c\u1ef1c r\u1ed9ng, \u0111\u01b0\u1eddng k\u00ednh 8,5 cm, c\u00f3 th\u1ec3 v\u1eeba v\u1eb7n c\u00e1c mi\u1ebfng l\u1edbn ho\u1eb7c th\u1eadm ch\u00ed c\u1ea3 tr\u00e1i c\u00e2y, \u0111\u1ec3 b\u1ea1n kh\u00f4ng ph\u1ea3i m\u1ea5t th\u1eddi gian c\u1eaft tr\u00e1i c\u00e2y v\u00e0 rau c\u1ee7.<\/p>\n<p>M\u00e1y \u00e9p tr\u00e1i c\u00e2y tr\u1ee5c v\u00edt h\u00fat m\u1ed9t ph\u1ea7n l\u1edbn s\u1ea3n ph\u1ea9m \u0111\u1ec3 t\u1ef1 \u00e9p. Trong tr\u01b0\u1eddng h\u1ee3p b\u00e3 tr\u00e1i c\u00e2y ho\u1eb7c rau l\u00e0m t\u1eafc ngh\u1ebdn m\u00e1y \u00e9p tr\u00e1i c\u00e2y ch\u1eadm , c\u00f3 th\u1ec3 s\u1eed d\u1ee5ng ch\u1ebf \u0111\u1ed9 quay ng\u01b0\u1ee3c \u0111\u1ec3 ch\u1ed1ng l\u1ea1i \u0111i\u1ec1u n\u00e0y. Micro c\u1ef1c t\u1ed1t \u0111\u1ea3m b\u1ea3o r\u1eb1ng ch\u1ec9 c\u00f3 n\u01b0\u1edbc tr\u00e1i c\u00e2y k\u1ebft th\u00fac trong ly \u2013 b\u1ea5t k\u1ef3 tr\u00e1i c\u00e2y c\u00f2n l\u1ea1i n\u00e0o \u0111\u01b0\u1ee3c chi\u1ebft xu\u1ea5t v\u00e0 ph\u1ee5c v\u1ee5 ri\u00eang.<\/p>\n<p>Ch\u00fang kh\u00f4ng nh\u1ea5t thi\u1ebft ph\u1ea3i \u0111\u01b0\u1ee3c th\u1ea3i b\u1ecf m\u00e0 c\u00f3 th\u1ec3 \u0111\u01b0\u1ee3c s\u1eed d\u1ee5ng cho m\u00f3n tr\u00e1ng mi\u1ec7ng, dinh d\u01b0\u1ee1ng n\u0103ng l\u01b0\u1ee3ng ho\u1eb7c l\u00e0m nguy\u00ean li\u1ec7u l\u00e0m b\u00e1nh.<\/p>\n<figure id=\"attachment_66487\" aria-describedby=\"caption-attachment-66487\" style=\"width: 800px\" class=\"wp-caption alignnone\"><img loading=\"lazy\" decoding=\"async\" class=\"size-large wp-image-66487\" src=\"https:\/\/livinghome.vn\/thiet-bi\/wp-content\/uploads\/nha-bep\/klarstein\/may-ep-cham\/may-ep-cham-klarstein-kl-400w-red\/may-ep-cham-klarstein-kl-400w-red-2-800x800.jpg\" alt=\"M\u00e1y \u00e9p ch\u1eadm Klarstein KL-400W Red\" width=\"800\" height=\"800\" title=\"\"><figcaption id=\"caption-attachment-66487\" class=\"wp-caption-text\">M\u00e1y \u00e9p ch\u1eadm Klarstein KL-400W Red<\/figcaption><\/figure>\n<p>V\u1ea5n \u0111\u1ec1 an to\u00e0n c\u0169ng r\u1ea5t quan tr\u1ecdng: \u0111\u1ed9ng c\u01a1 ch\u1ec9 kh\u1edfi \u0111\u1ed9ng khi \u0111\u01b0\u1ee3c l\u1eafp \u0111\u1eb7t k\u1ebft n\u1ed1i ngu\u1ed3n c\u1ea5p d\u1eef li\u1ec7u v\u00e0 kh\u00f3a an to\u00e0n \u0111\u01b0\u1ee3c c\u00e0i \u0111\u1eb7t. B\u1ed1n ch\u00e2n c\u1ed1c h\u00fat gi\u00fap m\u00e1y \u00e9p n\u01b0\u1edbc tr\u00e1i c\u00e2y \u0111\u1ee9ng v\u1eefng. Vi\u1ec7c v\u1ec7 sinh M\u00e1y \u00e9p ch\u1eadm Klarstein KL-400W Red ho\u00e0n to\u00e0n kh\u00f4ng ph\u1ee9c t\u1ea1p nh\u1edd c\u1ea5u tr\u00fac \u0111\u01b0\u1ee3c th\u00e1o d\u1ee1 m\u1ed9t ph\u1ea7n \u2013 v\u1edbi m\u00e1y \u00e9p c\u00f3 th\u1ec3 th\u00e1o d\u1ee1 ho\u00e0n to\u00e0n.<\/p>\n<p>M\u00e1y \u00e9p ch\u1eadm Klarstein KL-400W Red s\u1eed d\u1ee5ng m\u1ed9t ng\u00f4n ng\u1eef thi\u1ebft k\u1ebf \u0111\u1ed3ng nh\u1ea5t v\u00f2ng, nh\u00e2n v\u1eadt tao nh\u00e3 v\u00e0 hi\u1ec7n \u0111\u1ea1i trong \u0111\u00f3 \u0111\u01b0\u1ee3c nh\u1ea5n m\u1ea1nh b\u1edfi th\u00e9p kh\u00f4ng g\u1ec9 nh\u00e0 \u1edf v\u1edbi c\u00e1c th\u00e0nh ph\u1ea7n nh\u1ef1a m\u00e0u \u0111en. V\u1edbi k\u00edch th\u01b0\u1edbc nh\u1ecf g\u1ecdn ph\u00f9 h\u1ee3p v\u1edbi nh\u1eefng gian b\u1ebfp nh\u1ecf nh\u1ea5t, c\u00f3 n\u01a1i \u0111\u1ec3 \u0111\u1ed3 ph\u00f9 h\u1ee3p trong m\u1ecdi gian b\u1ebfp.<\/p>\n<figure id=\"attachment_66484\" aria-describedby=\"caption-attachment-66484\" style=\"width: 800px\" class=\"wp-caption alignnone\"><img loading=\"lazy\" decoding=\"async\" class=\"size-large wp-image-66484\" src=\"https:\/\/livinghome.vn\/thiet-bi\/wp-content\/uploads\/nha-bep\/klarstein\/may-ep-cham\/may-ep-cham-klarstein-kl-400w-red\/may-ep-cham-klarstein-kl-400w-red-3-800x800.jpg\" alt=\"M\u00e1y \u00e9p ch\u1eadm Klarstein KL-400W Red\" width=\"800\" height=\"800\" title=\"\"><figcaption id=\"caption-attachment-66484\" class=\"wp-caption-text\">M\u00e1y \u00e9p ch\u1eadm Klarstein KL-400W Red<\/figcaption><\/figure>\n<\/div>\n<\/div>\n<\/div>\n","protected":false},"excerpt":{"rendered":"<p>M\u00e1y \u00e9p ch\u1eadm Klarstein KL-400W Red ki\u1ec3u d\u00e1ng nh\u1ecf g\u1ecdn 4,9Kg v\u1edbi n\u0103ng su\u1ea5t \u00e9p n\u01b0\u1edbc c\u1ef1c nhanh \u0110\u1eb7c T\u00ednh N\u1ed5i B\u1eadt 60 v\u00f2ng \/ ph\u00fat \u0111\u1ec3 \u00e9p nh\u1eb9 nh\u00e0ng v\u00e0 n\u0103ng su\u1ea5t n\u01b0\u1edbc \u00e9p cao. \u1ed0ng chi\u1ebft r\u00f3t \u0111\u1eb7c bi\u1ec7t r\u1ed9ng 8,5 cm: l\u00fd t\u01b0\u1edfng \u0111\u1ec3 d\u1ec5 d\u00e0ng \u0111\u1ed5 \u0111\u1ea7y c\u00e1c mi\u1ebfng tr\u00e1i c\u00e2y [&#8230;]\n","protected":false},"featured_media":1164,"comment_status":"open","ping_status":"closed","template":"","meta":[],"product_brand":[],"product_cat":[101,217],"product_tag":[218,232,233,234],"class_list":{"0":"post-1101","1":"product","2":"type-product","3":"status-publish","4":"has-post-thumbnail","6":"product_cat-gia-dung-khac","7":"product_cat-thuong-hieu-klarstein","8":"product_tag-klarstein","9":"product_tag-may-ep","10":"product_tag-may-ep-cham","11":"product_tag-may-ep-cham-klarstein","13":"first","14":"instock","15":"sale","16":"shipping-taxable","17":"purchasable","18":"product-type-simple"},"_links":{"self":[{"href":"https:\/\/livinghome.vn\/thiet-bi\/wp-json\/wp\/v2\/product\/1101","targetHints":{"allow":["GET"]}}],"collection":[{"href":"https:\/\/livinghome.vn\/thiet-bi\/wp-json\/wp\/v2\/product"}],"about":[{"href":"https:\/\/livinghome.vn\/thiet-bi\/wp-json\/wp\/v2\/types\/product"}],"replies":[{"embeddable":true,"href":"https:\/\/livinghome.vn\/thiet-bi\/wp-json\/wp\/v2\/comments?post=1101"}],"wp:featuredmedia":[{"embeddable":true,"href":"https:\/\/livinghome.vn\/thiet-bi\/wp-json\/wp\/v2\/media\/1164"}],"wp:attachment":[{"href":"https:\/\/livinghome.vn\/thiet-bi\/wp-json\/wp\/v2\/media?parent=1101"}],"wp:term":[{"taxonomy":"product_brand","embeddable":true,"href":"https:\/\/livinghome.vn\/thiet-bi\/wp-json\/wp\/v2\/product_brand?post=1101"},{"taxonomy":"product_cat","embeddable":true,"href":"https:\/\/livinghome.vn\/thiet-bi\/wp-json\/wp\/v2\/product_cat?post=1101"},{"taxonomy":"product_tag","embeddable":true,"href":"https:\/\/livinghome.vn\/thiet-bi\/wp-json\/wp\/v2\/product_tag?post=1101"}],"curies":[{"name":"wp","href":"https:\/\/api.w.org\/{rel}","templated":true}]}}