{"id":1100,"date":"2023-01-12T13:18:57","date_gmt":"2023-01-12T13:18:57","guid":{"rendered":"https:\/\/livinghome.vn\/thiet-bi\/?post_type=product&#038;p=1100"},"modified":"2024-11-29T14:20:47","modified_gmt":"2024-11-29T07:20:47","slug":"noi-ap-suat-da-nang-klarstein-kl-48l-voi-15-chuong-trinh-nau-manh-me","status":"publish","type":"product","link":"https:\/\/livinghome.vn\/thiet-bi\/noi-ap-suat-da-nang-klarstein-kl-48l-voi-15-chuong-trinh-nau-manh-me\/","title":{"rendered":"N\u1ed3i \u00e1p su\u1ea5t \u0111a n\u0103ng Klarstein KL-48L v\u1edbi 15 ch\u01b0\u01a1ng tr\u00ecnh n\u1ea5u m\u1ea1nh m\u1ebd"},"content":{"rendered":"<h2>N\u1ed3i \u00e1p su\u1ea5t \u0111a n\u0103ng Klarstein KL-48L c\u00f3 c\u00f4ng su\u1ea5t m\u1ea1nh m\u1ebd 1000W v\u00e0 dung t\u00edch 4.8L<\/h2>\n<figure id=\"attachment_66562\" aria-describedby=\"caption-attachment-66562\" style=\"width: 800px\" class=\"wp-caption alignnone\"><img loading=\"lazy\" decoding=\"async\" class=\"size-large wp-image-66562\" src=\"https:\/\/livinghome.vn\/thiet-bi\/wp-content\/uploads\/nha-bep\/klarstein\/noi-ap-suat-da-nang\/noi-ap-suat-da-nang-klarstein-kl-48l\/noi-ap-suat-da-nang-klarstein-kl-48l-800x800.jpg\" alt=\"N\u1ed3i \u00e1p su\u1ea5t \u0111a n\u0103ng Klarstein KL-4.8L\" width=\"800\" height=\"800\" title=\"\"><figcaption id=\"caption-attachment-66562\" class=\"wp-caption-text\">N\u1ed3i \u00e1p su\u1ea5t \u0111a n\u0103ng Klarstein KL-48L<\/figcaption><\/figure>\n<h3>T\u00ednh n\u0103ng &amp; K\u00edch th\u01b0\u1edbc<\/h3>\n<div class=\"entry-content\">\n<div class=\"\" data-block=\"true\" data-editor=\"dv8u5\" data-offset-key=\"8j1nl-0-0\">\n<ul>\n<li data-offset-key=\"8j1nl-0-0\">Lo\u1ea1i s\u1ea3n ph\u1ea9m: <a href=\"https:\/\/livinghome.vn\/thiet-bi\/gia-dung-khac\/\">n\u1ed3i \u00e1p su\u1ea5t \u0111a n\u0103ng<\/a><\/li>\n<li class=\"_1mf _1mj\" data-offset-key=\"8j1nl-0-0\"><span data-offset-key=\"8j1nl-0-0\">K\u00edch th\u01b0\u1edbc g\u00f3i 40 x 34 x 34 cm.<\/span><\/li>\n<li class=\"_1mf _1mj\" data-offset-key=\"8j1nl-0-0\">Tr\u1ecdng l\u01b0\u1ee3ng s\u1ea3n ph\u1ea9m 7.18 kg.<\/li>\n<li class=\"_1mf _1mj\" data-offset-key=\"8j1nl-0-0\">Ngu\u1ed3n \u0111i\u1ec7n 220-240V ~ 50 \/ 60Hz.<\/li>\n<li class=\"_1mf _1mj\" data-offset-key=\"8j1nl-0-0\">C\u00f4ng su\u1ea5t 1000W.<\/li>\n<li class=\"_1mf _1mj\" data-offset-key=\"8j1nl-0-0\">Dung t\u00edch 4,8L.<\/li>\n<\/ul>\n<h3>Nhi\u1ec1u ch\u1ee9c n\u0103ng n\u1ea5u<\/h3>\n<p>N\u1ea5u nhanh, \u00e1p ch\u1ea3o v\u00e0 n\u1ea5u ch\u1eadm trong m\u1ed9t. B\u1ebfp t\u1eeb \u0111a ch\u1ee9c n\u0103ng Quick Cook c\u1ee7a Klarstein k\u1ebft h\u1ee3p nhi\u1ec1u ch\u1ee9c n\u0103ng n\u1ea5u \u0103n quan tr\u1ecdng trong m\u1ed9t thi\u1ebft b\u1ecb v\u00e0 g\u00e2y \u1ea5n t\u01b0\u1ee3ng v\u1edbi 15 ch\u01b0\u01a1ng tr\u00ecnh n\u1ea5u kh\u00e1c nhau.<\/p>\n<figure id=\"attachment_66567\" aria-describedby=\"caption-attachment-66567\" style=\"width: 800px\" class=\"wp-caption alignnone\"><img loading=\"lazy\" decoding=\"async\" class=\"size-large wp-image-66567\" src=\"https:\/\/livinghome.vn\/thiet-bi\/wp-content\/uploads\/nha-bep\/klarstein\/noi-ap-suat-da-nang\/noi-ap-suat-da-nang-klarstein-kl-48l\/noi-ap-suat-da-nang-klarstein-kl-48l-1-800x800.jpg\" alt=\"N\u1ed3i \u00e1p su\u1ea5t \u0111a n\u0103ng Klarstein KL-4.8L\" width=\"800\" height=\"800\" title=\"\"><figcaption id=\"caption-attachment-66567\" class=\"wp-caption-text\">N\u1ed3i \u00e1p su\u1ea5t \u0111a n\u0103ng Klarstein KL-48L<\/figcaption><\/figure>\n<h3>Hi\u1ec7u su\u1ea5t m\u1ea1nh m\u1ebd<\/h3>\n<p>V\u1edbi c\u00f4ng su\u1ea5t 1000 watt v\u00e0 th\u1ec3 t\u00edch 4,8 l\u00edt, n\u1ed3i \u00e1p su\u1ea5t \u0111i\u1ec7n c\u00f3 \u0111\u1ee7 c\u00f4ng su\u1ea5t v\u00e0 kh\u00f4ng gian \u0111\u1ec3 \u0111\u00e1p \u1ee9ng m\u1ecdi nhu c\u1ea7u th\u1ef1c ph\u1ea9m c\u1ee7a b\u1ea1n.<\/p>\n<figure id=\"attachment_66563\" aria-describedby=\"caption-attachment-66563\" style=\"width: 1020px\" class=\"wp-caption alignnone\"><img loading=\"lazy\" decoding=\"async\" class=\"size-large wp-image-66563\" src=\"https:\/\/livinghome.vn\/thiet-bi\/wp-content\/uploads\/nha-bep\/klarstein\/noi-ap-suat-da-nang\/noi-ap-suat-da-nang-klarstein-kl-48l\/noi-ap-suat-da-nang-klarstein-kl-48l-5-1067x800.jpg\" alt=\"N\u1ed3i \u00e1p su\u1ea5t \u0111a n\u0103ng Klarstein KL-4.8L\" width=\"1020\" height=\"765\" title=\"\"><figcaption id=\"caption-attachment-66563\" class=\"wp-caption-text\">N\u1ed3i \u00e1p su\u1ea5t \u0111a n\u0103ng Klarstein KL-48L<\/figcaption><\/figure>\n<h3>Linh ho\u1ea1t<\/h3>\n<p>Nh\u1edd th\u1eddi gian kh\u1edfi \u0111\u1ed9ng tr\u1ec5 c\u1ee7a n\u1ed3i \u00e1p su\u1ea5t \u0111i\u1ec7n l\u00ean \u0111\u1ebfn 24 gi\u1edd, b\u1ea1n c\u00f3 th\u1ec3 linh ho\u1ea1t vi\u1ec7c chu\u1ea9n b\u1ecb b\u1eefa \u0103n b\u1eb1ng n\u1ed3i \u0111a n\u0103ng ph\u00f9 h\u1ee3p v\u1edbi cu\u1ed9c s\u1ed1ng h\u00e0ng ng\u00e0y c\u1ee7a m\u00ecnh.<\/p>\n<figure id=\"attachment_66565\" aria-describedby=\"caption-attachment-66565\" style=\"width: 800px\" class=\"wp-caption alignnone\"><img loading=\"lazy\" decoding=\"async\" class=\"size-large wp-image-66565\" src=\"https:\/\/livinghome.vn\/thiet-bi\/wp-content\/uploads\/nha-bep\/klarstein\/noi-ap-suat-da-nang\/noi-ap-suat-da-nang-klarstein-kl-48l\/noi-ap-suat-da-nang-klarstein-kl-48l-7-800x800.jpg\" alt=\"N\u1ed3i \u00e1p su\u1ea5t \u0111a n\u0103ng Klarstein KL-4.8L\" width=\"800\" height=\"800\" title=\"\"><figcaption id=\"caption-attachment-66565\" class=\"wp-caption-text\">N\u1ed3i \u00e1p su\u1ea5t \u0111a n\u0103ng Klarstein KL-48L<\/figcaption><\/figure>\n<h3>Th\u1ef1c t\u1ebf<\/h3>\n<p>N\u1ed3i \u00e1p su\u1ea5t \u0111a n\u0103ng Klarstein KL-48L c\u00f3 l\u00f2ng n\u1ed3i b\u00ean trong c\u00f3 th\u1ec3 th\u00e1o r\u1eddi c\u1ee7a n\u1ed3i \u0111i\u1ec7n n\u1ea5u \u0103n \u0111\u1ec3 v\u1ec7 sinh th\u1ef1c t\u1ebf c\u0169ng nh\u01b0 thao t\u00e1c d\u1ec5 d\u00e0ng ch\u1ec9 v\u1edbi m\u1ed9t n\u00fam \u0111i\u1ec1u khi\u1ec3n l\u00e0m tr\u00f2n ph\u1ea1m vi tho\u1ea3i m\u00e1i c\u1ee7a n\u1ed3i \u00e1p su\u1ea5t t\u1eeb \u200b\u200bn\u1ed3i n\u1ea5u \u0111i\u1ec7n.<\/p>\n<figure id=\"attachment_66569\" aria-describedby=\"caption-attachment-66569\" style=\"width: 800px\" class=\"wp-caption alignnone\"><img loading=\"lazy\" decoding=\"async\" class=\"size-large wp-image-66569\" src=\"https:\/\/livinghome.vn\/thiet-bi\/wp-content\/uploads\/nha-bep\/klarstein\/noi-ap-suat-da-nang\/noi-ap-suat-da-nang-klarstein-kl-48l\/noi-ap-suat-da-nang-klarstein-kl-48l-3-800x800.jpg\" alt=\"N\u1ed3i \u00e1p su\u1ea5t \u0111a n\u0103ng Klarstein KL-4.8L\" width=\"800\" height=\"800\" title=\"\"><figcaption id=\"caption-attachment-66569\" class=\"wp-caption-text\">N\u1ed3i \u00e1p su\u1ea5t \u0111a n\u0103ng Klarstein KL-4.8L<\/figcaption><\/figure>\n<h3>Ch\u1ea5t l\u01b0\u1ee3ng<\/h3>\n<p>N\u0103m 2008, Klarstein b\u1eaft \u0111\u1ea7u l\u00e0m \u0111\u1ea3o l\u1ed9n th\u1ebf gi\u1edbi \u0111\u1ed3 gia d\u1ee5ng. Trong khi \u0111\u00f3, s\u1ef1 k\u1ebft h\u1ee3p c\u1ee7a c\u00e1c v\u1eadt li\u1ec7u ch\u1ea5t l\u01b0\u1ee3ng cao, thi\u1ebft k\u1ebf hi\u1ec7n \u0111\u1ea1i v\u00e0 m\u1ed9t \u1ee9ng d\u1ee5ng c\u1ed9ng \u0111\u1ed3ng t\u01b0\u01a1ng t\u00e1c \u0111\u00e3 truy\u1ec1n c\u1ea3m h\u1ee9ng cho nhi\u1ec1u \u0111\u1ea7u b\u1ebfp c\u00f3 s\u1edf th\u00edch.<\/p>\n<figure id=\"attachment_66564\" aria-describedby=\"caption-attachment-66564\" style=\"width: 800px\" class=\"wp-caption alignnone\"><img loading=\"lazy\" decoding=\"async\" class=\"size-large wp-image-66564\" src=\"https:\/\/livinghome.vn\/thiet-bi\/wp-content\/uploads\/nha-bep\/klarstein\/noi-ap-suat-da-nang\/noi-ap-suat-da-nang-klarstein-kl-48l\/noi-ap-suat-da-nang-klarstein-kl-48l-8-800x800.jpg\" alt=\"N\u1ed3i \u00e1p su\u1ea5t \u0111a n\u0103ng Klarstein KL-4.8L\" width=\"800\" height=\"800\" title=\"\"><figcaption id=\"caption-attachment-66564\" class=\"wp-caption-text\">N\u1ed3i \u00e1p su\u1ea5t \u0111a n\u0103ng Klarstein KL-4.8L<\/figcaption><\/figure>\n<\/div>\n<\/div>\n","protected":false},"excerpt":{"rendered":"<p>N\u1ed3i \u00e1p su\u1ea5t \u0111a n\u0103ng Klarstein KL-48L c\u00f3 c\u00f4ng su\u1ea5t m\u1ea1nh m\u1ebd 1000W v\u00e0 dung t\u00edch 4.8L T\u00ednh n\u0103ng &amp; K\u00edch th\u01b0\u1edbc Lo\u1ea1i s\u1ea3n ph\u1ea9m: n\u1ed3i \u00e1p su\u1ea5t \u0111a n\u0103ng K\u00edch th\u01b0\u1edbc g\u00f3i 40 x 34 x 34 cm. Tr\u1ecdng l\u01b0\u1ee3ng s\u1ea3n ph\u1ea9m 7.18 kg. Ngu\u1ed3n \u0111i\u1ec7n 220-240V ~ 50 \/ 60Hz. C\u00f4ng su\u1ea5t 1000W. [&#8230;]\n","protected":false},"featured_media":1153,"comment_status":"open","ping_status":"closed","template":"","meta":[],"product_brand":[],"product_cat":[101,217],"product_tag":[218,143,231],"class_list":{"0":"post-1100","1":"product","2":"type-product","3":"status-publish","4":"has-post-thumbnail","6":"product_cat-gia-dung-khac","7":"product_cat-thuong-hieu-klarstein","8":"product_tag-klarstein","9":"product_tag-noi-ap-suat","10":"product_tag-noi-ap-suat-klarstein","12":"first","13":"instock","14":"sale","15":"shipping-taxable","16":"purchasable","17":"product-type-simple"},"_links":{"self":[{"href":"https:\/\/livinghome.vn\/thiet-bi\/wp-json\/wp\/v2\/product\/1100","targetHints":{"allow":["GET"]}}],"collection":[{"href":"https:\/\/livinghome.vn\/thiet-bi\/wp-json\/wp\/v2\/product"}],"about":[{"href":"https:\/\/livinghome.vn\/thiet-bi\/wp-json\/wp\/v2\/types\/product"}],"replies":[{"embeddable":true,"href":"https:\/\/livinghome.vn\/thiet-bi\/wp-json\/wp\/v2\/comments?post=1100"}],"wp:featuredmedia":[{"embeddable":true,"href":"https:\/\/livinghome.vn\/thiet-bi\/wp-json\/wp\/v2\/media\/1153"}],"wp:attachment":[{"href":"https:\/\/livinghome.vn\/thiet-bi\/wp-json\/wp\/v2\/media?parent=1100"}],"wp:term":[{"taxonomy":"product_brand","embeddable":true,"href":"https:\/\/livinghome.vn\/thiet-bi\/wp-json\/wp\/v2\/product_brand?post=1100"},{"taxonomy":"product_cat","embeddable":true,"href":"https:\/\/livinghome.vn\/thiet-bi\/wp-json\/wp\/v2\/product_cat?post=1100"},{"taxonomy":"product_tag","embeddable":true,"href":"https:\/\/livinghome.vn\/thiet-bi\/wp-json\/wp\/v2\/product_tag?post=1100"}],"curies":[{"name":"wp","href":"https:\/\/api.w.org\/{rel}","templated":true}]}}