{"id":1099,"date":"2023-01-12T13:18:57","date_gmt":"2023-01-12T13:18:57","guid":{"rendered":"https:\/\/livinghome.vn\/thiet-bi\/?post_type=product&#038;p=1099"},"modified":"2024-11-29T14:20:47","modified_gmt":"2024-11-29T07:20:47","slug":"may-hut-chan-khong-klarstein-kl-foodlocker-thiet-ke-be-mat-thep-khong-gi","status":"publish","type":"product","link":"https:\/\/livinghome.vn\/thiet-bi\/may-hut-chan-khong-klarstein-kl-foodlocker-thiet-ke-be-mat-thep-khong-gi\/","title":{"rendered":"M\u00e1y h\u00fat ch\u00e2n kh\u00f4ng Klarstein KL-FOODLOCKER thi\u1ebft k\u1ebf b\u1ec1 m\u1eb7t th\u00e9p kh\u00f4ng g\u1ec9"},"content":{"rendered":"<h2>M\u00e1y h\u00fat ch\u00e2n kh\u00f4ng KLARSTEIN KL-FOODLOCKER gi\u1eef th\u1ef1c ph\u1ea9m t\u01b0\u01a1i s\u1ea1ch lo\u1ea1i b\u1ecf vi khu\u1ea9n \u0111\u1ed9c h\u1ea1i<\/h2>\n<figure id=\"attachment_66499\" aria-describedby=\"caption-attachment-66499\" style=\"width: 800px\" class=\"wp-caption alignnone\"><img loading=\"lazy\" decoding=\"async\" class=\"size-large wp-image-66499\" src=\"https:\/\/livinghome.vn\/thiet-bi\/wp-content\/uploads\/nha-bep\/klarstein\/may-hut-chan-khong\/may-hut-chan-khong-klarstein-kl-foodlocker-pro\/may-hut-chan-khong-klarstein-kl-foodlocker-pro-800x800.jpg\" alt=\"M\u00e1y h\u00fat ch\u00e2n kh\u00f4ng KLARSTEIN KL-FOODLOCKER\" width=\"800\" height=\"800\" title=\"\"><figcaption id=\"caption-attachment-66499\" class=\"wp-caption-text\">M\u00e1y h\u00fat ch\u00e2n kh\u00f4ng KLARSTEIN KL-FOODLOCKER<\/figcaption><\/figure>\n<h3>\u0110\u1eb7c T\u00ednh N\u1ed5i B\u1eadt<\/h3>\n<div class=\"entry-content\">\n<ul>\n<li>Lo\u1ea1i s\u1ea3n ph\u1ea9m: <a href=\"https:\/\/livinghome.vn\/thiet-bi\/gia-dung-khac\/\">m\u00e1y h\u00fat ch\u00e2n kh\u00f4ng<\/a><\/li>\n<li>\u00c1p su\u1ea5t \u00e2m t\u1ed1i \u0111a: x\u1ea5p x\u1ec9 -0,8 bar<\/li>\n<li>T\u1ed1c \u0111\u1ed9 h\u00fat: kho\u1ea3ng 12L \/ph\u00fat.<\/li>\n<li>\u0110\u01b0\u1eddng h\u00e0n r\u1ed9ng 3 mm.<\/li>\n<li>C\u00f4ng su\u1ea5t: 120W.<\/li>\n<li>G\u1ed3m 5 t\u00fai nh\u1ecf (30 x 21,5 cm) v\u00e0 5 t\u00fai ch\u00e2n kh\u00f4ng l\u1edbn (39,5 x 28 cm).<\/li>\n<li>Hai ch\u1ebf \u0111\u1ed9 c\u00f3 th\u1ec3 l\u1ef1a ch\u1ecdn: Ch\u1ebf \u0111\u1ed9 l\u00e2u h\u01a1n cho ch\u1ea5t l\u1ecfng v\u00e0 th\u1ef1c ph\u1ea9m \u1ea9m<\/li>\n<li>M\u00e1y h\u00e0n foil: \u0111\u01a1n gi\u1ea3n, \u0111\u01b0\u1eddng h\u00e0n 3 mm v\u1edbi chi\u1ec1u r\u1ed9ng l\u00ean \u0111\u1ebfn 30 cm<\/li>\n<li>C\u00f3 n\u00fat ng\u1eebng \u0111\u1ec3 th\u00f4i qu\u00e1 tr\u00ecnh h\u00fat s\u1ea3n ph\u1ea9m<\/li>\n<li>B\u1ec1 m\u1eb7t th\u00e9p kh\u00f4ng g\u1ec9.<\/li>\n<li>\u1ed4 c\u1eafm c\u00e1p \u1edf m\u1eb7t sau c\u1ee7a thi\u1ebft b\u1ecb.<\/li>\n<li>Ngu\u1ed3n \u0111i\u1ec7n: 220-240V, 50Hz.<\/li>\n<\/ul>\n<h3>\u0110\u1ea3m b\u1ea3o th\u1ef1c ph\u1ea9m t\u01b0\u01a1i s\u1ea1ch, kh\u00f4ng lo vi khu\u1ea9n<\/h3>\n<p>\u0110\u1ed1i v\u1edbi c\u00e1c chuy\u00ean gia nh\u00e0 b\u1ebfp , m\u00e1y h\u00fat ch\u00e2n kh\u00f4ng lu\u00f4n l\u00e0 1 thi\u1ebft b\u1ecb \u0111\u1ec3 chuy\u00ean l\u00e0m t\u01b0\u01a1i th\u1ef1c ph\u1ea9m. V\u1edbi m\u00e1y h\u00fat ch\u00e2n kh\u00f4ng Klarstein KL-Foodlocker Pro s\u1ebd \u0111\u00e1nh bay vi khu\u1ea9n v\u00e0 qu\u00e1 tr\u00ecnh \u00f4xy h\u00f3a. Nh\u1edd \u0111\u00f3, n\u00f3 mang l\u1ea1i th\u1eddi h\u1ea1n s\u1eed d\u1ee5ng th\u1ef1c ph\u1ea9m l\u00e2u h\u01a1n g\u1ea5p 8 l\u1ea7n, gi\u1eef nguy\u00ean h\u01b0\u01a1ng v\u1ecb v\u00e0 vitamin t\u01b0\u01a1i ngon.<\/p>\n<p>V\u1edbi thi\u1ebft b\u1ecb b\u1ecdc th\u1ef1c ph\u1ea9m Foodlocker Pro, Klarstein cung c\u1ea5p m\u1ed9t c\u00f4ng c\u1ee5 h\u1ed7 tr\u1ee3 nh\u00e0 b\u1ebfp thi\u1ebft th\u1ef1c cho nhi\u1ec1u th\u1ef1c ph\u1ea9m: \u01af\u1edbp th\u1ecbt nhanh h\u01a1n v\u00e0 hi\u1ec7u qu\u1ea3 h\u01a1n trong t\u00fai ch\u00e2n kh\u00f4ng. L\u00e0m \u0111\u00f4ng th\u1ef1c ph\u1ea9m \u0111\u1ec3 ti\u1ebft ki\u1ec7m kh\u00f4ng gian v\u00e0 b\u1ea3o v\u1ec7 th\u1ef1c ph\u1ea9m trong t\u1ee7 \u0111\u00f4ng.\u0110\u00f3ng g\u00f3i ch\u00e2n kh\u00f4ng l\u00e0 y\u00eau c\u1ea7u c\u01a1 b\u1ea3n \u0111\u1ec3 n\u1ea5u \u0103n b\u1eb1ng ph\u01b0\u01a1ng ph\u00e1p Sous Vide.<\/p>\n<\/div>\n<figure id=\"attachment_66498\" aria-describedby=\"caption-attachment-66498\" style=\"width: 800px\" class=\"wp-caption alignnone\"><img loading=\"lazy\" decoding=\"async\" class=\"size-large wp-image-66498\" src=\"https:\/\/livinghome.vn\/thiet-bi\/wp-content\/uploads\/nha-bep\/klarstein\/may-hut-chan-khong\/may-hut-chan-khong-klarstein-kl-foodlocker-pro\/may-hut-chan-khong-klarstein-kl-foodlocker-pro-2-800x800.jpg\" alt=\"M\u00e1y h\u00fat ch\u00e2n kh\u00f4ng KLARSTEIN KL-FOODLOCKER\" width=\"800\" height=\"800\" title=\"\"><figcaption id=\"caption-attachment-66498\" class=\"wp-caption-text\">M\u00e1y h\u00fat ch\u00e2n kh\u00f4ng KLARSTEIN KL-FOODLOCKER<\/figcaption><\/figure>\n<h3>Thi\u1ebft k\u1ebf nh\u1ecf g\u1ecdn b\u1eaft m\u1eaft<\/h3>\n<div class=\"entry-content\">\n<p>M\u00e1y h\u00fat ch\u00e2n kh\u00f4ng Klarstein KL-FOODLOCKER c\u00f3 thi\u1ebft k\u1ebf v\u00f4 c\u00f9ng nh\u1ecf g\u1ecdn \u0111\u1eb7t ra ti\u00eau chu\u1ea9n m\u1edbi trong vi\u1ec7c h\u00e0n k\u00edn kh\u00ed. V\u1edbi c\u00f4ng su\u1ea5t h\u00fat -0,8 bar ho\u1eb7c 12L\/ph\u00fat, c\u00e1c t\u00fai gi\u1ea5y b\u1ea1c r\u1ed9ng t\u1edbi 30 cm g\u1ea7n nh\u01b0 kh\u00f4ng \u0111\u1ec3 l\u1ecdt kh\u00f4ng kh\u00ed v\u00e0o b\u00ean trong v\u00e0 \u0111\u01b0\u1ee3c h\u00fat ngay l\u1eadp t\u1ee9c v\u00e0 ch\u1eafc ch\u1eafn \u1edf ch\u1ebf \u0111\u1ed9 t\u1ef1 \u0111\u1ed9ng.<\/p>\n<p>N\u1ebfu ph\u1ea3i \u0111\u00f3ng g\u00f3i c\u00e1c lo\u1ea1i th\u1ef1c ph\u1ea9m nh\u1ea1y c\u1ea3m v\u1edbi \u00e1p su\u1ea5t nh\u01b0 qu\u1ea3 m\u1ecdng, c\u00e1c lo\u1ea1i b\u00e1nh, qu\u00e1 tr\u00ecnh h\u00fat ch\u00e2n kh\u00f4ng c\u00f3 th\u1ec3 b\u1ecb gi\u00e1n \u0111o\u1ea1n v\u00e0 ti\u1ebfp t\u1ee5c l\u1ea1i b\u1eb1ng c\u00e1ch nh\u1ea5n m\u1ed9t n\u00fat. \u0110\u1ed1i v\u1edbi bao b\u00ec th\u1ef1c ph\u1ea9m \u1ea9m, c\u01b0\u1eddng \u0111\u1ed9 c\u1ee7a m\u00e1y h\u00fat c\u00f3 th\u1ec3 \u0111\u01b0\u1ee3c t\u0103ng l\u00ean, do \u0111\u00f3 \u0111\u1ea3m b\u1ea3o r\u1eb1ng \u0111\u01b0\u1eddng n\u1ed1i m\u00e0ng \u0111\u01b0\u1ee3c ch\u1eb7t ch\u1ebd tuy\u1ec7t \u0111\u1ed1i.<\/p>\n<\/div>\n<figure id=\"attachment_66497\" aria-describedby=\"caption-attachment-66497\" style=\"width: 800px\" class=\"wp-caption alignnone\"><img loading=\"lazy\" decoding=\"async\" class=\"size-large wp-image-66497\" src=\"https:\/\/livinghome.vn\/thiet-bi\/wp-content\/uploads\/nha-bep\/klarstein\/may-hut-chan-khong\/may-hut-chan-khong-klarstein-kl-foodlocker-pro\/may-hut-chan-khong-klarstein-kl-foodlocker-pro-1-800x800.jpg\" alt=\"M\u00e1y h\u00fat ch\u00e2n kh\u00f4ng KLARSTEIN KL-FOODLOCKER\" width=\"800\" height=\"800\" title=\"\"><figcaption id=\"caption-attachment-66497\" class=\"wp-caption-text\">M\u00e1y h\u00fat ch\u00e2n kh\u00f4ng KLARSTEIN KL-FOODLOCKER<\/figcaption><\/figure>\n<h3>Ch\u1ee9c n\u0103ng thu\u1eadn ti\u1ec7n, ph\u1ee5 ki\u1ec7n \u0111i k\u00e8m g\u1ed3m t\u00fai ch\u00e2n kh\u00f4ng<\/h3>\n<div class=\"entry-content\">\n<p>T\u1ea5t c\u1ea3 c\u00e1c ch\u1ee9c n\u0103ng \u0111\u1ec1u thu\u1eadn ti\u1ec7n v\u00e0 d\u1ec5 s\u1eed d\u1ee5ng th\u00f4ng qua b\u1ea3ng \u0111i\u1ec1u khi\u1ec3n c\u1ea3m \u1ee9ng tr\u00ean \u0111\u1ea7u m\u00e1y h\u00fat ch\u00e2n kh\u00f4ng Klarstein Foodlocker Pro ki\u1ec3m so\u00e1t. \u0110\u00e8n LED m\u00e0u xanh lam cho bi\u1ebft r\u00f5 quy tr\u00ecnh n\u00e0o hi\u1ec7n \u0111ang \u0111\u01b0\u1ee3c s\u1eed d\u1ee5ng.<\/p>\n<p>\u0110\u1ec3 b\u1eaft \u0111\u1ea7u nhanh ch\u00f3ng, m\u00e1y \u0111\u01b0\u1ee3c cung c\u1ea5p v\u1edbi 5 t\u00fai ch\u00e2n kh\u00f4ng l\u1edbn v\u00e0 5 t\u00fai ch\u00e2n kh\u00f4ng nh\u1ecf.<\/p>\n<p>V\u1ecf c\u1ee7a m\u00e1y h\u00fat ch\u00e2n kh\u00f4ng Klarstein KL-Foodlocker Pro g\u00e2y \u1ea5n t\u01b0\u1ee3ng v\u1edbi thi\u1ebft k\u1ebf c\u1ef1c k\u1ef3 nh\u1ecf g\u1ecdn nh\u01b0ng v\u1eabn trang nh\u00e3. \u0110i\u1ec1u n\u00e0y c\u00f3 ngh\u0129a l\u00e0 h\u1ea7u h\u1ebft m\u1ecdi nh\u00e0 b\u1ebfp \u0111\u1ec1u s\u1eed d\u1ee5ng \u0111\u01b0\u1ee3c v\u00e0 c\u00f3 th\u1ec3 d\u1ec5 d\u00e0ng c\u1ea5t \u0111i khi kh\u00f4ng s\u1eed d\u1ee5ng.<\/p>\n<p>B\u1ec1 m\u1eb7t b\u1eb1ng th\u00e9p kh\u00f4ng g\u1ec9 \u0111\u01b0\u1ee3c \u0111\u00e1nh b\u00f3ng c\u1ee7a n\u00f3 c\u0169ng t\u1ea1o \u0111i\u1ec3m nh\u1ea5n sang tr\u1ecdng trong c\u1ea3nh quan nh\u00e0 b\u1ebfp v\u00e0 d\u1ec5 d\u00e0ng k\u1ebft h\u1ee3p n\u00f3 v\u00e0o m\u00f4i tr\u01b0\u1eddng xung quanh c\u1ea3 hi\u1ec7n \u0111\u1ea1i v\u00e0 c\u1ed5 \u0111i\u1ec3n.<\/p>\n<figure id=\"attachment_66496\" aria-describedby=\"caption-attachment-66496\" style=\"width: 800px\" class=\"wp-caption alignnone\"><img loading=\"lazy\" decoding=\"async\" class=\"size-large wp-image-66496\" src=\"https:\/\/livinghome.vn\/thiet-bi\/wp-content\/uploads\/nha-bep\/klarstein\/may-hut-chan-khong\/may-hut-chan-khong-klarstein-kl-foodlocker-pro\/may-hut-chan-khong-klarstein-kl-foodlocker-pro-3-800x800.jpg\" alt=\"M\u00e1y h\u00fat ch\u00e2n kh\u00f4ng KLARSTEIN KL-FOODLOCKER\" width=\"800\" height=\"800\" title=\"\"><figcaption id=\"caption-attachment-66496\" class=\"wp-caption-text\">M\u00e1y h\u00fat ch\u00e2n kh\u00f4ng KLARSTEIN KL-FOODLOCKER<\/figcaption><\/figure>\n<\/div>\n","protected":false},"excerpt":{"rendered":"<p>M\u00e1y h\u00fat ch\u00e2n kh\u00f4ng KLARSTEIN KL-FOODLOCKER gi\u1eef th\u1ef1c ph\u1ea9m t\u01b0\u01a1i s\u1ea1ch lo\u1ea1i b\u1ecf vi khu\u1ea9n \u0111\u1ed9c h\u1ea1i \u0110\u1eb7c T\u00ednh N\u1ed5i B\u1eadt Lo\u1ea1i s\u1ea3n ph\u1ea9m: m\u00e1y h\u00fat ch\u00e2n kh\u00f4ng \u00c1p su\u1ea5t \u00e2m t\u1ed1i \u0111a: x\u1ea5p x\u1ec9 -0,8 bar T\u1ed1c \u0111\u1ed9 h\u00fat: kho\u1ea3ng 12L \/ph\u00fat. \u0110\u01b0\u1eddng h\u00e0n r\u1ed9ng 3 mm. C\u00f4ng su\u1ea5t: 120W. G\u1ed3m 5 t\u00fai nh\u1ecf [&#8230;]\n","protected":false},"featured_media":1149,"comment_status":"open","ping_status":"closed","template":"","meta":[],"product_brand":[],"product_cat":[101,217],"product_tag":[218,229,230],"class_list":{"0":"post-1099","1":"product","2":"type-product","3":"status-publish","4":"has-post-thumbnail","6":"product_cat-gia-dung-khac","7":"product_cat-thuong-hieu-klarstein","8":"product_tag-klarstein","9":"product_tag-may-hut-chan-khong","10":"product_tag-may-hut-chan-khong-klarstein","12":"first","13":"instock","14":"sale","15":"shipping-taxable","16":"purchasable","17":"product-type-simple"},"_links":{"self":[{"href":"https:\/\/livinghome.vn\/thiet-bi\/wp-json\/wp\/v2\/product\/1099","targetHints":{"allow":["GET"]}}],"collection":[{"href":"https:\/\/livinghome.vn\/thiet-bi\/wp-json\/wp\/v2\/product"}],"about":[{"href":"https:\/\/livinghome.vn\/thiet-bi\/wp-json\/wp\/v2\/types\/product"}],"replies":[{"embeddable":true,"href":"https:\/\/livinghome.vn\/thiet-bi\/wp-json\/wp\/v2\/comments?post=1099"}],"wp:featuredmedia":[{"embeddable":true,"href":"https:\/\/livinghome.vn\/thiet-bi\/wp-json\/wp\/v2\/media\/1149"}],"wp:attachment":[{"href":"https:\/\/livinghome.vn\/thiet-bi\/wp-json\/wp\/v2\/media?parent=1099"}],"wp:term":[{"taxonomy":"product_brand","embeddable":true,"href":"https:\/\/livinghome.vn\/thiet-bi\/wp-json\/wp\/v2\/product_brand?post=1099"},{"taxonomy":"product_cat","embeddable":true,"href":"https:\/\/livinghome.vn\/thiet-bi\/wp-json\/wp\/v2\/product_cat?post=1099"},{"taxonomy":"product_tag","embeddable":true,"href":"https:\/\/livinghome.vn\/thiet-bi\/wp-json\/wp\/v2\/product_tag?post=1099"}],"curies":[{"name":"wp","href":"https:\/\/api.w.org\/{rel}","templated":true}]}}