{"id":1097,"date":"2023-01-12T13:18:56","date_gmt":"2023-01-12T13:18:56","guid":{"rendered":"https:\/\/livinghome.vn\/thiet-bi\/?post_type=product&#038;p=1097"},"modified":"2024-11-29T14:20:47","modified_gmt":"2024-11-29T07:20:47","slug":"chan-suoi-dien-klarstein-kl-drwatson-chat-lieu-mem-mai-suoi-am-cuc-tot","status":"publish","type":"product","link":"https:\/\/livinghome.vn\/thiet-bi\/chan-suoi-dien-klarstein-kl-drwatson-chat-lieu-mem-mai-suoi-am-cuc-tot\/","title":{"rendered":"Ch\u0103n s\u01b0\u1edfi \u0111i\u1ec7n Klarstein KL-DRWATSON ch\u1ea5t li\u1ec7u m\u1ec1m m\u1ea1i s\u01b0\u1edfi \u1ea5m c\u1ef1c t\u1ed1t"},"content":{"rendered":"<h2>Ch\u0103n s\u01b0\u1edfi \u0111i\u1ec7n Klarstein KL-DRWATSON ch\u1ea5t li\u1ec7u m\u1ec1m m\u1ea1i v\u1edbi c\u00f4ng su\u1ea5t s\u01b0\u1edfi \u1ea5m m\u1ea1nh m\u1ebd an to\u00e0n<\/h2>\n<p>&nbsp;<\/p>\n<figure id=\"attachment_66449\" aria-describedby=\"caption-attachment-66449\" style=\"width: 800px\" class=\"wp-caption alignnone\"><img loading=\"lazy\" decoding=\"async\" class=\"wp-image-66449 size-large\" src=\"https:\/\/livinghome.vn\/thiet-bi\/wp-content\/uploads\/nha-bep\/klarstein\/chan-suoi-dien\/chan-suoi-dien-klarstein-drwatson\/chan-suoi-dien-klarstein-drwatson-800x800.jpg\" alt=\"Ch\u0103n s\u01b0\u1edfi \u0111i\u1ec7n Klarstein KL-DRWATSON\" width=\"800\" height=\"800\" title=\"\"><figcaption id=\"caption-attachment-66449\" class=\"wp-caption-text\">Ch\u0103n s\u01b0\u1edfi \u0111i\u1ec7n Klarstein KL-DRWATSON<\/figcaption><\/figure>\n<h3>\u0110\u1eb7c T\u00ednh N\u1ed5i B\u1eadt<\/h3>\n<div class=\"entry-content\">\n<ul>\n<li>Gia d\u1ee5ng: <a href=\"https:\/\/livinghome.vn\/thiet-bi\/gia-dung-khac\/\">ch\u0103n s\u01b0\u1edfi \u0111i\u1ec7n<\/a><\/li>\n<li>K\u00edch th\u01b0\u1edbc: x\u1ea5p x\u1ec9 180 x 130 cm (WxH)<\/li>\n<li>Tr\u1ecdng l\u01b0\u1ee3ng: x\u1ea5p x\u1ec9 2 kg<\/li>\n<li>Chi\u1ec1u d\u00e0i c\u00e1p: kho\u1ea3ng 2 m<\/li>\n<li>Ngu\u1ed3n \u0111i\u1ec7n: 220-240V, 50 \/ 60Hz<\/li>\n<li>C\u00f4ng su\u1ea5t: 120 watt<\/li>\n<li>ch\u1ea5t li\u1ec7u m\u1ec1m m\u1ea1i<\/li>\n<li>Nhi\u1ec7t \u0111\u1ed9: 3 m\u1ee9c c\u00f4ng su\u1ea5t<\/li>\n<li>b\u1ea3ng \u0111i\u1ec1u khi\u1ec3n c\u00f3 th\u1ec3 th\u00e1o r\u1eddi (t\u1eaft, m\u1ee9c 1\/2\/3)<\/li>\n<li>m\u00e0n h\u00ecnh chi\u1ebfu s\u00e1ng<\/li>\n<li>B\u1ec1 m\u1eb7t sang tr\u1ecdng si\u00eau nh\u1ecf<\/li>\n<li>C\u00f3 th\u1ec3 gi\u1eb7t b\u1eb1ng m\u00e1y (30 \u00b0 C, ch\u01b0\u01a1ng tr\u00ecnh len)<\/li>\n<li>t\u1ef1 \u0111\u1ed9ng t\u1eaft sau ba gi\u1edd<\/li>\n<li>Ngu\u1ed3n \u0111i\u1ec7n: kho\u1ea3ng 2 m<\/li>\n<\/ul>\n<p>Ch\u0103n s\u01b0\u1edfi \u0111i\u1ec7n Klarstein KL-DRWATSON \u0111\u01b0\u1ee3c kh\u00e1 nhi\u1ec1u ng\u01b0\u1eddi ti\u00eau d\u00f9ng \u01b0a chu\u1ed9ng v\u1edbi nh\u1eefng v\u1edbi nh\u1eefng m\u00f9a \u0111\u00f4ng gi\u00e1 l\u1ea1nh t\u1ea1i Vi\u1ec7t Nam.<\/p>\n<p>\u0110\u01b0\u1ee3c thi\u1ebft k\u1ebf v\u1edbi nh\u1eefng m\u00e0u s\u1eafc trang tr\u1ecdng, ph\u00f9 h\u1ee3p v\u1edbi s\u1edf th\u00edch, l\u1ee9a tu\u1ed5i c\u1ee7a ng\u01b0\u1eddi Vi\u1ec7t Nam n\u00ean s\u1ea3n ph\u1ea9m n\u00e0y \u0111\u01b0\u1ee3c kh\u00e1 nhi\u1ec1u ng\u01b0\u1eddi \u0111\u00f3n nh\u1eadn.<\/p>\n<p>\u0110\u1eb7c bi\u1ec7t, Ch\u0103n s\u01b0\u1edfi \u0111i\u1ec7n Klarstein KL-DRWATSON r\u1ea5t t\u1ed1t v\u1edbi nh\u1eefng ng\u01b0\u1eddi c\u00f3 h\u1ec7 mi\u1ec5n d\u1ecbch k\u00e9m, nh\u1eefng ng\u01b0\u1eddi m\u1eafc m\u1ed9t s\u1ed1 ch\u1ee9ng b\u1ec7nh c\u1ee5 th\u1ec3 nh\u01b0 \u0111au l\u01b0ng, vi\u00eam kh\u1edbp.<\/p>\n<p>Ch\u0103n \u0111i\u1ec7n Klarstein\u00a0c\u00f3 h\u1ec7 th\u1ed1ng \u0111i\u1ec1u khi\u1ec3n v\u1edbi 3 c\u1ea5p \u0111\u1ed9 \u0111i\u1ec1u ch\u1ec9nh nhi\u1ec7t th\u00edch h\u1ee3p v\u1edbi c\u01a1 th\u1ec3.<\/p>\n<p>B\u1ea3ng \u0111i\u1ec1u khi\u1ec3n c\u00f3 th\u1ec3 th\u00e1o l\u1eafp v\u1edbi ba m\u1ee9c c\u00f4ng su\u1ea5t v\u00e0 t\u1ef1 \u0111\u1ed9ng t\u1eaft m\u00e1y sau 3 gi\u1edd. \u0111\u01b0\u1ee3c \u0111i\u1ec1u ch\u1ec9nh theo ba giai \u0111o\u1ea1n \u0111\u1ec3 \u0111\u00e1p \u1ee9ng nhu c\u1ea7u s\u01b0\u1edfi\u00a0\u1ea5m c\u00e1 nh\u00e2n.<\/p>\n<p>Ch\u0103n s\u01b0\u1edfi \u0111i\u1ec7n Klarstein KL-DRWATSON c\u00f3 c\u00f4ng su\u1ea5t 120W gi\u00fap c\u01a1 th\u1ec3 \u0111\u1ea3m b\u1ea3o nhi\u1ec7t \u0111\u1ed9 \u1ea5m c\u00fang tr\u00ean gh\u1ebf d\u00e0i ho\u1eb7c tr\u00ean gi\u01b0\u1eddng. Ch\u0103n thi\u1ebft k\u1ebf m\u1ec1m m\u1ea1i c\u1ef1c k\u1ef3 sang tr\u1ecdng.<\/p>\n<\/div>\n","protected":false},"excerpt":{"rendered":"<p>Ch\u0103n s\u01b0\u1edfi \u0111i\u1ec7n Klarstein KL-DRWATSON ch\u1ea5t li\u1ec7u m\u1ec1m m\u1ea1i v\u1edbi c\u00f4ng su\u1ea5t s\u01b0\u1edfi \u1ea5m m\u1ea1nh m\u1ebd an to\u00e0n &nbsp; \u0110\u1eb7c T\u00ednh N\u1ed5i B\u1eadt Gia d\u1ee5ng: ch\u0103n s\u01b0\u1edfi \u0111i\u1ec7n K\u00edch th\u01b0\u1edbc: x\u1ea5p x\u1ec9 180 x 130 cm (WxH) Tr\u1ecdng l\u01b0\u1ee3ng: x\u1ea5p x\u1ec9 2 kg Chi\u1ec1u d\u00e0i c\u00e1p: kho\u1ea3ng 2 m Ngu\u1ed3n \u0111i\u1ec7n: 220-240V, 50 \/ 60Hz [&#8230;]\n","protected":false},"featured_media":1143,"comment_status":"open","ping_status":"closed","template":"","meta":[],"product_brand":[],"product_cat":[101,217],"product_tag":[223,224,218],"class_list":{"0":"post-1097","1":"product","2":"type-product","3":"status-publish","4":"has-post-thumbnail","6":"product_cat-gia-dung-khac","7":"product_cat-thuong-hieu-klarstein","8":"product_tag-chan-suoi-dien","9":"product_tag-chan-suoi-dien-klarstein","10":"product_tag-klarstein","12":"first","13":"instock","14":"sale","15":"shipping-taxable","16":"purchasable","17":"product-type-simple"},"_links":{"self":[{"href":"https:\/\/livinghome.vn\/thiet-bi\/wp-json\/wp\/v2\/product\/1097","targetHints":{"allow":["GET"]}}],"collection":[{"href":"https:\/\/livinghome.vn\/thiet-bi\/wp-json\/wp\/v2\/product"}],"about":[{"href":"https:\/\/livinghome.vn\/thiet-bi\/wp-json\/wp\/v2\/types\/product"}],"replies":[{"embeddable":true,"href":"https:\/\/livinghome.vn\/thiet-bi\/wp-json\/wp\/v2\/comments?post=1097"}],"wp:featuredmedia":[{"embeddable":true,"href":"https:\/\/livinghome.vn\/thiet-bi\/wp-json\/wp\/v2\/media\/1143"}],"wp:attachment":[{"href":"https:\/\/livinghome.vn\/thiet-bi\/wp-json\/wp\/v2\/media?parent=1097"}],"wp:term":[{"taxonomy":"product_brand","embeddable":true,"href":"https:\/\/livinghome.vn\/thiet-bi\/wp-json\/wp\/v2\/product_brand?post=1097"},{"taxonomy":"product_cat","embeddable":true,"href":"https:\/\/livinghome.vn\/thiet-bi\/wp-json\/wp\/v2\/product_cat?post=1097"},{"taxonomy":"product_tag","embeddable":true,"href":"https:\/\/livinghome.vn\/thiet-bi\/wp-json\/wp\/v2\/product_tag?post=1097"}],"curies":[{"name":"wp","href":"https:\/\/api.w.org\/{rel}","templated":true}]}}