{"id":1095,"date":"2023-01-12T13:18:56","date_gmt":"2023-01-12T13:18:56","guid":{"rendered":"https:\/\/livinghome.vn\/thiet-bi\/?post_type=product&#038;p=1095"},"modified":"2024-11-29T14:20:47","modified_gmt":"2024-11-29T07:20:47","slug":"bep-tu-klarstein-kl-delicatessa","status":"publish","type":"product","link":"https:\/\/livinghome.vn\/thiet-bi\/bep-tu-klarstein-kl-delicatessa\/","title":{"rendered":"B\u1ebfp t\u1eeb Klarstein KL-DELICATESSA chi\u1ec1u r\u1ed9ng 59cm &#8211; 03 v\u00f9ng n\u1ea5u"},"content":{"rendered":"<h2>B\u1ebfp t\u1eeb Klarstein KL-DELICATESSA\u00a0 thi\u1ebft k\u1ebf 03 v\u00f9ng n\u1ea5u v\u1edbi m\u1eb7t k\u00ednh b\u1eb1ng g\u1ed1m th\u1ee7y tinh ti\u1ec7n l\u1ee3i si\u00eau b\u1ec1n<\/h2>\n<h3>\u0110\u1eb7c T\u00ednh N\u1ed5i B\u1eadt<\/h3>\n<div class=\"entry-content\">\n<ul>\n<li>Lo\u1ea1i b\u1ebfp: <a href=\"https:\/\/livinghome.vn\/thiet-bi\/bep-tu\/\">b\u1ebfp t\u1eeb 03 v\u00f9ng n\u1ea5u<\/a><\/li>\n<li>K\u00edch th\u01b0\u1edbc t\u1ed5ng th\u1ec3: 59\u00d75,6x52cm(WxHxD).<\/li>\n<li>K\u00edch th\u01b0\u1edbc l\u1eafp \u0111\u1eb7t: 55,5\u00d75,2\u00d749,5cm(WxHxD).<\/li>\n<li>Chi\u1ec1u r\u1ed9ng t\u1ed1i thi\u1ec3u c\u1ee7a m\u1eb7t b\u00e0n l\u00e0m vi\u1ec7c to\u00e0n di\u1ec7n: 5cm.<\/li>\n<li>\u0110\u1ed9 d\u00e0y t\u1ed1i thi\u1ec3u c\u1ee7a m\u1eb7t b\u00e0n: 3cm.<\/li>\n<li>Kho\u1ea3ng c\u00e1ch t\u1ed1i thi\u1ec3u \u0111\u1ebfn s\u01b0\u1eddn b\u1ebfp tr\u00ean: 76cm.<\/li>\n<li>Kh\u00f4ng gian tr\u1ed1ng t\u1ed1i thi\u1ec3u d\u01b0\u1edbi thi\u1ebft b\u1ecb: 5cm.<\/li>\n<li>Kh\u00f4ng gian l\u01b0u th\u00f4ng kh\u00f4ng kh\u00ed: t\u1ed1i thi\u1ec3u 2cm.<\/li>\n<li>Chi\u1ec1u d\u00e0i c\u00e1p: 1,25 m.<\/li>\n<li>Tr\u1ecdng l\u01b0\u1ee3ng: x\u1ea5p x\u1ec9 8,5 kg.<\/li>\n<\/ul>\n<\/div>\n<h3>C\u00f4ng su\u1ea5t n\u1ea5u n\u01b0\u1edbng c\u1ef1c l\u1edbn<\/h3>\n<p>B\u1ebfp t\u1eeb Klarstein KL-Delicatessa c\u00f3 ba b\u1ec1 m\u1eb7t n\u1ea5u \u0103n cho th\u1ef1c ph\u1ea9m v\u1edbi t\u1ed5ng c\u00f4ng su\u1ea5t l\u00ean \u0111\u1ebfn 5800W, \u0111\u01b0\u1ee3c ph\u00e2n b\u1ed5 tr\u00ean c\u00e1c b\u1ec1 m\u1eb7t n\u1ea5u ri\u00eang bi\u1ec7t v\u1edbi 2300W, 2000W v\u00e0 1500W v\u00e0 \u0111un s\u00f4i c\u00e1c ch\u1ea5t trong n\u1ed3i v\u00e0 ch\u1ea3o \u1edf th\u1eddi \u0111i\u1ec3m cao \u0111i\u1ec3m.<\/p>\n<figure id=\"attachment_66442\" aria-describedby=\"caption-attachment-66442\" style=\"width: 800px\" class=\"wp-caption alignnone\"><img loading=\"lazy\" decoding=\"async\" class=\"size-large wp-image-66442\" src=\"https:\/\/livinghome.vn\/thiet-bi\/wp-content\/uploads\/nha-bep\/klarstein\/bep-tu\/bep-tu-klarstein-kl-cook-and-roll\/bep-tu-klarstein-kl-delicatessa-800x800.jpg\" alt=\"B\u1ebfp t\u1eeb Klarstein KL-DELICATESSA\" width=\"800\" height=\"800\" title=\"\"><figcaption id=\"caption-attachment-66442\" class=\"wp-caption-text\">B\u1ebfp t\u1eeb Klarstein KL-DELICATESSA<\/figcaption><\/figure>\n<h3>Khu v\u1ef1c v\u00f9ng n\u1ea5u c\u1ef1c l\u1edbn v\u1edbi chi\u1ec1u r\u1ed9ng 59cm<\/h3>\n<p>\u0110\u01b0\u1eddng k\u00ednh 28cm \u0111\u1eb7c bi\u1ec7t thi\u1ebft th\u1ef1c, tr\u00ean \u0111\u00f3 t\u1ea5t nhi\u00ean kh\u00f4ng ch\u1ec9 ch\u1ebf bi\u1ebfn c\u00e1c m\u00f3n ch\u1ea3o c\u1ef1c l\u1edbn m\u00e0 c\u00f2n c\u00f3 th\u1ec3 d\u1ec5 d\u00e0ng t\u00ecm th\u1ea5y n\u1ed3i \u1edbt cho b\u1eefa ti\u1ec7c nh\u00e0 sau ho\u1eb7c n\u1ed3i n\u1ea5u \u0103n. Nh\u1edd t\u00ednh n\u0103ng nh\u1eadn d\u1ea1ng n\u1ed3i, c\u00e1c b\u1ebfp th\u00edch \u1ee9ng v\u1edbi k\u00edch th\u01b0\u1edbc c\u1ee7a n\u1ed3i, ch\u1ea3o ho\u1eb7c soong \u0111\u1eb7t tr\u00ean ch\u00fang m\u1ed9t c\u00e1ch linh ho\u1ea1t t\u1ed1i \u0111a.<\/p>\n<p>\u0110i\u1ec1u n\u00e0y c\u00f3 ngh\u0129a l\u00e0 b\u1ebfp t\u1eeb Klarstein KL-Delicatessa 3 v\u00f9ng n\u1ea5u ch\u1ec9 th\u1ef1c s\u1ef1 s\u1eed d\u1ee5ng n\u0103ng l\u01b0\u1ee3ng ph\u00f9 h\u1ee3p v\u1edbi n\u1ed3i v\u00e0 m\u1eb7t kh\u00e1c n\u00f3 cho ph\u00e9p s\u1eed d\u1ee5ng h\u1ea7u h\u1ebft m\u1ecdi k\u00edch th\u01b0\u1edbc n\u1ed3i ho\u1eb7c ch\u1ea3o. Hi\u1ec7u su\u1ea5t c\u1ee7a t\u1ea5t c\u1ea3 c\u00e1c v\u00f9ng n\u1ea5u c\u00f3 th\u1ec3 \u0111\u01b0\u1ee3c quy \u0111\u1ecbnh ri\u00eang bi\u1ec7t.<\/p>\n<figure id=\"attachment_66441\" aria-describedby=\"caption-attachment-66441\" style=\"width: 1020px\" class=\"wp-caption alignnone\"><img loading=\"lazy\" decoding=\"async\" class=\"size-large wp-image-66441\" src=\"https:\/\/livinghome.vn\/thiet-bi\/wp-content\/uploads\/nha-bep\/klarstein\/bep-tu\/bep-tu-klarstein-kl-cook-and-roll\/bep-tu-klarstein-kl-delicatessa-3-1067x800.jpg\" alt=\"B\u1ebfp t\u1eeb Klarstein KL-DELICATESSA\" width=\"1020\" height=\"765\" title=\"\"><figcaption id=\"caption-attachment-66441\" class=\"wp-caption-text\">B\u1ebfp t\u1eeb Klarstein KL-DELICATESSA<\/figcaption><\/figure>\n<h3>M\u1eb7t k\u00ednh b\u1eb1ng g\u1ed1m th\u1ee7y tinh d\u1ec5 v\u1ec7 sinh v\u00e0 thao t\u00e1c d\u1ec5 d\u00e0ng s\u1eed d\u1ee5ng<\/h3>\n<p>B\u1ebfp t\u1eeb\u00a0g\u1ed1m th\u1ee7y tinh\u00a0Klarstein Delicatessa 3 v\u00f9ng n\u1ea5u kh\u00f4ng ph\u1ee9c t\u1ea1p v\u1edbi b\u1ea3ng \u0111i\u1ec1u khi\u1ec3n c\u1ea3m \u1ee9ng\u00a0SenseControl\u00a0t\u00edch h\u1ee3p\u00a0v\u1edbi\u00a0m\u00e0n h\u00ecnh\u00a0k\u1ef9 thu\u1eadt s\u1ed1 v\u00e0 \u0111i\u1ec1u khi\u1ec3n\u00a0c\u1ea3m \u1ee9ng\u00a0\u0111\u1ec3 ki\u1ec3m so\u00e1t hi\u1ec7u su\u1ea5t. Ngo\u00e0i ngu\u1ed3n \u0111i\u1ec7n, b\u1ed9 h\u1eb9n gi\u1edd l\u00ean \u0111\u1ebfn 99 ph\u00fat c\u00f3 th\u1ec3 \u0111\u01b0\u1ee3c l\u1eadp tr\u00ecnh cho m\u1ed7i b\u1ebfp, c\u00f3 th\u1ec3 t\u1eaft b\u1ebfp sau khi h\u1ebft th\u1eddi gian c\u00e0i \u0111\u1eb7t ho\u1eb7c ph\u00e1t ra t\u00edn hi\u1ec7u \u00e2m thanh.<\/p>\n<p>\u0110\u1ec3 m\u1ecdi th\u1ee9 ho\u1ea1t \u0111\u1ed9ng tr\u01a1n tru khi n\u1ea5u \u0103n,\u00a0n\u1ed3i t\u00edch h\u1ee3p Klarstein Delicatessa 3 v\u00f9ng n\u1ea5u c\u00f3\u00a0nhi\u1ec1u bi\u1ec7n ph\u00e1p b\u1ea3o v\u1ec7: B\u1ea3o v\u1ec7 qu\u00e1 nhi\u1ec7t v\u1edbi c\u00f4ng t\u1eafc t\u1ef1 \u0111\u1ed9ng t\u1eaft \u0111\u01b0\u1ee3c k\u00edch ho\u1ea1t n\u1ebfu b\u1ebfp qu\u00e1 n\u00f3ng.<\/p>\n<figure id=\"attachment_66443\" aria-describedby=\"caption-attachment-66443\" style=\"width: 800px\" class=\"wp-caption alignnone\"><img loading=\"lazy\" decoding=\"async\" class=\"size-large wp-image-66443\" src=\"https:\/\/livinghome.vn\/thiet-bi\/wp-content\/uploads\/nha-bep\/klarstein\/bep-tu\/bep-tu-klarstein-kl-cook-and-roll\/bep-tu-klarstein-kl-delicatessa-4-800x800.jpg\" alt=\"B\u1ebfp t\u1eeb Klarstein KL-DELICATESSA\" width=\"800\" height=\"800\" title=\"\"><figcaption id=\"caption-attachment-66443\" class=\"wp-caption-text\">B\u1ebfp t\u1eeb Klarstein KL-DELICATESSA<\/figcaption><\/figure>\n<h3>Ti\u1ebft ki\u1ec7m n\u0103ng l\u01b0\u1ee3ng v\u00e0 an to\u00e0n s\u1ee9c kh\u1ecfe<\/h3>\n<p>\u0110\u00e8n\u00a0b\u00e1o nhi\u1ec7t d\u01b0 d\u1ef1a tr\u00ean\u00a0nguy\u00ean l\u00fd\u00a0EcoThermal Control\u00a0kh\u00f4ng ch\u1ec9 cung c\u1ea5p th\u00f4ng tin v\u1ec1 vi\u1ec7c b\u1ec1 m\u1eb7t n\u1ea5u \u0111\u00e3 t\u1eaft b\u1ebfp c\u00f3 c\u00f2n n\u00f3ng hay kh\u00f4ng.\u00a0N\u00f3 c\u0169ng cho ph\u00e9p n\u1ea5u b\u1eb1ng nhi\u1ec7t d\u01b0 \u0111\u1ec3 ti\u1ebft ki\u1ec7m n\u0103ng l\u01b0\u1ee3ng.<\/p>\n<p>C\u00e1c\u00a0ThermalRecall\u00a0ch\u1ee9c n\u0103ng nh\u1edb nhi\u1ec7t \u0111\u1ed9 \u0111\u00e3 \u0111\u1eb7t v\u00e0 \u0111\u01b0\u1ee3c s\u1eed d\u1ee5ng khi qu\u00e1 tr\u00ecnh n\u1ea5u \u0103n l\u00e0 m\u1ed9t th\u1eddi gian ng\u1eafn b\u1ecb gi\u00e1n \u0111o\u1ea1n v\u00e0 sau \u0111\u00f3 ti\u1ebfp t\u1ee5c.\u00a0Ngo\u00e0i ra, m\u1ed9t thi\u1ebft b\u1ecb an to\u00e0n cho tr\u1ebb em c\u00f3 th\u1ec3 \u0111\u01b0\u1ee3c k\u00edch ho\u1ea1t \u0111\u1ec3 ng\u0103n vi\u1ec7c v\u00f4 t\u00ecnh thay \u0111\u1ed5i c\u00e0i \u0111\u1eb7t n\u1ea5u \u0103n.<\/p>\n<figure id=\"attachment_66440\" aria-describedby=\"caption-attachment-66440\" style=\"width: 800px\" class=\"wp-caption alignnone\"><img loading=\"lazy\" decoding=\"async\" class=\"size-large wp-image-66440\" src=\"https:\/\/livinghome.vn\/thiet-bi\/wp-content\/uploads\/nha-bep\/klarstein\/bep-tu\/bep-tu-klarstein-kl-cook-and-roll\/bep-tu-klarstein-kl-delicatessa-1-800x800.jpg\" alt=\"B\u1ebfp t\u1eeb Klarstein KL-DELICATESSA\" width=\"800\" height=\"800\" title=\"\"><figcaption id=\"caption-attachment-66440\" class=\"wp-caption-text\">B\u1ebfp t\u1eeb Klarstein KL-DELICATESSA<\/figcaption><\/figure>\n<h3>B\u1ebfp t\u1eeb 03 v\u00f9ng n\u1ea5u ph\u00f9 h\u1ee3p cho c\u00e1c lo\u1ea1i n\u1ed3i l\u1edbn nh\u1ecf<\/h3>\n<p>B\u1ebfp \u0111i\u1ec7n t\u1eeb Klarstein Delicatessa 3 v\u00f9ng n\u1ea5u g\u00e2y \u1ea5n t\u01b0\u1ee3ng v\u1edbi b\u1ec1 m\u1eb7t \u0111\u01b0\u1ee3c l\u00e0m b\u1eb1ng g\u1ed1m th\u1ee7y tinh r\u1ea5t ti\u1ec7n v\u1ec7 sinh, c\u00e1c c\u00f4ng \u0111o\u1ea1n ch\u1ebf t\u1ea1o b\u1ebfp t\u1eeb m\u1ed9t c\u00e1ch kh\u00e9o l\u00e9o.<\/p>\n<figure id=\"attachment_66444\" aria-describedby=\"caption-attachment-66444\" style=\"width: 800px\" class=\"wp-caption alignnone\"><img loading=\"lazy\" decoding=\"async\" class=\"size-large wp-image-66444\" src=\"https:\/\/livinghome.vn\/thiet-bi\/wp-content\/uploads\/nha-bep\/klarstein\/bep-tu\/bep-tu-klarstein-kl-cook-and-roll\/bep-tu-klarstein-kl-delicatessa-2-800x800.jpg\" alt=\"B\u1ebfp t\u1eeb Klarstein KL-DELICATESSA\" width=\"800\" height=\"800\" title=\"\"><figcaption id=\"caption-attachment-66444\" class=\"wp-caption-text\">B\u1ebfp t\u1eeb Klarstein KL-DELICATESSA<\/figcaption><\/figure>\n","protected":false},"excerpt":{"rendered":"<p>B\u1ebfp t\u1eeb Klarstein KL-DELICATESSA\u00a0 thi\u1ebft k\u1ebf 03 v\u00f9ng n\u1ea5u v\u1edbi m\u1eb7t k\u00ednh b\u1eb1ng g\u1ed1m th\u1ee7y tinh ti\u1ec7n l\u1ee3i si\u00eau b\u1ec1n \u0110\u1eb7c T\u00ednh N\u1ed5i B\u1eadt Lo\u1ea1i b\u1ebfp: b\u1ebfp t\u1eeb 03 v\u00f9ng n\u1ea5u K\u00edch th\u01b0\u1edbc t\u1ed5ng th\u1ec3: 59\u00d75,6x52cm(WxHxD). K\u00edch th\u01b0\u1edbc l\u1eafp \u0111\u1eb7t: 55,5\u00d75,2\u00d749,5cm(WxHxD). Chi\u1ec1u r\u1ed9ng t\u1ed1i thi\u1ec3u c\u1ee7a m\u1eb7t b\u00e0n l\u00e0m vi\u1ec7c to\u00e0n di\u1ec7n: 5cm. \u0110\u1ed9 d\u00e0y [&#8230;]\n","protected":false},"featured_media":1130,"comment_status":"open","ping_status":"closed","template":"","meta":[],"product_brand":[],"product_cat":[745,868,800,816,807,75,719,217],"product_tag":[76,168,221,218],"class_list":{"0":"post-1095","1":"product","2":"type-product","3":"status-publish","4":"has-post-thumbnail","6":"product_cat-bep-dien-tu","7":"product_cat-bep-3-tu","8":"product_cat-bep-dien-tu-hinh-vuong","9":"product_cat-bep-dien-tu-thoi-trang","10":"product_cat-bep-dien-tu-tiet-kiem-dien","11":"product_cat-bep-tu","12":"product_cat-bep-tu-klarstein","13":"product_cat-thuong-hieu-klarstein","14":"product_tag-bep-tu","15":"product_tag-bep-tu-am","16":"product_tag-bep-tu-klarstein","17":"product_tag-klarstein","19":"first","20":"instock","21":"sale","22":"shipping-taxable","23":"purchasable","24":"product-type-simple"},"_links":{"self":[{"href":"https:\/\/livinghome.vn\/thiet-bi\/wp-json\/wp\/v2\/product\/1095","targetHints":{"allow":["GET"]}}],"collection":[{"href":"https:\/\/livinghome.vn\/thiet-bi\/wp-json\/wp\/v2\/product"}],"about":[{"href":"https:\/\/livinghome.vn\/thiet-bi\/wp-json\/wp\/v2\/types\/product"}],"replies":[{"embeddable":true,"href":"https:\/\/livinghome.vn\/thiet-bi\/wp-json\/wp\/v2\/comments?post=1095"}],"wp:featuredmedia":[{"embeddable":true,"href":"https:\/\/livinghome.vn\/thiet-bi\/wp-json\/wp\/v2\/media\/1130"}],"wp:attachment":[{"href":"https:\/\/livinghome.vn\/thiet-bi\/wp-json\/wp\/v2\/media?parent=1095"}],"wp:term":[{"taxonomy":"product_brand","embeddable":true,"href":"https:\/\/livinghome.vn\/thiet-bi\/wp-json\/wp\/v2\/product_brand?post=1095"},{"taxonomy":"product_cat","embeddable":true,"href":"https:\/\/livinghome.vn\/thiet-bi\/wp-json\/wp\/v2\/product_cat?post=1095"},{"taxonomy":"product_tag","embeddable":true,"href":"https:\/\/livinghome.vn\/thiet-bi\/wp-json\/wp\/v2\/product_tag?post=1095"}],"curies":[{"name":"wp","href":"https:\/\/api.w.org\/{rel}","templated":true}]}}