{"id":1030,"date":"2023-01-12T11:31:07","date_gmt":"2023-01-12T11:31:07","guid":{"rendered":"https:\/\/livinghome.vn\/thiet-bi\/?post_type=product&#038;p=1030"},"modified":"2024-11-29T14:20:48","modified_gmt":"2024-11-29T07:20:48","slug":"may-giat-kaff-kf-bwmdr1006","status":"publish","type":"product","link":"https:\/\/livinghome.vn\/thiet-bi\/may-giat-kaff-kf-bwmdr1006\/","title":{"rendered":"M\u00e1y gi\u1eb7t Kaff KF-BWMDR1006 s\u1ea5y c\u1eeda tr\u01b0\u1edbc hi\u1ec7n \u0111\u1ea1i l\u1ed3ng ngang"},"content":{"rendered":"<h2>M\u00e1y gi\u1eb7t Kaff KF-BWMDR1006 dung t\u00edch 125 l\u00edt 74kg ti\u1ebft ki\u1ec7m n\u0103ng l\u01b0\u1ee3ng theo chu\u1ea9n Ch\u00e2u \u00c2u hi\u1ec7n \u0111\u1ea1i cao c\u1ea5p<\/h2>\n<figure id=\"attachment_55858\" aria-describedby=\"caption-attachment-55858\" style=\"width: 800px\" class=\"wp-caption alignnone\"><img loading=\"lazy\" decoding=\"async\" class=\"size-large wp-image-55858\" src=\"https:\/\/livinghome.vn\/thiet-bi\/wp-content\/uploads\/nha-bep\/kaff\/may-giat\/may-giat-kaff-kf-bwmdr1006\/may-giat-kaff-kf-bwmdr1006.bk_-800x800.jpg\" alt=\"M\u00e1y gi\u1eb7t Kaff KF-BWMDR1006\" width=\"800\" height=\"800\" title=\"\"><figcaption id=\"caption-attachment-55858\" class=\"wp-caption-text\">M\u00e1y gi\u1eb7t Kaff KF-BWMDR1006<\/figcaption><\/figure>\n<p>Th\u00f4ng S\u1ed1 K\u1ef9 Thu\u1eadt:<\/p>\n<ul>\n<li><a href=\"https:\/\/livinghome.vn\/product-tag\/may-giat-say\/\">M\u00e1y gi\u1eb7t s\u1ea5y<\/a> c\u1eeda tr\u01b0\u1edbc hi\u1ec7n \u0111\u1ea1i l\u1ed3ng ngang<\/li>\n<li>16 ch\u01b0\u01a1ng tr\u00ecnh gi\u1eb7t s\u1ea5y t\u1ef1 \u0111\u1ed9ng t\u00edch h\u1ee3p (Cotton- Iron, Cotton \u2013 Standard, Cotton \u2013 Extra, Synthetics \u2013 Extra, Synthetics -Standard, Wool, Mix, Easy Iron, Refresh, My Cycle, Special \u2013 Shirts, Special \u2013 Sports, Special \u2013 Jeans, Delicate, Time \u2013 Cool, Time \u2013 Warm, Bed Linen)<\/li>\n<li>Kh\u1ed1i l\u01b0\u1ee3ng s\u1ea5y kh\u00f4 6Kg<\/li>\n<li>C\u00f4ng su\u1ea5t kh\u00f4 1500W<\/li>\n<li>Kh\u1ed1i l\u01b0\u1ee3ng gi\u1eb7t 10Kg<\/li>\n<li>C\u00f4ng su\u1ea5t gi\u1eb7t 70W<\/li>\n<li>C\u00f4ng su\u1ea5t quay 320W<\/li>\n<li>C\u00f4ng su\u1ea5t gi\u1eb7t k\u1ebft h\u1ee3p s\u1ea5y 1800W<\/li>\n<li>T\u1ed1c \u0111\u1ed9 quay (RPM) 400-800-1000-1400<\/li>\n<li>Nhi\u1ec7t \u0111\u1ed9 \uff08\u2103\uff09 L\u1ea1nh-10-30-40-60-95<\/li>\n<li>N\u00fat b\u1ea5m ch\u1ecdn t\u00ednh n\u0103ng:<\/li>\n<\/ul>\n<p>+ T\u1eaft m\u1edf (On\/Off)<\/p>\n<p>+ Ch\u1ee9c n\u0103ng t\u1ea1m d\u1eebng (Start\/Pause)<\/p>\n<p>+ Ch\u1ee9c n\u0103ng s\u1ea5y ch\u1edd 0-24h (Delay)<\/p>\n<p>+ Ch\u1ee9c n\u0103ng ch\u1ed1ng nh\u0103n qu\u1ea7n \u00e1o (Anti-crease)<\/p>\n<p>+ \u0110i\u1ec1u ch\u1ec9nh t\u1ed1c \u0111\u1ed9 s\u1ea5y (Intensity)<\/p>\n<p>+ T\u00edn hi\u1ec7u s\u1ea5y (Signal)<\/p>\n<p>+ Th\u1eddi gian s\u1ea5y (Time)<\/p>\n<p>+ Kh\u00f3a tr\u1ebb em (Child Lock)<\/p>\n<p>+ \u0110\u00e8n c\u1ea3nh b\u00e1o(Lamp)<\/p>\n<ul>\n<li>Ti\u00eau chu\u1ea9n ti\u1ebft ki\u1ec7m n\u0103ng l\u01b0\u1ee3ng A+++ theo ti\u00eau chu\u1ea9n Ch\u00e2u \u00c2u<\/li>\n<li>C\u00f4ng ngh\u1ec7 s\u1ea5y ng\u01b0ng t\u1ee5: N\u01b0\u1edbc c\u1ee7a ch\u01b0\u01a1ng tr\u00ecnh s\u1ea5y s\u1ebd \u0111\u01b0\u1ee3c t\u00edch t\u1ee5 v\u00e0o khay thay v\u00ec s\u1eed d\u1ee5ng \u0111\u01b0\u1eddng \u1ed1ng d\u1eabn n\u01b0\u1edbc ra ngo\u00e0i<\/li>\n<li>H\u1ec7 th\u1ed1ng SensitiveDrying Sytem gi\u00fap qu\u1ea7n \u00e1o th\u1ea5m m\u1ed9t lu\u1ed3ng kh\u00f4ng kh\u00ed t\u1eeb m\u1ecdi ph\u00eda khi\u1ebfn qu\u1ea7n \u00e1o \u0111\u01b0\u1ee3c s\u1ea5y kh\u00f4 tuy\u1ec7t \u0111\u1ed1i m\u00e0 s\u1ea3n ph\u1ea9m v\u1eabn m\u1ec1m m\u1ea1i<\/li>\n<li>\u0110\u1ed9 \u1ed3n ch\u1ec9 65dB nh\u1edd c\u00f4ng ngh\u1ec7 ch\u1ed1ng rung AntiVibration hi\u1ec7n \u0111\u1ea1i<\/li>\n<li>Chu\u00f4ng b\u00e1o khi qu\u00e1 tr\u00ecnh s\u1ea5y k\u1ebft th\u00fac, ki\u1ec3m so\u00e1t m\u1ecdi s\u1ef1 c\u1ed1 c\u00f3 th\u1ec3 g\u1eb7p cho h\u1ec7 th\u1ed1ng \u0111i\u1ec7n, n\u01b0\u1edbc v\u00e0 ng\u01b0ng m\u1ecdi ho\u1ea1t \u0111\u1ed9ng v\u00f4 c\u00f9ng an to\u00e0n<\/li>\n<li>Ngu\u1ed3n \u0111i\u1ec7n 220V-240V\/50Hz<\/li>\n<li>C\u00f4ng su\u1ea5t \u0111\u1ecbnh m\u1ee9c 650W-4.5A<\/li>\n<li>\u00c1p su\u1ea5t n\u01b0\u1edbc ti\u00eau chu\u1ea9n 0.05-1 Mpa<\/li>\n<li>M\u00e0n h\u00ecnh ki\u1ec3u Led hi\u1ec3n th\u1ecb m\u00e0u cam<\/li>\n<li>B\u00ecnh gi\u1eef nhi\u1ec7t an to\u00e0n<\/li>\n<li>C\u1eeda m\u00e1y ho\u1ea1t \u0111\u1ed9ng \u0111\u00f3ng m\u1edf b\u1eb1ng kh\u00f3a \u0111i\u1ec7n t\u1eeb \u0111\u1ed9 m\u1edf 180 \u0111\u1ed9<\/li>\n<li>Motor ki\u1ec3u BLDC kh\u00f4ng s\u1eed d\u1ee5ng ch\u1ed5i than EcoSilence Drive gi\u00fap m\u00e1y gi\u1eb7t ho\u1ea1t \u0111\u1ed9ng hi\u1ec3u qu\u1ea3 t\u1ed1i \u0111a, kinh t\u1ebf, b\u1ec1n b\u1ec9 v\u00e0 \u00eam \u00e1i<\/li>\n<li>D\u1eaft \u0111i\u1ec7n ki\u1ec3u c\u1eafm ti\u00eau chu\u1ea9n Euro Plug<\/li>\n<li>D\u00e2y c\u00e1p ngu\u1ed3n\/\u1ed1ng n\u01b0\u1edbc c\u1ea5p\/\u1ed1ng x\u1ea3: 1.5m\/1.0m\/1.6m<\/li>\n<li>Dung t\u00edch tang tr\u1ed1ng gi\u1eb7t 125 l\u00edt<\/li>\n<li>\u0110\u01b0\u1eddng k\u00ednh c\u1eeda (b\u00ean trong) 310mm<\/li>\n<li>\u0110\u01b0\u1eddng k\u00ednh c\u1eeda (B\u00ean ngo\u00e0i) 492mm<\/li>\n<li>K\u00edch th\u01b0\u1edbc s\u1ea3n ph\u1ea9m (HxWxD): 850*635*600<\/li>\n<li>Kh\u1ed1i l\u01b0\u1ee3ng: 74kg<\/li>\n<\/ul>\n","protected":false},"excerpt":{"rendered":"<p>M\u00e1y gi\u1eb7t Kaff KF-BWMDR1006 dung t\u00edch 125 l\u00edt 74kg ti\u1ebft ki\u1ec7m n\u0103ng l\u01b0\u1ee3ng theo chu\u1ea9n Ch\u00e2u \u00c2u hi\u1ec7n \u0111\u1ea1i cao c\u1ea5p Th\u00f4ng S\u1ed1 K\u1ef9 Thu\u1eadt: M\u00e1y gi\u1eb7t s\u1ea5y c\u1eeda tr\u01b0\u1edbc hi\u1ec7n \u0111\u1ea1i l\u1ed3ng ngang 16 ch\u01b0\u01a1ng tr\u00ecnh gi\u1eb7t s\u1ea5y t\u1ef1 \u0111\u1ed9ng t\u00edch h\u1ee3p (Cotton- Iron, Cotton \u2013 Standard, Cotton \u2013 Extra, Synthetics \u2013 Extra, Synthetics [&#8230;]\n","protected":false},"featured_media":0,"comment_status":"open","ping_status":"closed","template":"","meta":[],"product_brand":[],"product_cat":[208,164],"product_tag":[167,209,210,211],"class_list":{"0":"post-1030","1":"product","2":"type-product","3":"status-publish","5":"product_cat-may-giat-say","6":"product_cat-thuong-hieu-kaff","7":"product_tag-kaff","8":"product_tag-may-giat","9":"product_tag-may-giat-say","10":"product_tag-may-giat-say-kaff","12":"first","13":"instock","14":"sale","15":"shipping-taxable","16":"purchasable","17":"product-type-simple"},"_links":{"self":[{"href":"https:\/\/livinghome.vn\/thiet-bi\/wp-json\/wp\/v2\/product\/1030","targetHints":{"allow":["GET"]}}],"collection":[{"href":"https:\/\/livinghome.vn\/thiet-bi\/wp-json\/wp\/v2\/product"}],"about":[{"href":"https:\/\/livinghome.vn\/thiet-bi\/wp-json\/wp\/v2\/types\/product"}],"replies":[{"embeddable":true,"href":"https:\/\/livinghome.vn\/thiet-bi\/wp-json\/wp\/v2\/comments?post=1030"}],"wp:attachment":[{"href":"https:\/\/livinghome.vn\/thiet-bi\/wp-json\/wp\/v2\/media?parent=1030"}],"wp:term":[{"taxonomy":"product_brand","embeddable":true,"href":"https:\/\/livinghome.vn\/thiet-bi\/wp-json\/wp\/v2\/product_brand?post=1030"},{"taxonomy":"product_cat","embeddable":true,"href":"https:\/\/livinghome.vn\/thiet-bi\/wp-json\/wp\/v2\/product_cat?post=1030"},{"taxonomy":"product_tag","embeddable":true,"href":"https:\/\/livinghome.vn\/thiet-bi\/wp-json\/wp\/v2\/product_tag?post=1030"}],"curies":[{"name":"wp","href":"https:\/\/api.w.org\/{rel}","templated":true}]}}